000
CXUS52 KGSP 310817
CF6HKY
PRELIMINARY LOCAL CLIMATOLOGICAL DATA (WS FORM: F-6)

                                          STATION:   HICKORY NC
                                          MONTH:     JULY
                                          YEAR:      2015
                                          LATITUDE:   35 45 N
                                          LONGITUDE:  81 23 W

  TEMPERATURE IN F:       :PCPN:    SNOW:  WIND      :SUNSHINE: SKY     :PK WND
================================================================================
1   2   3   4   5  6A  6B    7    8   9   10  11  12  13   14  15   16   17  18
                                     12Z  AVG MX 2MIN
DY MAX MIN AVG DEP HDD CDD  WTR  SNW DPTH SPD SPD DIR MIN PSBL S-S WX    SPD DR
================================================================================

 1  87  63  75  -2   0  10 0.06    M    M  4.1 14 200   M    M   3 138    20 190
 2  83  68  76  -1   0  11    T    M    M  3.5 12 230   M    M   6 18     16 250
 3  81  68  75  -2   0  10 0.05    M    M  3.5 10 340   M    M   8 1      15  20
 4  86  67  77   0   0  12    T    M    M  5.9 15 200   M    M   3        20 200
 5  84  69  77  -1   0  12 0.10    M    M  5.3 17 220   M    M   4 1      24 210
 6  90  66  78   0   0  13 0.00    M    M  3.1 13 270   M    M   5        16 290
 7  92  66  79   1   0  14 0.00    M    M  4.0 13 220   M    M   2 18     17 240
 8  94  71  83   5   0  18 0.00    M    M  3.3 16 190   M    M   0 3      22 190
 9  97  69  83   5   0  18 0.00    M    M  5.1 18 270   M    M   0        23 270
10  97  70  84   6   0  19 0.00    M    M  5.6 15 250   M    M   0        23 250
11  94  70  82   4   0  17    T    M    M  5.6 15 350   M    M   1        22 360
12  87  67  77  -1   0  12    T    M    M  2.7 10 320   M    M   2        14 320
13  96  67  82   4   0  17 0.14    M    M  5.1 24 330   M    M   3 13     38 330
14  84  66  75  -3   0  10 0.28    M    M  5.7 15 270   M    M   3 13     24 280
15  86  69  78   0   0  13    T    M    M  4.5 14 330   M    M   5        20 360
16  89  66  78   0   0  13 0.00    M    M  4.3 12  50   M    M   3        16  60
17  90  72  81   3   0  16    T    M    M  3.1  9 190   M    M   6        13 200
18  90  71  81   3   0  16    T    M    M  3.5 16 230   M    M   2 3      21 200
19  93  69  81   3   0  16    T    M    M  3.8 16 270   M    M   1 3      22 280
20  95  72  84   6   0  19 0.06    M    M  3.9 22 300   M    M   3 13     33 300
21  95  70  83   5   0  18    T    M    M  3.5 18  10   M    M   1 13     24 360
22  92  70  81   3   0  16 0.00    M    M  3.8 13 190   M    M   3        17 200
23  93  72  83   5   0  18 0.20    M    M  3.1 25 290   M    M   4 13     32 290
24  87  71  79   1   0  14 0.03    M    M  2.8  9  80   M    M   7 1      15  90
25  87  70  79   1   0  14    T    M    M  2.7  9  20   M    M   6 18     13 190
26  91  69  80   2   0  15 0.00    M    M  2.0  9 210   M    M   2 18     13 200
27  91  72  82   4   0  17    T    M    M  1.9 21 230   M    M   4 13     26 230
28  91  71  81   4   0  16 0.00    M    M  2.3 15 200   M    M   4 12     21 190
29  92  71  82   5   0  17 0.00    M    M  2.4  9  80   M    M   6 3      13  80
30  95  73  84   7   0  19 0.00    M    M  3.6 18 250   M    M   3 8      23 260
================================================================================
SM 2709 2075         0 450  0.92    M    113.7          M      100
================================================================================
AV 90.3 69.2                               3.8 FASTST   M    M   3    MAX(MPH)
                                 MISC ---->  # 25 290               # 38  330
================================================================================
NOTES:
# LAST OF SEVERAL OCCURRENCES

COLUMN 17 PEAK WIND IN M.P.H.

PRELIMINARY LOCAL CLIMATOLOGICAL DATA (WS FORM: F-6) , PAGE 2

                                          STATION:  HICKORY NC
                                          MONTH:    JULY
                                          YEAR:     2015
                                          LATITUDE:   35 45 N
                                          LONGITUDE:  81 23 W

[TEMPERATURE DATA]      [PRECIPITATION DATA]       SYMBOLS USED IN COLUMN 16

AVERAGE MONTHLY: 79.7   TOTAL FOR MONTH:   0.92    1 = FOG OR MIST
DPTR FM NORMAL:   2.0   DPTR FM NORMAL:   -3.37    2 = FOG REDUCING VISIBILITY
HIGHEST:    97 ON 10, 9 GRTST 24HR  0.31 ON 13-14      TO 1/4 MILE OR LESS
LOWEST:     63 ON  1                               3 = THUNDER
                        SNOW, ICE PELLETS, HAIL    4 = ICE PELLETS
                        TOTAL MONTH:    M          5 = HAIL
                        GRTST 24HR    M  ON   M    6 = FREEZING RAIN OR DRIZZLE
                        GRTST DEPTH:  M  ON   M    7 = DUSTSTORM OR SANDSTORM:
                                                       VSBY 1/2 MILE OR LESS
                                                   8 = SMOKE OR HAZE
[NO. OF DAYS WITH]      [WEATHER - DAYS WITH]      9 = BLOWING SNOW
                                                   X = TORNADO
MAX 32 OR BELOW:   0    0.01 INCH OR MORE:   8
MAX 90 OR ABOVE:  19    0.10 INCH OR MORE:   4
MIN 32 OR BELOW:   0    0.50 INCH OR MORE:   0
MIN  0 OR BELOW:   0    1.00 INCH OR MORE:   0

[HDD (BASE 65) ]
TOTAL THIS MO.     0    CLEAR  (SCALE 0-3)  16
DPTR FM NORMAL     0    PTCLDY (SCALE 4-7)  13
TOTAL FM JUL 1     0    CLOUDY (SCALE 8-10)  1
DPTR FM NORMAL     0

[CDD (BASE 65) ]
TOTAL THIS MO.   450
DPTR FM NORMAL    69    [PRESSURE DATA]
TOTAL FM JAN 1  1045    HIGHEST SLP M ON M
DPTR FM NORMAL   243    LOWEST  SLP 29.61 ON 14

[REMARKS]
