000
CXUS51 KPBZ 290804
CF6HLG
PRELIMINARY LOCAL CLIMATOLOGICAL DATA (WS FORM: F-6)

                                          STATION:   WHEELING
                                          MONTH:     MARCH
                                          YEAR:      2015
                                          LATITUDE:   40 10 N
                                          LONGITUDE:  80 39 W

  TEMPERATURE IN F:       :PCPN:    SNOW:  WIND      :SUNSHINE: SKY     :PK WND
================================================================================
1   2   3   4   5  6A  6B    7    8   9   10  11  12  13   14  15   16   17  18
                                     12Z  AVG MX 2MIN
DY MAX MIN AVG DEP HDD CDD  WTR  SNW DPTH SPD SPD DIR MIN PSBL S-S WX    SPD DR
================================================================================

 1  35  20  28  -7  37   0 0.39    M    M  7.7 16 200   M    M  10 1      20 210
 2  33  18  26  -9  39   0    T    M    M  9.5 20 300   M    M   6 18     25 290
 3  50  19  35  -1  30   0 0.51    M    M 11.2 22 260   M    M   9 1      31 230
 4  44  27  36   0  29   0 0.67    M    M  7.3 20 260   M    M  10 12     25 270
 5  26   6  16 -20  49   0 0.05    M    M  7.9 21 340   M    M   8 18     26 340
 6  24  -2  11 -25  54   0 0.00    M    M  5.8 15 220   M    M   0        18 220
 7  42  16  29  -8  36   0 0.00    M    M 11.5 22 240   M    M   5        30 240
 8  46  34  40   3  25   0 0.00    M    M  9.4 18 270   M    M   5        24 260
 9  53  32  43   5  22   0 0.00    M    M  4.0 13 260   M    M   4        17 270
10  48  34  41   3  24   0 0.62    M    M  2.6  8 100   M    M   8 12     12 200
11  46  30  38   0  27   0 0.00    M    M  4.6 12 310   M    M  10 128    15 320
12  51  26  39   1  26   0 0.00    M    M  6.7 14  50   M    M   3 128    17  50
13  59  38  49  10  16   0 0.25    M    M  8.8 17 160   M    M   4 1      20 140
14  57  41  49  10  16   0 0.65    M    M  8.8 18 340   M    M   9 18     24 280
15  51  37  44   4  21   0 0.00    M    M 10.4 23 300   M    M   6 8      31 300
16  67  38  53  13  12   0    T    M    M  9.5 21 270   M    M   2        26 270
17  60  28  44   4  21   0 0.00    M    M 14.1 28 340   M    M   4        35 350
18  45  23  34  -7  31   0 0.00    M    M  7.4 18 260   M    M   0        26 260
19  48  29  39  -2  26   0 0.00    M    M  7.1 14  80   M    M   1        18  60
20  43  34  39  -2  26   0 0.15    M    M  5.8 10  10   M    M  10 168    14 190
21  57  37  47   5  18   0 0.00    M    M 10.3 28 260   M    M   8 18     38 270
22  42  26  34  -8  31   0 0.00    M    M  8.3 17 350   M    M   3 1      22 340
23  40  20  30 -13  35   0 0.06    M    M  9.1 16 350   M    M   4 18     20  40
24  49  28  39  -4  26   0 0.00    M    M  6.9 14  80   M    M   4        20  90
25  70  34  52   9  13   0 0.16    M    M  9.9 25 220   M    M   6 1      36 210
26  54  37  46   2  19   0 0.25    M    M  7.5 18 320   M    M   9 123    24 330
27  37  21  29 -15  36   0    T    M    M 10.0 18 330   M    M  10 18     24 300
28  32  14  23 -22  42   0 0.00    M    M 11.0 21 290   M    M   4        27 280
================================================================================
SM 1309  745       787   0  3.76    M    233.1          M      162
================================================================================
AV 46.8 26.6                               8.3 FASTST   M    M   6    MAX(MPH)
                                 MISC ---->  # 28 340               # 38  270
================================================================================
NOTES:
# LAST OF SEVERAL OCCURRENCES

COLUMN 17 PEAK WIND IN M.P.H.

PRELIMINARY LOCAL CLIMATOLOGICAL DATA (WS FORM: F-6) , PAGE 2

                                          STATION:  WHEELING
                                          MONTH:    MARCH
                                          YEAR:     2015
                                          LATITUDE:   40 10 N
                                          LONGITUDE:  80 39 W

[TEMPERATURE DATA]      [PRECIPITATION DATA]       SYMBOLS USED IN COLUMN 16

AVERAGE MONTHLY: 36.7   TOTAL FOR MONTH:   3.76    1 = FOG OR MIST
DPTR FM NORMAL:  -2.9   DPTR FM NORMAL:    0.97    2 = FOG REDUCING VISIBILITY
HIGHEST:    70 ON 25    GRTST 24HR  0.67 ON  4- 4      TO 1/4 MILE OR LESS
LOWEST:     -2 ON  6                               3 = THUNDER
                        SNOW, ICE PELLETS, HAIL    4 = ICE PELLETS
                        TOTAL MONTH:    M          5 = HAIL
                        GRTST 24HR    M  ON   M    6 = FREEZING RAIN OR DRIZZLE
                        GRTST DEPTH:  M  ON   M    7 = DUSTSTORM OR SANDSTORM:
                                                       VSBY 1/2 MILE OR LESS
                                                   8 = SMOKE OR HAZE
[NO. OF DAYS WITH]      [WEATHER - DAYS WITH]      9 = BLOWING SNOW
                                                   X = TORNADO
MAX 32 OR BELOW:   3    0.01 INCH OR MORE:  11
MAX 90 OR ABOVE:   0    0.10 INCH OR MORE:   9
MIN 32 OR BELOW:  18    0.50 INCH OR MORE:   4
MIN  0 OR BELOW:   1    1.00 INCH OR MORE:   0

[HDD (BASE 65) ]
TOTAL THIS MO.   787    CLEAR  (SCALE 0-3)   4
DPTR FM NORMAL    73    PTCLDY (SCALE 4-7)  16
TOTAL FM JUL 1  5379    CLOUDY (SCALE 8-10)  8
DPTR FM NORMAL   498

[CDD (BASE 65) ]
TOTAL THIS MO.     0
DPTR FM NORMAL     0    [PRESSURE DATA]
TOTAL FM JAN 1     0    HIGHEST SLP M ON M
DPTR FM NORMAL     0    LOWEST  SLP 29.71 ON 17

[REMARKS]
