000
CXUS56 KTFX 231205
CF6HLN
PRELIMINARY LOCAL CLIMATOLOGICAL DATA (WS FORM: F-6)

                                          STATION:   HELENA MT
                                          MONTH:     OCTOBER
                                          YEAR:      2014
                                          LATITUDE:   46 35 N
                                          LONGITUDE: 112  0 W

  TEMPERATURE IN F:       :PCPN:    SNOW:  WIND      :SUNSHINE: SKY     :PK WND
================================================================================
1   2   3   4   5  6A  6B    7    8   9   10  11  12  13   14  15   16   17  18
                                     12Z  AVG MX 2MIN
DY MAX MIN AVG DEP HDD CDD  WTR  SNW DPTH SPD SPD DIR MIN PSBL S-S WX    SPD DR
================================================================================

 1  59  44  52   0  13   0 0.02  0.0    0 12.8 24 270   M    M   6        31 260
 2  51  30  41 -10  24   0 0.12    T    0  6.9 20 350   M    M   7 1      26 350
 3  61  25  43  -8  22   0 0.00  0.0    0  3.1 12  80   M    M   0        15  80
 4  75  41  58   8   7   0 0.00  0.0    0 10.5 26 290   M    M   3        35 290
 5  74  49  62  12   3   0 0.00  0.0    0  9.7 23 280   M    M   0        28 270
 6  78  57  68  18   0   3 0.00  0.0    0 14.0 28 280   M    M   1        36 300
 7  79  51  65  16   0   0 0.00  0.0    0  6.8 22 260   M    M   2        30 290
 8  70  43  57   8   8   0 0.00  0.0    0  2.1  8 270   M    M   0        10 260
 9  67  44  56   8   9   0 0.00  0.0    0  6.9 13 350   M    M   1        16  10
10  71  37  54   6  11   0 0.00  0.0    0  1.9  9  60   M    M   1 12     13  60
11  69  42  56   8   9   0 0.01  0.0    0  5.9 25 260   M    M   3        32 270
12  57  45  51   4  14   0    T  0.0    0 12.8 26 270   M    M   7        36 280
13  65  36  51   4  14   0 0.00  0.0    0  4.0 18 270   M    M   1        24 270
14  75  42  59  13   6   0 0.00  0.0    0  8.1 29 180   M    M   0        37 190
15  75  46  61  15   4   0    T  0.0    0  8.3 39 280   M    M   2 3      48 290
16  62  38  50   4  15   0 0.00  0.0    0  5.5 20 280   M    M   2        25 290
17  65  31  48   3  17   0 0.00  0.0    0  1.3  9 240   M    M   0        12 240
18  71  37  54   9  11   0 0.00  0.0    0  5.7 20 300   M    M   0        26 300
19  71  38  55  11  10   0 0.00  0.0    0  2.4 14  90   M    M   0        16 100
20  76  37  57  13   8   0 0.00  0.0    0  2.3 18 190   M    M   0        29 190
21  61  44  53   9  12   0 0.23  0.0    0  8.7 37 260   M    M   6 13     49 250
22  62  34  48   5  17   0 0.00  0.0    0  6.5 22 190   M    M   1        31 210
================================================================================
SM 1494  891       234   3  0.38    T    146.2          M       43
================================================================================
AV 67.9 40.5                               6.6 FASTST   M    M   2    MAX(MPH)
                                 MISC ---->  # 39 280               # 49  250
================================================================================
NOTES:
# LAST OF SEVERAL OCCURRENCES

COLUMN 17 PEAK WIND IN M.P.H.

PRELIMINARY LOCAL CLIMATOLOGICAL DATA (WS FORM: F-6) , PAGE 2

                                          STATION:  HELENA MT
                                          MONTH:    OCTOBER
                                          YEAR:     2014
                                          LATITUDE:   46 35 N
                                          LONGITUDE: 112  0 W

[TEMPERATURE DATA]      [PRECIPITATION DATA]       SYMBOLS USED IN COLUMN 16

AVERAGE MONTHLY: 54.2   TOTAL FOR MONTH:   0.38    1 = FOG OR MIST
DPTR FM NORMAL:   6.8   DPTR FM NORMAL:   -0.14    2 = FOG REDUCING VISIBILITY
HIGHEST:    79 ON  7    GRTST 24HR  0.23 ON 21-21      TO 1/4 MILE OR LESS
LOWEST:     25 ON  3                               3 = THUNDER
                        SNOW, ICE PELLETS, HAIL    4 = ICE PELLETS
                        TOTAL MONTH:    T          5 = HAIL
                        GRTST 24HR    T  ON  2- 2  6 = FREEZING RAIN OR DRIZZLE
                        GRTST DEPTH:   0           7 = DUSTSTORM OR SANDSTORM:
                                                       VSBY 1/2 MILE OR LESS
                                                   8 = SMOKE OR HAZE
[NO. OF DAYS WITH]      [WEATHER - DAYS WITH]      9 = BLOWING SNOW
                                                   X = TORNADO
MAX 32 OR BELOW:   0    0.01 INCH OR MORE:   4
MAX 90 OR ABOVE:   0    0.10 INCH OR MORE:   2
MIN 32 OR BELOW:   3    0.50 INCH OR MORE:   0
MIN  0 OR BELOW:   0    1.00 INCH OR MORE:   0

[HDD (BASE 65) ]
TOTAL THIS MO.   234    CLEAR  (SCALE 0-3)  18
DPTR FM NORMAL  -153    PTCLDY (SCALE 4-7)   4
TOTAL FM JUL 1   475    CLOUDY (SCALE 8-10)  0
DPTR FM NORMAL  -218

[CDD (BASE 65) ]
TOTAL THIS MO.     3
DPTR FM NORMAL     3    [PRESSURE DATA]
TOTAL FM JAN 1   469    HIGHEST SLP M ON M
DPTR FM NORMAL    63    LOWEST  SLP 29.52 ON 15

[REMARKS]
