000
CXHW50 PHFO 301250
CF6HNL
PRELIMINARY LOCAL CLIMATOLOGICAL DATA (WS FORM: F-6)

                                          STATION:   HONOLULU HI
                                          MONTH:     APRIL
                                          YEAR:      2016
                                          LATITUDE:   21 21 N
                                          LONGITUDE: 157 56 W

  TEMPERATURE IN F:       :PCPN:    SNOW:  WIND      :SUNSHINE: SKY     :PK WND
================================================================================
1   2   3   4   5  6A  6B    7    8   9   10  11  12  13   14  15   16   17  18
                                     12Z  AVG MX 2MIN
DY MAX MIN AVG DEP HDD CDD  WTR  SNW DPTH SPD SPD DIR MIN PSBL S-S WX    SPD DR
================================================================================

 1  84  69  77   1   0  12 0.00  0.0    0  5.5 13 170   M    M   4        17 150
 2  86  69  78   2   0  13 0.00  0.0    0  9.0 20  40   M    M   3        25  40
 3  87  71  79   3   0  14 0.00  0.0    0  8.5 16  40   M    M   4        23  40
 4  83  71  77   1   0  12 0.00  0.0    0  5.5 14 150   M    M   4        17 150
 5  88  69  79   3   0  14 0.02  0.0    0  8.5 20 340   M    M   5        28 340
 6  80  67  74  -2   0   9 0.00  0.0    0 17.8 30  40   M    M   5        39  40
 7  83  69  76   0   0  11 0.00  0.0    0 13.6 25  80   M    M   4        31  90
 8  86  72  79   3   0  14 0.00  0.0    0 11.5 25  80   M    M   4        30  70
 9  85  71  78   2   0  13    T  0.0    0  9.2 20  40   M    M   5        28  70
10  86  70  78   2   0  13 0.00  0.0    0  9.1 22  40   M    M   5        26  20
11  84  72  78   2   0  13 0.01  0.0    0 14.0 28  60   M    M   5        35  60
12  86  73  80   4   0  15    T  0.0    0 16.1 26  60   M    M   6        32  60
13  85  74  80   4   0  15    T  0.0    0 17.5 26  60   M    M   6        36  70
14  86  74  80   4   0  15 0.01  0.0    0 14.3 25  80   M    M   4        30  80
15  86  73  80   4   0  15    T  0.0    0 11.4 21  60   M    M   4        29  50
16  85  71  78   2   0  13    T  0.0    0  7.4 21  60   M    M   5        28  30
17  77  69  73  -3   0   8 0.10  0.0    0  7.9 17  40   M    M   5 18     23  50
18  82  70  76   0   0  11 0.00  0.0    0 12.2 26  40   M    M   5        32  50
19  84  68  76   0   0  11    T  0.0    0 10.0 22  50   M    M   4        28  30
20  83  71  77   1   0  12    T  0.0    0 12.9 23  70   M    M   4        32  30
21  84  71  78   2   0  13    T  0.0    0 12.4 22  60   M    M   5        26  30
22  84  71  78   2   0  13 0.01  0.0    0 11.4 21  70   M    M   5        30  50
23  82  71  77   1   0  12 0.06  0.0    0 10.5 21  70   M    M   7 1      25  70
24  84  73  79   3   0  14    T  0.0    0 10.5 22  80   M    M   5 1      29  80
25  86  74  80   4   0  15 0.00  0.0    0 12.4 21  60   M    M   5        26  60
26  86  74  80   4   0  15    T  0.0    0 13.2 23  80   M    M   5        28  70
27  87  73  80   4   0  15 0.00  0.0    0 14.1 24  60   M    M   5        31  90
28  87  74  81   4   0  16 0.00  0.0    0 12.8 21  60   M    M   5        26  60
29  86  74  80   3   0  15 0.00  0.0    0 11.4 22  60   M    M   5        25  50
================================================================================
SM 2452 2068         0 381  0.21     0.0 330.6          M      138
================================================================================
AV 84.6 71.3                              11.4 FASTST   M    M   5    MAX(MPH)
                                 MISC ---->  # 30  40               # 39   40
================================================================================
NOTES:
# LAST OF SEVERAL OCCURRENCES

COLUMN 17 PEAK WIND IN M.P.H.

PRELIMINARY LOCAL CLIMATOLOGICAL DATA (WS FORM: F-6) , PAGE 2

                                          STATION:  HONOLULU HI
                                          MONTH:    APRIL
                                          YEAR:     2016
                                          LATITUDE:   21 21 N
                                          LONGITUDE: 157 56 W

[TEMPERATURE DATA]      [PRECIPITATION DATA]       SYMBOLS USED IN COLUMN 16

AVERAGE MONTHLY: 77.9   TOTAL FOR MONTH:   0.21    1 = FOG OR MIST
DPTR FM NORMAL:   1.9   DPTR FM NORMAL:   -0.40    2 = FOG REDUCING VISIBILITY
HIGHEST:    88 ON  5    GRTST 24HR  0.10 ON 17-17      TO 1/4 MILE OR LESS
LOWEST:     67 ON  6                               3 = THUNDER
                        SNOW, ICE PELLETS, HAIL    4 = ICE PELLETS
                        TOTAL MONTH:   0.0 INCH    5 = HAIL
                        GRTST 24HR     0.0         6 = FREEZING RAIN OR DRIZZLE
                        GRTST DEPTH:   0           7 = DUSTSTORM OR SANDSTORM:
                                                       VSBY 1/2 MILE OR LESS
                                                   8 = SMOKE OR HAZE
[NO. OF DAYS WITH]      [WEATHER - DAYS WITH]      9 = BLOWING SNOW
                                                   X = TORNADO
MAX 32 OR BELOW:   0    0.01 INCH OR MORE:   6
MAX 90 OR ABOVE:   0    0.10 INCH OR MORE:   1
MIN 32 OR BELOW:   0    0.50 INCH OR MORE:   0
MIN  0 OR BELOW:   0    1.00 INCH OR MORE:   0

[HDD (BASE 65) ]
TOTAL THIS MO.     0    CLEAR  (SCALE 0-3)   1
DPTR FM NORMAL     0    PTCLDY (SCALE 4-7)  28
TOTAL FM JUL 1     0    CLOUDY (SCALE 8-10)  0
DPTR FM NORMAL     0

[CDD (BASE 65) ]
TOTAL THIS MO.   381
DPTR FM NORMAL    61    [PRESSURE DATA]
TOTAL FM JAN 1  1265    HIGHEST SLP M ON M
DPTR FM NORMAL   170    LOWEST  SLP 29.99 ON 17

[REMARKS]
