000
CXUS54 KMAF 201100
CF6HOB
PRELIMINARY LOCAL CLIMATOLOGICAL DATA (WS FORM: F-6)

                                          STATION:   Lea Airport, Hobbs
                                          MONTH:     APRIL
                                          YEAR:      2014
                                          LATITUDE:   32 40 N
                                          LONGITUDE: 103-12 E

  TEMPERATURE IN F:       :PCPN:    SNOW:  WIND      :SUNSHINE: SKY     :PK WND
================================================================================
1   2   3   4   5  6A  6B    7    8   9   10  11  12  13   14  15   16   17  18
                                     12Z  AVG MX 2MIN
DY MAX MIN AVG DEP HDD CDD  WTR  SNW DPTH SPD SPD DIR MIN PSBL S-S WX    SPD DR
================================================================================

 1  79  46  63   M   2   0 0.00  0.0    0  9.9 23 210   M    M   2        29 210
 2  82  46  64   M   1   0 0.00  0.0    0 11.8 28 220   M    M   0        36 220
 3  70  43  57   M   8   0 0.00  0.0    0 19.4 41 240   M    M   0 7      51 240
 4  63  28  46   M  19   0 0.00  0.0    0  9.8 17 120   M    M   0        23 150
 5  68  46  57   M   8   0 0.00  0.0    0 13.6 25 120   M    M   1        32 120
 6   M   M   M   M   M   M 0.00  0.0    0  9.2 31 230   M    M   3 7      38 230
 7  63  37  50   M  15   0 0.00  0.0    0 12.9 31 360   M    M   3        39 360
 8  72  32  52   M  13   0 0.00  0.0    0  6.0 12 240   M    M   0        17 210
 9  86  46  66   M   0   1 0.00  0.0    0 10.4 18 240   M    M   0        27 210
10  86  48  67   M   0   2 0.00  0.0    0 11.1 21 300   M    M   2        29 300
11  84  45  65   M   0   0 0.00  0.0    0  8.3 12 120   M    M   1         M  M
12  84  50  67   M   0   2 0.00  0.0    0 14.1 30 210   M    M   1        38 210
13  82  41  62   M   3   0 0.00  0.0    0 15.9 32  10   M    M   0 8      40  10
14  48  30  39   M  26   0 0.00  0.0    0 19.8 37 360   M    M   2 8      45 360
15  64  28  46   M  19   0 0.00  0.0    0 12.0 21 190   M    M   0        29 180
16  81  39  60   M   5   0 0.00  0.0    0 12.1 18 150   M    M   0        27 160
17  72  45  59   M   6   0 0.00  0.0    0 11.6 16  80   M    M   0        24  10
18   M   M   M   M   M   M 0.00  0.0    0 11.7 23 130   M    M   4 1      24 140
19   M   M   M   M   M   M 0.03    M    0  8.8 18  10   M    M   5 3      18 130
================================================================================
SM 1184  650       125   5  0.03     0.0 228.4          M       24
================================================================================
AV 74.0 40.6                              12.0 FASTST   M    M   1    MAX(MPH)
                                 MISC ---->    41   M                 51    M
================================================================================
NOTES:
# LAST OF SEVERAL OCCURRENCES

COLUMN 17 PEAK WIND IN M.P.H.

PRELIMINARY LOCAL CLIMATOLOGICAL DATA (WS FORM: F-6) , PAGE 2

                                          STATION:  Lea Airport, Hobbs
                                          MONTH:    APRIL
                                          YEAR:     2014
                                          LATITUDE:   32 40 N
                                          LONGITUDE: 103-12 E

[TEMPERATURE DATA]      [PRECIPITATION DATA]       SYMBOLS USED IN COLUMN 16

AVERAGE MONTHLY: 57.3   TOTAL FOR MONTH:   0.03    1 = FOG OR MIST
DPTR FM NORMAL:     M   DPTR FM NORMAL:       M    2 = FOG REDUCING VISIBILITY
HIGHEST:    86 ON 10, 9 GRTST 24HR  0.03 ON 19-19      TO 1/4 MILE OR LESS
LOWEST:     28 ON 15, 4                            3 = THUNDER
                        SNOW, ICE PELLETS, HAIL    4 = ICE PELLETS
                        TOTAL MONTH:   0.0 INCH    5 = HAIL
                        GRTST 24HR     0.0         6 = FREEZING RAIN OR DRIZZLE
                        GRTST DEPTH:   0           7 = DUSTSTORM OR SANDSTORM:
                                                       VSBY 1/2 MILE OR LESS
                                                   8 = SMOKE OR HAZE
[NO. OF DAYS WITH]      [WEATHER - DAYS WITH]      9 = BLOWING SNOW
                                                   X = TORNADO
MAX 32 OR BELOW:   0    0.01 INCH OR MORE:   1
MAX 90 OR ABOVE:   0    0.10 INCH OR MORE:   0
MIN 32 OR BELOW:   4    0.50 INCH OR MORE:   0
MIN  0 OR BELOW:   0    1.00 INCH OR MORE:   0

[HDD (BASE 65) ]
TOTAL THIS MO.   125    CLEAR  (SCALE 0-3)  16
DPTR FM NORMAL     M    PTCLDY (SCALE 4-7)   3
TOTAL FM JUL 1  2559    CLOUDY (SCALE 8-10)  0
DPTR FM NORMAL     M

[CDD (BASE 65) ]
TOTAL THIS MO.     5
DPTR FM NORMAL     M    [PRESSURE DATA]
TOTAL FM JAN 1     5    HIGHEST SLP M ON M
DPTR FM NORMAL     M    LOWEST  SLP M ON M

[REMARKS]
