000
CXUS54 KBRO 010900
CF6HRL
PRELIMINARY LOCAL CLIMATOLOGICAL DATA (WS FORM: F-6)

                                          STATION:   HARLINGEN
                                          MONTH:     SEPTEMBER
                                          YEAR:      2014
                                          LATITUDE:   26 13 N
                                          LONGITUDE:  97 40 W

  TEMPERATURE IN F:       :PCPN:    SNOW:  WIND      :SUNSHINE: SKY     :PK WND
================================================================================
1   2   3   4   5  6A  6B    7    8   9   10  11  12  13   14  15   16   17  18
                                     12Z  AVG MX 2MIN
DY MAX MIN AVG DEP HDD CDD  WTR  SNW DPTH SPD SPD DIR MIN PSBL S-S WX    SPD DR
================================================================================

 1  97  76  87   3   0  22    T  0.0    0 10.4 22 130   M    M   2 1      26 120
 2  96  77  87   3   0  22 0.08  0.0    0 12.2 30 120   M    M   2 13     36 110
 3  84  75  80  -4   0  15 0.94  0.0    0  7.3 18 210   M    M   4 1      23 220
 4  96  75  86   2   0  21 0.02  0.0    0  9.0 17 120   M    M   3 1      22 150
 5  89  77  83  -1   0  18 0.00  0.0    0  8.2 18 150   M    M   1 1      23 150
 6  94  74  84   0   0  19 0.18  0.0    0  6.9 22 110   M    M   1 1      26 110
 7  89  73  81  -2   0  16 0.01  0.0    0  5.8 18 100   M    M   1 1      23 110
 8  94  73  84   1   0  19 0.00  0.0    0  5.8 18 100   M    M   1 1      23 100
 9  96  74  85   2   0  20 0.00  0.0    0  9.4 20 150   M    M   2        24 140
10  96  75  86   3   0  21 0.00  0.0    0 10.1 18 130   M    M   1        23 150
11  96  76  86   3   0  21 0.00  0.0    0  9.3 20 110   M    M   2        25 120
12  92  76  84   1   0  19 0.40  0.0    0  7.0 17  40   M    M   1 13     22  80
13  86  72  79  -3   0  14 3.39  0.0    0  9.8 26  40   M    M   5 12     33 180
14  87  72  80  -2   0  15 0.11  0.0    0 10.9  7 330   M    M   6 1       8 330
15  87  72  80  -2   0  15 0.07  0.0    0  7.9  6 290   M    M   6 1       7 280
16  90  75  83   1   0  18 0.01  0.0    0  6.4 16 220   M    M   2 1      20 220
17  93  75  84   2   0  19 0.00  0.0    0  8.4 18 160   M    M   1 1      25 170
18  93  75  84   3   0  19 0.01  0.0    0  9.9 21 180   M    M   2 1      25 180
19  94  76  85   4   0  20 0.00  0.0    0  8.1 17 130   M    M   2 1      21 130
20  89  77  83   2   0  18 0.01  0.0    0  4.1 18  80   M    M   5 1      22  90
21  91  74  83   2   0  18 0.69  0.0    0  7.8 22  60   M    M   4 1      25  80
22  88  73  81   0   0  16 0.06  0.0    0  9.1 21  60   M    M   4 1      25  50
23  88  70  79  -1   0  14 0.32  0.0    0  7.1  8  60   M    M   2 18      9  50
24  85  72  79  -1   0  14    T  0.0    0  6.9 16  50   M    M   3        21  60
25  88  70  79  -1   0  14 0.35  0.0    0  7.3 22  50   M    M   3 1      26  50
26  85  71  78  -2   0  13 0.03  0.0    0  8.1 12  60   M    M   2 1      16  60
27  79  70  75  -5   0  10 2.12  0.0    0  8.5 23 350   M    M   8 1      28 350
28  84  67  76  -4   0  11    T  0.0    0 11.0 18 360   M    M   8 1      23  10
29  87  72  80   1   0  15 0.59  0.0    0  6.2 10 330   M    M   8 1      13 330
30  89  73  81   2   0  16 0.02  0.0    0  3.7 13  90   M    M   5 1      15 130
================================================================================
SM 2702 2207         0 512  9.41     0.0 242.6          M       97
================================================================================
AV 90.1 73.6                               8.1 FASTST   M    M   3    MAX(MPH)
                                 MISC ---->  # 30 120               # 36  110
================================================================================
NOTES:
# LAST OF SEVERAL OCCURRENCES

COLUMN 17 PEAK WIND IN M.P.H.

PRELIMINARY LOCAL CLIMATOLOGICAL DATA (WS FORM: F-6) , PAGE 2

                                          STATION:  HARLINGEN
                                          MONTH:    SEPTEMBER
                                          YEAR:     2014
                                          LATITUDE:   26 13 N
                                          LONGITUDE:  97 40 W

[TEMPERATURE DATA]      [PRECIPITATION DATA]       SYMBOLS USED IN COLUMN 16

AVERAGE MONTHLY: 81.8   TOTAL FOR MONTH:   9.41    1 = FOG OR MIST
DPTR FM NORMAL:  -0.1   DPTR FM NORMAL:    4.19    2 = FOG REDUCING VISIBILITY
HIGHEST:    97 ON  1    GRTST 24HR  3.79 ON 12-13      TO 1/4 MILE OR LESS
LOWEST:     67 ON 28                               3 = THUNDER
                        SNOW, ICE PELLETS, HAIL    4 = ICE PELLETS
                        TOTAL MONTH:   0.0 INCH    5 = HAIL
                        GRTST 24HR     0.0         6 = FREEZING RAIN OR DRIZZLE
                        GRTST DEPTH:   0           7 = DUSTSTORM OR SANDSTORM:
                                                       VSBY 1/2 MILE OR LESS
                                                   8 = SMOKE OR HAZE
[NO. OF DAYS WITH]      [WEATHER - DAYS WITH]      9 = BLOWING SNOW
                                                   X = TORNADO
MAX 32 OR BELOW:   0    0.01 INCH OR MORE:  20
MAX 90 OR ABOVE:  14    0.10 INCH OR MORE:  10
MIN 32 OR BELOW:   0    0.50 INCH OR MORE:   5
MIN  0 OR BELOW:   0    1.00 INCH OR MORE:   2

[HDD (BASE 65) ]
TOTAL THIS MO.     0    CLEAR  (SCALE 0-3)  18
DPTR FM NORMAL     0    PTCLDY (SCALE 4-7)  11
TOTAL FM JUL 1     0    CLOUDY (SCALE 8-10)  1
DPTR FM NORMAL     0

[CDD (BASE 65) ]
TOTAL THIS MO.   512
DPTR FM NORMAL     7    [PRESSURE DATA]
TOTAL FM JAN 1  3409    HIGHEST SLP 30.10 ON 14
DPTR FM NORMAL   -20    LOWEST  SLP 29.73 ON 30

[REMARKS]
#FINAL-09-14#
