000
CXUS52 KMHX 220700
CF6HSE
PRELIMINARY LOCAL CLIMATOLOGICAL DATA (WS FORM: F-6)

                                          STATION:   CAPE HATTERAS NC
                                          MONTH:     MAY
                                          YEAR:      2015
                                          LATITUDE:   35 13 N
                                          LONGITUDE:  75 37 W

  TEMPERATURE IN F:       :PCPN:    SNOW:  WIND      :SUNSHINE: SKY     :PK WND
================================================================================
1   2   3   4   5  6A  6B    7    8   9   10  11  12  13   14  15   16   17  18
                                     12Z  AVG MX 2MIN
DY MAX MIN AVG DEP HDD CDD  WTR  SNW DPTH SPD SPD DIR MIN PSBL S-S WX    SPD DR
================================================================================

 1  61  48  55  -8  10   0 0.14  0.0    0 10.8 20  10   M    M  10        36  10
 2  58  42  50 -14  15   0    T  0.0    0  8.5 18  10   M    M   0        32 360
 3  72  41  57  -7   8   0 0.00  0.0    0  5.8 12 280   M    M   0        14 290
 4  72  52  62  -2   3   0 0.00  0.0    0  5.9 10 210   M    M   1        13 260
 5  75  54  65   1   0   0 0.00  0.0    0  6.0 12 180   M    M   0        14 190
 6  74  52  63  -1   2   0 0.00  0.0    0  5.9 12 120   M    M   1        14 100
 7  75  63  69   4   0   4 0.01  0.0    0  9.2 20  90   M    M   3        27  80
 8  78  64  71   6   0   6 0.58  0.0    0  8.3 13 120   M    M   4        17  40
 9  77  66  72   7   0   7 0.11  0.0    0 12.6 24 140   M    M   5        31 140
10  79  67  73   7   0   8 0.08  0.0    0 13.8 21 160   M    M   5        28 170
11  71  66  69   3   0   4 1.49  0.0    0 18.9 29 190   M    M   6        39 200
12  76  69  73   7   0   8 0.09  0.0    0 13.4 18 230   M    M   3        27 220
13  70  59  65  -1   0   0 0.00  0.0    0 10.6 21 240   M    M   1        29 240
14  63  52  58  -8   7   0 0.00  0.0    0  9.5 16  50   M    M   0        26  30
15  71  56  64  -3   1   0 0.00  0.0    0  5.4 14  40   M    M   2        20  40
16  75  54  65  -2   0   0 0.00  0.0    0  4.8 12 240   M    M   0        14 240
17  77  65  71   4   0   6 0.00  0.0    0  8.4 15 230   M    M   0        20 230
18  78  68  73   5   0   8 0.00  0.0    0  9.7 14 240   M    M   1        20 270
19  78  69  74   6   0   9 0.34  0.0    0  8.3 15 240   M    M   4        21 300
20  76  63  70   2   0   5 0.00  0.0    0  8.3 17  30   M    M   3        26  30
21  81  61  71   3   0   6 0.37  0.0    0 11.5 26 210   M    M   5        38 210
================================================================================
SM 1537 1231        46  71  3.21     0.0 195.6          M       54
================================================================================
AV 73.2 58.6                               9.3 FASTST   M    M   3    MAX(MPH)
                                 MISC ---->  # 29 190               # 39  200
================================================================================
NOTES:
# LAST OF SEVERAL OCCURRENCES

COLUMN 17 PEAK WIND IN M.P.H.

PRELIMINARY LOCAL CLIMATOLOGICAL DATA (WS FORM: F-6) , PAGE 2

                                          STATION:  CAPE HATTERAS NC
                                          MONTH:    MAY
                                          YEAR:     2015
                                          LATITUDE:   35 13 N
                                          LONGITUDE:  75 37 W

[TEMPERATURE DATA]      [PRECIPITATION DATA]       SYMBOLS USED IN COLUMN 16

AVERAGE MONTHLY: 65.9   TOTAL FOR MONTH:   3.21    1 = FOG OR MIST
DPTR FM NORMAL:   0.1   DPTR FM NORMAL:    0.77    2 = FOG REDUCING VISIBILITY
HIGHEST:    81 ON 21    GRTST 24HR  1.57 ON 10-11      TO 1/4 MILE OR LESS
LOWEST:     41 ON  3                               3 = THUNDER
                        SNOW, ICE PELLETS, HAIL    4 = ICE PELLETS
                        TOTAL MONTH:   0.0 INCH    5 = HAIL
                        GRTST 24HR     0.0         6 = FREEZING RAIN OR DRIZZLE
                        GRTST DEPTH:   0           7 = DUSTSTORM OR SANDSTORM:
                                                       VSBY 1/2 MILE OR LESS
                                                   8 = SMOKE OR HAZE
[NO. OF DAYS WITH]      [WEATHER - DAYS WITH]      9 = BLOWING SNOW
                                                   X = TORNADO
MAX 32 OR BELOW:   0    0.01 INCH OR MORE:   9
MAX 90 OR ABOVE:   0    0.10 INCH OR MORE:   6
MIN 32 OR BELOW:   0    0.50 INCH OR MORE:   2
MIN  0 OR BELOW:   0    1.00 INCH OR MORE:   1

[HDD (BASE 65) ]
TOTAL THIS MO.    46    CLEAR  (SCALE 0-3)  13
DPTR FM NORMAL     4    PTCLDY (SCALE 4-7)   7
TOTAL FM JUL 1  2796    CLOUDY (SCALE 8-10)  1
DPTR FM NORMAL   220

[CDD (BASE 65) ]
TOTAL THIS MO.    71
DPTR FM NORMAL    11    [PRESSURE DATA]
TOTAL FM JAN 1    90    HIGHEST SLP M ON M
DPTR FM NORMAL     2    LOWEST  SLP 29.69 ON  1

[REMARKS]
