000
CXUS53 KGID 160730
CF6HSI
PRELIMINARY LOCAL CLIMATOLOGICAL DATA (WS FORM: F-6)

                                          STATION:   HASTINGS NE
                                          MONTH:     DECEMBER
                                          YEAR:      2017
                                          LATITUDE:   40 35 N
                                          LONGITUDE:  98 26 W

  TEMPERATURE IN F:       :PCPN:    SNOW:  WIND      :SUNSHINE: SKY     :PK WND
================================================================================
1   2   3   4   5  6A  6B    7    8   9   10  11  12  13   14  15   16   17  18
                                     12Z  AVG MX 2MIN
DY MAX MIN AVG DEP HDD CDD  WTR  SNW DPTH SPD SPD DIR MIN PSBL S-S WX    SPD DR
================================================================================

 1  56  29  43  11  22   0 0.00  0.0    0  7.0 18 210   M    M   0        26 200
 2  56  22  39   8  26   0 0.00  0.0    0  4.4 10 310   M    M   0        13 190
 3  58  28  43  12  22   0 0.00  0.0    0  7.3 18 190   M    M   0        26 180
 4  53  21  37   7  28   0    T  0.0    0 20.5 41 320   M    M   1        60 300
 5  46  18  32   2  33   0 0.00  0.0    0 16.9 28 280   M    M   2        37 300
 6  43  16  30   0  35   0    T  0.2    0 18.1 32 360   M    M   3        40 350
 7  28   8  18 -11  47   0 0.00  0.0    0  9.1 20 330   M    M   0        25 330
 8  41  23  32   3  33   0 0.00  0.0    0 13.1 28 340   M    M   3        36 350
 9  47  25  36   7  29   0 0.00  0.0    0 11.2 22 340   M    M   0        28 340
10  65  33  49  21  16   0 0.00  0.0    0 13.3 22 310   M    M   0        29 320
11  51  28  40  12  25   0 0.00  0.0    0 20.9 40 340   M    M   4        52 340
12  51  21  36   8  29   0 0.00  0.0    0  7.7 15 260   M    M   2        20 270
13  54  29  42  14  23   0 0.00  0.0    0 18.0 36 320   M    M   0        47 340
14  39  29  34   6  31   0 0.03    T    0 12.1 24 340   M    M   8        30 340
15  51  20  36   9  29   0 0.00  0.0    0  8.9 18 250   M    M   0        29 230
================================================================================
SM  739  350       428   0  0.03     0.2 188.5          M       23
================================================================================
AV 49.3 23.3                              12.6 FASTST   M    M   2    MAX(MPH)
                                 MISC ---->  # 41 320               # 60  300
================================================================================
NOTES:
# LAST OF SEVERAL OCCURRENCES

COLUMN 17 PEAK WIND IN M.P.H.

PRELIMINARY LOCAL CLIMATOLOGICAL DATA (WS FORM: F-6) , PAGE 2

                                          STATION:  HASTINGS NE
                                          MONTH:    DECEMBER
                                          YEAR:     2017
                                          LATITUDE:   40 35 N
                                          LONGITUDE:  98 26 W

[TEMPERATURE DATA]      [PRECIPITATION DATA]       SYMBOLS USED IN COLUMN 16

AVERAGE MONTHLY: 36.3   TOTAL FOR MONTH:   0.03    1 = FOG OR MIST
DPTR FM NORMAL:   7.1   DPTR FM NORMAL:   -0.38    2 = FOG REDUCING VISIBILITY
HIGHEST:    65 ON 10    GRTST 24HR  0.03 ON 14-14      TO 1/4 MILE OR LESS
LOWEST:      8 ON  7                               3 = THUNDER
                        SNOW, ICE PELLETS, HAIL    4 = ICE PELLETS
                        TOTAL MONTH:   0.2 INCH    5 = HAIL
                        GRTST 24HR   0.2 ON  6- 6  6 = FREEZING RAIN OR DRIZZLE
                        GRTST DEPTH:   0           7 = DUSTSTORM OR SANDSTORM:
                                                       VSBY 1/2 MILE OR LESS
                                                   8 = SMOKE OR HAZE
[NO. OF DAYS WITH]      [WEATHER - DAYS WITH]      9 = BLOWING SNOW
                                                   X = TORNADO
MAX 32 OR BELOW:   1    0.01 INCH OR MORE:   1
MAX 90 OR ABOVE:   0    0.10 INCH OR MORE:   0
MIN 32 OR BELOW:  14    0.50 INCH OR MORE:   0
MIN  0 OR BELOW:   0    1.00 INCH OR MORE:   0

[HDD (BASE 65) ]
TOTAL THIS MO.   428    CLEAR  (SCALE 0-3)  12
DPTR FM NORMAL  -109    PTCLDY (SCALE 4-7)   3
TOTAL FM JUL 1  1571    CLOUDY (SCALE 8-10)  0
DPTR FM NORMAL  -247

[CDD (BASE 65) ]
TOTAL THIS MO.     0
DPTR FM NORMAL     0    [PRESSURE DATA]
TOTAL FM JAN 1  1129    HIGHEST SLP M ON M
DPTR FM NORMAL    52    LOWEST  SLP 29.40 ON  4

[REMARKS]
