000
CXUS53 KAPX 240631
CF6HTL
PRELIMINARY LOCAL CLIMATOLOGICAL DATA (WS FORM: F-6)

                                          STATION:   HOUGHTON LAKE MI
                                          MONTH:     MAY
                                          YEAR:      2016
                                          LATITUDE:   44 22 N
                                          LONGITUDE:  84 41 W

  TEMPERATURE IN F:       :PCPN:    SNOW:  WIND      :SUNSHINE: SKY     :PK WND
================================================================================
1   2   3   4   5  6A  6B    7    8   9   10  11  12  13   14  15   16   17  18
                                     12Z  AVG MX 2MIN
DY MAX MIN AVG DEP HDD CDD  WTR  SNW DPTH SPD SPD DIR MIN PSBL S-S WX    SPD DR
================================================================================

 1  55  38  47  -2  18   0 0.06  0.0    0 10.4 23  70   M    M   9 1      29  80
 2  61  30  46  -3  19   0 0.00  0.0    0  5.2 15  80   M    M   6 1      19  70
 3  65  32  49  -1  16   0 0.00  0.0    0  5.7 16 260   M    M   3        23 260
 4  51  42  47  -3  18   0 0.94  0.0    0  9.9 20 360   M    M  10 1      26  10
 5  66  42  54   4  11   0 0.00  0.0    0  6.4 12 300   M    M   6         M  M
 6  76  34  55   4  10   0 0.00  0.0    M  4.4 10 180   M    M   0 1      15 200
 7  64  43  54   3  11   0    T  0.0    0 10.6 23 340   M    M   2        29 330
 8  60  35  48  -4  17   0 0.00  0.0    0  9.7 22 310   M    M   2        29 310
 9  65  32  49  -3  16   0 0.00  0.0    0  6.6 15 130   M    M   0        20 130
10  59  35  47  -5  18   0 0.00  0.0    0 11.6 23 100   M    M   6        29 110
11  74  47  61   9   4   0 0.00  0.0    0  9.0 20  90   M    M   4        26 100
12  72  52  62   9   3   0 0.01  0.0    0  6.9 17 280   M    M   8 13     23 280
13  63  45  54   1  11   0 0.06  0.0    0 11.8 22 270   M    M   8 1      29 270
14  46  33  40 -13  25   0 0.12  0.0    0 12.7 25 310   M    M  10 1      33 300
15  48  30  39 -15  26   0 0.03    T    T 11.4 21 290   M    M   7 1      28 280
16  64  38  51  -3  14   0 0.00  0.0    0  9.9 21 310   M    M   5        29 260
17  64  32  48  -6  17   0 0.00  0.0    0  4.3 16 110   M    M   3 1      20 110
18  67  31  49  -6  16   0 0.00  0.0    0  4.4 13 220   M    M   2        15 240
19  71  34  53  -2  12   0 0.00  0.0    0  3.7 13 160   M    M   0        17 170
20  75  37  56   1   9   0 0.00  0.0    0  3.8 10 140   M    M   1         M  M
21  78  45  62   6   3   0 0.00  0.0    0  4.8 16 320   M    M   3        22 360
22  74  44  59   3   6   0 0.00  0.0    0  5.8 14  50   M    M   1        20  30
23  81  37  59   3   6   0 0.00  0.0    0  3.5  9 240   M    M   0        12 240
================================================================================
SM 1499  868       306   0  1.22    T    172.5          M       96
================================================================================
AV 65.2 37.7                               7.5 FASTST   M    M   4    MAX(MPH)
                                 MISC ---->  # 25 310               # 33  300
================================================================================
NOTES:
# LAST OF SEVERAL OCCURRENCES

COLUMN 17 PEAK WIND IN M.P.H.

PRELIMINARY LOCAL CLIMATOLOGICAL DATA (WS FORM: F-6) , PAGE 2

                                          STATION:  HOUGHTON LAKE MI
                                          MONTH:    MAY
                                          YEAR:     2016
                                          LATITUDE:   44 22 N
                                          LONGITUDE:  84 41 W

[TEMPERATURE DATA]      [PRECIPITATION DATA]       SYMBOLS USED IN COLUMN 16

AVERAGE MONTHLY: 51.5   TOTAL FOR MONTH:   1.22    1 = FOG OR MIST
DPTR FM NORMAL:  -1.2   DPTR FM NORMAL:   -0.81    2 = FOG REDUCING VISIBILITY
HIGHEST:    81 ON 23    GRTST 24HR  0.94 ON  4- 4      TO 1/4 MILE OR LESS
LOWEST:     30 ON 15, 2                            3 = THUNDER
                        SNOW, ICE PELLETS, HAIL    4 = ICE PELLETS
                        TOTAL MONTH:    T          5 = HAIL
                        GRTST 24HR    T  ON 15-15  6 = FREEZING RAIN OR DRIZZLE
                        GRTST DEPTH:   T           7 = DUSTSTORM OR SANDSTORM:
                                                       VSBY 1/2 MILE OR LESS
                                                   8 = SMOKE OR HAZE
[NO. OF DAYS WITH]      [WEATHER - DAYS WITH]      9 = BLOWING SNOW
                                                   X = TORNADO
MAX 32 OR BELOW:   0    0.01 INCH OR MORE:   6
MAX 90 OR ABOVE:   0    0.10 INCH OR MORE:   2
MIN 32 OR BELOW:   6    0.50 INCH OR MORE:   1
MIN  0 OR BELOW:   0    1.00 INCH OR MORE:   0

[HDD (BASE 65) ]
TOTAL THIS MO.   306    CLEAR  (SCALE 0-3)  11
DPTR FM NORMAL    15    PTCLDY (SCALE 4-7)   8
TOTAL FM JUL 1  6902    CLOUDY (SCALE 8-10)  4
DPTR FM NORMAL -1050

[CDD (BASE 65) ]
TOTAL THIS MO.     0
DPTR FM NORMAL    -4    [PRESSURE DATA]
TOTAL FM JAN 1     0    HIGHEST SLP M ON M
DPTR FM NORMAL    -6    LOWEST  SLP 29.61 ON M

[REMARKS]
