000
CXUS53 KAPX 290631
CF6HTL
PRELIMINARY LOCAL CLIMATOLOGICAL DATA (WS FORM: F-6)

                                          STATION:   HOUGHTON LAKE MI
                                          MONTH:     AUGUST
                                          YEAR:      2016
                                          LATITUDE:   44 22 N
                                          LONGITUDE:  84 41 W

  TEMPERATURE IN F:       :PCPN:    SNOW:  WIND      :SUNSHINE: SKY     :PK WND
================================================================================
1   2   3   4   5  6A  6B    7    8   9   10  11  12  13   14  15   16   17  18
                                     12Z  AVG MX 2MIN
DY MAX MIN AVG DEP HDD CDD  WTR  SNW DPTH SPD SPD DIR MIN PSBL S-S WX    SPD DR
================================================================================

 1  82  49  66  -1   0   1 0.00  0.0    0  3.3 12 220   M    M   2 1      15 210
 2  85  55  70   3   0   5 0.00  0.0    0  3.4  9 190   M    M   1 1      12 170
 3  89  56  73   6   0   8 0.00  0.0    0  2.4  8 280   M    M   1 1      11 240
 4  91  61  76  10   0  11 0.00  0.0    0  5.4 14 240   M    M   1 1      17 210
 5  85  64  75   9   0  10    T  0.0    0  9.5 18 310   M    M   3        25 310
 6  84  57  71   5   0   6 0.00  0.0    0  7.8 17 320   M    M   3        22 310
 7  80  50  65  -1   0   0 0.00  0.0    0  5.1 12 260   M    M   2 1      15 280
 8  83  47  65  -1   0   0 0.00  0.0    0  4.2 12 150   M    M   0 12     16 130
 9  87  52  70   4   0   5 0.00  0.0    0  6.0 12 190   M    M   0        15 190
10  91  65  78  12   0  13 0.00  0.0    0  5.0  9 240   M    M   2        13 240
11  90  62  76  10   0  11 0.24  0.0    0  5.7 16 210   M    M   3 1      24 210
12  76  70  73   7   0   8 0.15  0.0    0  7.2 15 270   M    M   8 1      24 260
13  79  66  73   7   0   8 0.49  0.0    0  6.9 15 290   M    M   8 1      22 290
14  82  60  71   6   0   6 0.00  0.0    0  4.5 12 270   M    M   5 1      16 270
15  81  57  69   4   0   4 0.00  0.0    0  2.8  9 150   M    M   3 12     12 170
16  84  63  74   9   0   9 0.04  0.0    0  6.6 16  60   M    M   3 1      19  60
17  82  61  72   7   0   7 1.40  0.0    0  4.3 24 310   M    M   2 13     33 310
18  85  55  70   5   0   5 0.00  0.0    0  4.4 10 190   M    M   2 12     15 170
19  81  68  75  10   0  10 0.00  0.0    0  6.4 15 260   M    M   5 138    21 250
20  78  62  70   5   0   5 0.32  0.0    0 10.5 25 170   M    M   5 1      35 170
21  70  55  63  -1   2   0    T  0.0    0 12.6 23 280   M    M   8 1      31 270
22  76  50  63  -1   2   0 0.00  0.0    0  4.8 13 220   M    M   4        18 250
23  81  58  70   6   0   5 0.00  0.0    0  8.9 16 240   M    M   1        23 240
24  81  63  72   8   0   7 0.02  0.0    0  9.8 17 200   M    M   6 1      26 250
25  82  67  75  11   0  10 0.00  0.0    0  7.1 15 290   M    M   2 1      22 290
26  78  54  66   2   0   1 0.00  0.0    0  6.1 13 280   M    M   0        18 270
27  71  54  63   0   2   0 0.22  0.0    0  5.4 14 140   M    M   7 1      17 140
28  80  58  69   6   0   4 0.38  0.0    0  6.6 14 290   M    M   4 13     20 210
================================================================================
SM 2294 1639         6 159  3.26     0.0 172.7          M       91
================================================================================
AV 81.9 58.5                               6.2 FASTST   M    M   3    MAX(MPH)
                                 MISC ---->  # 25 170               # 35  170
================================================================================
NOTES:
# LAST OF SEVERAL OCCURRENCES

COLUMN 17 PEAK WIND IN M.P.H.

PRELIMINARY LOCAL CLIMATOLOGICAL DATA (WS FORM: F-6) , PAGE 2

                                          STATION:  HOUGHTON LAKE MI
                                          MONTH:    AUGUST
                                          YEAR:     2016
                                          LATITUDE:   44 22 N
                                          LONGITUDE:  84 41 W

[TEMPERATURE DATA]      [PRECIPITATION DATA]       SYMBOLS USED IN COLUMN 16

AVERAGE MONTHLY: 70.2   TOTAL FOR MONTH:   3.26    1 = FOG OR MIST
DPTR FM NORMAL:   5.0   DPTR FM NORMAL:    0.17    2 = FOG REDUCING VISIBILITY
HIGHEST:    91 ON 10, 4 GRTST 24HR  1.40 ON 17-17      TO 1/4 MILE OR LESS
LOWEST:     47 ON  8                               3 = THUNDER
                        SNOW, ICE PELLETS, HAIL    4 = ICE PELLETS
                        TOTAL MONTH:   0.0 INCH    5 = HAIL
                        GRTST 24HR     0.0         6 = FREEZING RAIN OR DRIZZLE
                        GRTST DEPTH:   0           7 = DUSTSTORM OR SANDSTORM:
                                                       VSBY 1/2 MILE OR LESS
                                                   8 = SMOKE OR HAZE
[NO. OF DAYS WITH]      [WEATHER - DAYS WITH]      9 = BLOWING SNOW
                                                   X = TORNADO
MAX 32 OR BELOW:   0    0.01 INCH OR MORE:   9
MAX 90 OR ABOVE:   3    0.10 INCH OR MORE:   7
MIN 32 OR BELOW:   0    0.50 INCH OR MORE:   1
MIN  0 OR BELOW:   0    1.00 INCH OR MORE:   1

[HDD (BASE 65) ]
TOTAL THIS MO.     6    CLEAR  (SCALE 0-3)  18
DPTR FM NORMAL   -62    PTCLDY (SCALE 4-7)   8
TOTAL FM JUL 1    33    CLOUDY (SCALE 8-10)  2
DPTR FM NORMAL   -82

[CDD (BASE 65) ]
TOTAL THIS MO.   159
DPTR FM NORMAL    87    [PRESSURE DATA]
TOTAL FM JAN 1   398    HIGHEST SLP M ON M
DPTR FM NORMAL   139    LOWEST  SLP 29.45 ON 20

[REMARKS]
