000
CXUS53 KAPX 240631
CF6HTL
PRELIMINARY LOCAL CLIMATOLOGICAL DATA (WS FORM: F-6)

                                          STATION:   HOUGHTON LAKE MI
                                          MONTH:     JANUARY
                                          YEAR:      2017
                                          LATITUDE:   44 22 N
                                          LONGITUDE:  84 41 W

  TEMPERATURE IN F:       :PCPN:    SNOW:  WIND      :SUNSHINE: SKY     :PK WND
================================================================================
1   2   3   4   5  6A  6B    7    8   9   10  11  12  13   14  15   16   17  18
                                     12Z  AVG MX 2MIN
DY MAX MIN AVG DEP HDD CDD  WTR  SNW DPTH SPD SPD DIR MIN PSBL S-S WX    SPD DR
================================================================================

 1  37  21  29   9  36   0 0.00  0.0   10  7.9 18 230   M    M   3        27 220
 2  39  15  27   7  38   0 0.01  0.0    9  7.2 16  90   M    M   5 1      21 100
 3  35  33  34  15  31   0 0.04  0.0    8  5.7 14 300   M    M  10 12     19 310
 4  33  10  22   3  43   0 0.01  0.2    6 19.8 25 270   M    M   9 1      37 280
 5  12   2   7 -12  58   0    T  0.2    6 13.1 22 270   M    M   9        32 270
 6  14   1   8 -11  57   0    T    T    6  7.7 14 240   M    M   5        17 260
 7  10   2   6 -13  59   0 0.02  0.5    6 10.9 21 270   M    M   4 18     27 260
 8  16   8  12  -6  53   0 0.26  2.7    9  8.0 16 290   M    M  10 18     21 280
 9  22  13  18   0  47   0 0.04  1.3    9  9.2 18 190   M    M  10 18     31 190
10  43  22  33  15  32   0 0.64  3.2   12 15.0 32 260   M    M  10 12     47 270
11  34  22  28  10  37   0 0.12  0.2   11 10.9 31 260   M    M   9 16     46 270
12  24  15  20   2  45   0 0.20  2.0   10  8.1 20 280   M    M   8 126    29 280
13  16   4  10  -8  55   0    T    T   12  5.5 14 300   M    M   8        20 290
14  27   5  16  -2  49   0 0.00  0.0   12  4.5 12 270   M    M   4        15 270
15  28  -2  13  -5  52   0 0.00  0.0   11  2.7  9 270   M    M   2 12     12 270
16  34   6  20   2  45   0 0.05  0.0   11  3.1  9  90   M    M   4 18     11  90
17  35  31  33  15  32   0 0.48  0.0   10  7.4 18  90   M    M  10 16     23 100
18  38  32  35  17  30   0 0.00  0.0    9  8.6 17 230   M    M  10 1      23 220
19  35  31  33  15  32   0 0.00  0.0    8  6.3 12 230   M    M   9 12     16 240
20  36  31  34  16  31   0    T  0.0    8  5.9 13  60   M    M  10 12     15  60
21  43  32  38  20  27   0 0.04  0.0    7  5.8 12 100   M    M  10 12     15 130
22  47  36  42  24  23   0 0.00  0.0    5  1.3  9 190   M    M   9 12     11 190
23  39  34  37  20  28   0 0.21  0.0    4  3.2  7  70   M    M  10 12      9  70
================================================================================
SM  697  404       940   0  2.12    10.3 177.8          M      178
================================================================================
AV 30.3 17.6                               7.7 FASTST   M    M   8    MAX(MPH)
                                 MISC ---->  # 32 260               # 47  270
================================================================================
NOTES:
# LAST OF SEVERAL OCCURRENCES

COLUMN 17 PEAK WIND IN M.P.H.

PRELIMINARY LOCAL CLIMATOLOGICAL DATA (WS FORM: F-6) , PAGE 2

                                          STATION:  HOUGHTON LAKE MI
                                          MONTH:    JANUARY
                                          YEAR:     2017
                                          LATITUDE:   44 22 N
                                          LONGITUDE:  84 41 W

[TEMPERATURE DATA]      [PRECIPITATION DATA]       SYMBOLS USED IN COLUMN 16

AVERAGE MONTHLY: 23.9   TOTAL FOR MONTH:   2.12    1 = FOG OR MIST
DPTR FM NORMAL:   5.6   DPTR FM NORMAL:    0.95    2 = FOG REDUCING VISIBILITY
HIGHEST:    47 ON 22    GRTST 24HR  0.65 ON  9-10      TO 1/4 MILE OR LESS
LOWEST:     -2 ON 15                               3 = THUNDER
                        SNOW, ICE PELLETS, HAIL    4 = ICE PELLETS
                        TOTAL MONTH:  10.3 INCHES  5 = HAIL
                        GRTST 24HR   3.2 ON   M    6 = FREEZING RAIN OR DRIZZLE
                        GRTST DEPTH:  12 ON 14,13  7 = DUSTSTORM OR SANDSTORM:
                                                       VSBY 1/2 MILE OR LESS
                                                   8 = SMOKE OR HAZE
[NO. OF DAYS WITH]      [WEATHER - DAYS WITH]      9 = BLOWING SNOW
                                                   X = TORNADO
MAX 32 OR BELOW:   9    0.01 INCH OR MORE:  13
MAX 90 OR ABOVE:   0    0.10 INCH OR MORE:   6
MIN 32 OR BELOW:  20    0.50 INCH OR MORE:   1
MIN  0 OR BELOW:   1    1.00 INCH OR MORE:   0

[HDD (BASE 65) ]
TOTAL THIS MO.   940    CLEAR  (SCALE 0-3)   2
DPTR FM NORMAL  -135    PTCLDY (SCALE 4-7)   7
TOTAL FM JUL 1  3502    CLOUDY (SCALE 8-10) 14
DPTR FM NORMAL  -730

[CDD (BASE 65) ]
TOTAL THIS MO.     0
DPTR FM NORMAL     0    [PRESSURE DATA]
TOTAL FM JAN 1     0    HIGHEST SLP M ON M
DPTR FM NORMAL     0    LOWEST  SLP 29.07 ON 10

[REMARKS]
