000
CXUS53 KIND 270730
CF6HUF
PRELIMINARY LOCAL CLIMATOLOGICAL DATA (WS FORM: F-6)

                                          STATION:   TERRE HAUTE IN
                                          MONTH:     JULY
                                          YEAR:      2016
                                          LATITUDE:   39 27 N
                                          LONGITUDE:  87 18 W

  TEMPERATURE IN F:       :PCPN:    SNOW:  WIND      :SUNSHINE: SKY     :PK WND
================================================================================
1   2   3   4   5  6A  6B    7    8   9   10  11  12  13   14  15   16   17  18
                                     12Z  AVG MX 2MIN
DY MAX MIN AVG DEP HDD CDD  WTR  SNW DPTH SPD SPD DIR MIN PSBL S-S WX    SPD DR
================================================================================

 1  80  58  69  -6   0   4 0.02    M    M  7.3 15  10   M    M   4        20  30
 2  71  51  61 -14   4   0    T    M    M  3.5 10 130   M    M   4        14  40
 3  68  61  65 -11   0   0 1.68    M    M  6.6 15 140   M    M  10 13     20 130
 4  78  67  73  -3   0   8 0.53    M    M  2.9  9  80   M    M   9 1      10  90
 5  85  70  78   2   0  13 0.01    M    M  3.7 10 240   M    M   6 12     16 250
 6  84  68  76   0   0  11 1.47    M    M  7.3 28 360   M    M   4 138    37 360
 7  82  69  76   0   0  11 0.00    M    M  7.6 18 150   M    M   4 1      23 160
 8  90  69  80   4   0  15 0.10    M    M  6.1 15 300   M    M   4 13     22 320
 9  82  64  73  -3   0   8 0.00    M    M  6.4 15 310   M    M   1        20 310
10  85  60  73  -3   0   8 0.00    M    M  2.0  9 150   M    M   0        11 150
11  87  64  76   0   0  11 0.00    M    M  5.4 13 140   M    M   2        17 180
12  86  67  77   2   0  12 0.36    M    M  8.0 21 190   M    M   3 13     27 180
13  91  70  81   6   0  16 0.91    M    M  7.2 21 230   M    M   4 138    33 240
14  88  68  78   3   0  13 0.01    M    M  6.3 18 310   M    M   3 3      24 330
15  86  67  77   2   0  12 0.00    M    M  5.2 15 290   M    M   1        20 310
16  82  62  72  -3   0   7 0.00    M    M  2.9  9  50   M    M   1        12  30
17  88  62  75   0   0  10 0.00    M    M  6.2 17 200   M    M   1        24 200
18  83  69  76   1   0  11 0.33    M    M  7.3 22  20   M    M   3 13     30 350
19  89  68  79   4   0  14 0.00    M    M  1.7 10 360   M    M   4 12     12  10
20  89  71  80   5   0  15 0.57    M    M  5.1 16  60   M    M   4 13     20  60
21  91  71  81   6   0  16 0.00    M    M  5.9 14 190   M    M   1 18     16 210
22  89  73  81   6   0  16 0.52    M    M  4.3 15 300   M    M   2 13     20 300
23  91  70  81   6   0  16 0.00    M    M  2.0  8 180   M    M   3 12     10 130
24  92  75  84  10   0  19 0.00    M    M  5.8 15 340   M    M   1 18     23 320
25  89  71  80   6   0  15 0.00    M    M  3.5 20 330   M    M   1        28 330
26  84  69  77   3   0  12 0.62    M    M  3.8 12  80   M    M   3 13     14  80
================================================================================
SM 2210 1734         4 293  7.13    M    134.0          M       83
================================================================================
AV 85.0 66.7                               5.2 FASTST   M    M   3    MAX(MPH)
                                 MISC ---->  # 28 360               # 37  360
================================================================================
NOTES:
# LAST OF SEVERAL OCCURRENCES

COLUMN 17 PEAK WIND IN M.P.H.

PRELIMINARY LOCAL CLIMATOLOGICAL DATA (WS FORM: F-6) , PAGE 2

                                          STATION:  TERRE HAUTE IN
                                          MONTH:    JULY
                                          YEAR:     2016
                                          LATITUDE:   39 27 N
                                          LONGITUDE:  87 18 W

[TEMPERATURE DATA]      [PRECIPITATION DATA]       SYMBOLS USED IN COLUMN 16

AVERAGE MONTHLY: 75.8   TOTAL FOR MONTH:   7.13    1 = FOG OR MIST
DPTR FM NORMAL:   0.6   DPTR FM NORMAL:    2.97    2 = FOG REDUCING VISIBILITY
HIGHEST:    92 ON 24    GRTST 24HR  1.68 ON  3- 3      TO 1/4 MILE OR LESS
LOWEST:     51 ON  2                               3 = THUNDER
                        SNOW, ICE PELLETS, HAIL    4 = ICE PELLETS
                        TOTAL MONTH:    M          5 = HAIL
                        GRTST 24HR    M  ON   M    6 = FREEZING RAIN OR DRIZZLE
                        GRTST DEPTH:  M  ON   M    7 = DUSTSTORM OR SANDSTORM:
                                                       VSBY 1/2 MILE OR LESS
                                                   8 = SMOKE OR HAZE
[NO. OF DAYS WITH]      [WEATHER - DAYS WITH]      9 = BLOWING SNOW
                                                   X = TORNADO
MAX 32 OR BELOW:   0    0.01 INCH OR MORE:  13
MAX 90 OR ABOVE:   5    0.10 INCH OR MORE:  10
MIN 32 OR BELOW:   0    0.50 INCH OR MORE:   7
MIN  0 OR BELOW:   0    1.00 INCH OR MORE:   2

[HDD (BASE 65) ]
TOTAL THIS MO.     4    CLEAR  (SCALE 0-3)  15
DPTR FM NORMAL     4    PTCLDY (SCALE 4-7)   9
TOTAL FM JUL 1     4    CLOUDY (SCALE 8-10)  2
DPTR FM NORMAL     4

[CDD (BASE 65) ]
TOTAL THIS MO.   293
DPTR FM NORMAL    28    [PRESSURE DATA]
TOTAL FM JAN 1   699    HIGHEST SLP M ON M
DPTR FM NORMAL   113    LOWEST  SLP 29.78 ON  7

[REMARKS]
