000
CXUS51 KCAR 270600
CF6HUL
PRELIMINARY LOCAL CLIMATOLOGICAL DATA (WS FORM: F-6)

                                          STATION:   HOULTON ME
                                          MONTH:     JULY
                                          YEAR:      2016
                                          LATITUDE:   46  7 N
                                          LONGITUDE:  67 48 W

  TEMPERATURE IN F:       :PCPN:    SNOW:  WIND      :SUNSHINE: SKY     :PK WND
================================================================================
1   2   3   4   5  6A  6B    7    8   9   10  11  12  13   14  15   16   17  18
                                     12Z  AVG MX 2MIN
DY MAX MIN AVG DEP HDD CDD  WTR  SNW DPTH SPD SPD DIR MIN PSBL S-S WX    SPD DR
================================================================================

 1  84  49  67   3   0   2 0.00    M    M  6.3 14 220   M    M   1        18 190
 2  73  55  64   0   1   0 0.49    M    M  8.0 21 270   M    M   7 13     29 270
 3  74  53  64  -1   1   0 0.00    M    M 10.9 23 280   M    M   1        35 260
 4  81  53  67   2   0   2 0.00    M    M  7.1 18 260   M    M   2        25 250
 5  83  53  68   3   0   3 0.07    M    M  5.3 20  20   M    M   5 1      26  10
 6  74  55  65   0   0   0    T    M    M  5.0 15 100   M    M   7 1      23 100
 7  55  50  53 -12  12   0 1.58    M    M  5.5 14 110   M    M  10 1      21  90
 8  63  52  58  -7   7   0 0.00    M    M  6.0 12  40   M    M  10 1      15  40
 9  65  51  58  -8   7   0 0.01    M    M  3.9 10 100   M    M  10 8      14 100
10  61  54  58  -8   7   0 0.22    M    M  4.6 12  60   M    M  10 1      16  50
11  78  47  63  -3   2   0 0.00    M    M  4.8 13 340   M    M   3 12     17 330
12  85  49  67   1   0   2 0.00    M    M  3.5 14 260   M    M   2        22 240
13  86  53  70   4   0   5 0.00    M    M  6.3 18 230   M    M   2 1      24 190
14  87  66  77  11   0  12 0.18    M    M  9.6 21 190   M    M   5 1      31 210
15  84  62  73   7   0   8 0.00    M    M  7.7 18 250   M    M   4        26 280
16  79  57  68   2   0   3 0.00    M    M  4.8 12  30   M    M   2 1      18 360
17  74  58  66   0   0   1 0.13    M    M  3.0 10 200   M    M   6 13     14 190
18  81  61  71   5   0   6    T    M    M  7.7 17 210   M    M   5 1      28 190
19  72  49  61  -5   4   0 0.00    M    M  6.8 17 280   M    M   5        26 270
20  78  52  65  -1   0   0 0.00    M    M  8.6 20 300   M    M   0        28 310
21  84  50  67   1   0   2 0.00    M    M  6.5 16 230   M    M   1        22 250
22  88  66  77  11   0  12 0.00    M    M  9.1 17 240   M    M   2 3      25 230
23  84  59  72   6   0   7 0.57    M    M  3.6 24 310   M    M   2 13     36 310
24  84  55  70   4   0   5 0.00    M    M  4.4 13 360   M    M   1 1      18  10
25  82  55  69   3   0   4 0.16    M    M  2.4  9 220   M    M   2 1      13 170
26  84  61  73   7   0   8 0.09    M    M  4.2 15  20   M    M   7 1      22 310
================================================================================
SM 2023 1425        41  82  3.50    M    155.6          M      112
================================================================================
AV 77.8 54.8                               6.0 FASTST   M    M   4    MAX(MPH)
                                 MISC ---->  # 24 310               # 36  310
================================================================================
NOTES:
# LAST OF SEVERAL OCCURRENCES

COLUMN 17 PEAK WIND IN M.P.H.

PRELIMINARY LOCAL CLIMATOLOGICAL DATA (WS FORM: F-6) , PAGE 2

                                          STATION:  HOULTON ME
                                          MONTH:    JULY
                                          YEAR:     2016
                                          LATITUDE:   46  7 N
                                          LONGITUDE:  67 48 W

[TEMPERATURE DATA]      [PRECIPITATION DATA]       SYMBOLS USED IN COLUMN 16

AVERAGE MONTHLY: 66.3   TOTAL FOR MONTH:   3.50    1 = FOG OR MIST
DPTR FM NORMAL:   0.7   DPTR FM NORMAL:    0.45    2 = FOG REDUCING VISIBILITY
HIGHEST:    88 ON 22    GRTST 24HR  1.58 ON  7- 7      TO 1/4 MILE OR LESS
LOWEST:     47 ON 11                               3 = THUNDER
                        SNOW, ICE PELLETS, HAIL    4 = ICE PELLETS
                        TOTAL MONTH:    M          5 = HAIL
                        GRTST 24HR    M  ON   M    6 = FREEZING RAIN OR DRIZZLE
                        GRTST DEPTH:  M  ON   M    7 = DUSTSTORM OR SANDSTORM:
                                                       VSBY 1/2 MILE OR LESS
                                                   8 = SMOKE OR HAZE
[NO. OF DAYS WITH]      [WEATHER - DAYS WITH]      9 = BLOWING SNOW
                                                   X = TORNADO
MAX 32 OR BELOW:   0    0.01 INCH OR MORE:  10
MAX 90 OR ABOVE:   0    0.10 INCH OR MORE:   7
MIN 32 OR BELOW:   0    0.50 INCH OR MORE:   2
MIN  0 OR BELOW:   0    1.00 INCH OR MORE:   1

[HDD (BASE 65) ]
TOTAL THIS MO.    41    CLEAR  (SCALE 0-3)  13
DPTR FM NORMAL   -14    PTCLDY (SCALE 4-7)   9
TOTAL FM JUL 1    41    CLOUDY (SCALE 8-10)  4
DPTR FM NORMAL   -14

[CDD (BASE 65) ]
TOTAL THIS MO.    82
DPTR FM NORMAL     6    [PRESSURE DATA]
TOTAL FM JAN 1   119    HIGHEST SLP M ON M
DPTR FM NORMAL     4    LOWEST  SLP 29.56 ON 22

[REMARKS]
