000
CXUS56 KMTR 301000
CF6HWD
PRELIMINARY LOCAL CLIMATOLOGICAL DATA (WS FORM: F-6)

                                          STATION:   HAYWARD AIRPORT
                                          MONTH:     JANUARY
                                          YEAR:      2015
                                          LATITUDE:   37 39 N
                                          LONGITUDE: 122  7 W

  TEMPERATURE IN F:       :PCPN:    SNOW:  WIND      :SUNSHINE: SKY     :PK WND
================================================================================
1   2   3   4   5  6A  6B    7    8   9   10  11  12  13   14  15   16   17  18
                                     12Z  AVG MX 2MIN
DY MAX MIN AVG DEP HDD CDD  WTR  SNW DPTH SPD SPD DIR MIN PSBL S-S WX    SPD DR
================================================================================

 1  57  38  48  -1  17   0 0.00  0.0    0  4.2  9  40   M    M   0         M  M
 2  49  37  43  -6  22   0 0.00  0.0    0  4.7  8  60   M    M   0        20 280
 3  49  33  41  -8  24   0 0.00  0.0    0  3.3  9 290   M    M   0        10 290
 4  49  36  43  -6  22   0 0.00  0.0    0  3.0 10 100   M    M   0 18     12  50
 5  56  38  47  -2  18   0 0.00  0.0    0  2.6  8 120   M    M   0 18     10  80
 6  57  38  48  -2  17   0 0.00  0.0    0  1.8  8  60   M    M   0 18      9  70
 7  62  41  52   2  13   0 0.00  0.0    0  1.5  6 290   M    M   0 18      8 260
 8  60  46  53   3  12   0 0.00  0.0    0  0.9  7 270   M    M   0 18      8  60
 9  59  46  53   3  12   0 0.00  0.0    0  1.4  9 270   M    M   0 18     22  30
10  62  43  53   3  12   0 0.00  0.0    0  2.5  9 270   M    M   2 18     10 270
11  60  41  51   1  14   0 0.00  0.0    0  2.2  8  60   M    M   3 18     10 210
12  59  45  52   2  13   0 0.00  0.0    M  1.9  7 270   M    M   1 18      8 280
13  69  43  56   6   9   0 0.00  0.0    0  3.5 14  30   M    M   1 128    17  10
14  64  43  54   4  11   0 0.00  0.0    0  4.4 13  50   M    M   0 8      17 130
15  61  43  52   2  13   0 0.00  0.0    0  1.8 12 320   M    M   0 18     25 220
16  65  48  57   7   8   0 0.00  0.0    0  4.1 14  50   M    M   5 18     35  30
17  61  51  56   6   9   0 0.00  0.0    0  3.7 12  60   M    M   2 18     15  70
18  62  50  56   6   9   0 0.00  0.0    0  1.5  7 260   M    M   3 128    44 210
19  63  50  57   7   8   0 0.00  0.0    0  5.1 13 120   M    M   4        25 350
20  59  48  54   4  11   0 0.00  0.0    0  3.0  7 270   M    M   2 128     M  M
21  67  44  56   6   9   0 0.00  0.0    0  4.0 10 260   M    M   0        17 210
22  59  46  53   3  12   0 0.00  0.0    0  7.1 15  40   M    M   0 8      21  40
23  65  42  54   4  11   0 0.00  0.0    0  2.8  8  60   M    M   0        14  90
24  74  46  60  10   5   0 0.00  0.0    0  2.9 16  60   M    M   0        36  30
25  64  46  55   5  10   0 0.00  0.0    0  6.8 15  50   M    M   0        20  50
26  66  45  56   6   9   0 0.00  0.0    0  3.1 12  40   M    M   0        15  40
27  70  53  62  12   3   0 0.00  0.0    0  6.4 15 160   M    M   5        18 160
28  66  48  57   7   8   0 0.00  0.0    0  3.8 12  50   M    M   0 8      22 330
29  67  43  55   4  10   0 0.00  0.0    0  3.3 10 280   M    M   0 18     13 280
================================================================================
SM 1781 1271       351   0  0.00     0.0  97.3          M       28
================================================================================
AV 61.4 43.8                               3.4 FASTST   M    M   1    MAX(MPH)
                                 MISC ---->  # 16  60               # 44  210
================================================================================
NOTES:
# LAST OF SEVERAL OCCURRENCES

COLUMN 17 PEAK WIND IN M.P.H.

PRELIMINARY LOCAL CLIMATOLOGICAL DATA (WS FORM: F-6) , PAGE 2

                                          STATION:  HAYWARD AIRPORT
                                          MONTH:    JANUARY
                                          YEAR:     2015
                                          LATITUDE:   37 39 N
                                          LONGITUDE: 122  7 W

[TEMPERATURE DATA]      [PRECIPITATION DATA]       SYMBOLS USED IN COLUMN 16

AVERAGE MONTHLY: 52.6   TOTAL FOR MONTH:   0.00    1 = FOG OR MIST
DPTR FM NORMAL:   2.8   DPTR FM NORMAL:   -3.11    2 = FOG REDUCING VISIBILITY
HIGHEST:    74 ON 24    GRTST 24HR  0.00 ON 29-29      TO 1/4 MILE OR LESS
LOWEST:     33 ON  3                               3 = THUNDER
                        SNOW, ICE PELLETS, HAIL    4 = ICE PELLETS
                        TOTAL MONTH:   0.0 INCH    5 = HAIL
                        GRTST 24HR     0.0         6 = FREEZING RAIN OR DRIZZLE
                        GRTST DEPTH:   0           7 = DUSTSTORM OR SANDSTORM:
                                                       VSBY 1/2 MILE OR LESS
                                                   8 = SMOKE OR HAZE
[NO. OF DAYS WITH]      [WEATHER - DAYS WITH]      9 = BLOWING SNOW
                                                   X = TORNADO
MAX 32 OR BELOW:   0    0.01 INCH OR MORE:   0
MAX 90 OR ABOVE:   0    0.10 INCH OR MORE:   0
MIN 32 OR BELOW:   0    0.50 INCH OR MORE:   0
MIN  0 OR BELOW:   0    1.00 INCH OR MORE:   0

[HDD (BASE 65) ]
TOTAL THIS MO.   351    CLEAR  (SCALE 0-3)  25
DPTR FM NORMAL   -91    PTCLDY (SCALE 4-7)   4
TOTAL FM JUL 1   878    CLOUDY (SCALE 8-10)  0
DPTR FM NORMAL  -517

[CDD (BASE 65) ]
TOTAL THIS MO.     0
DPTR FM NORMAL     0    [PRESSURE DATA]
TOTAL FM JAN 1     0    HIGHEST SLP M ON M
DPTR FM NORMAL     0    LOWEST  SLP 29.95 ON M

[REMARKS]
