000
CXUS55 KPIH 211200
CF6IDA

PRELIMINARY LOCAL CLIMATOLOGICAL DATA (WS FORM: F-6)

                                          STATION:   IDAHO FALLS ID
                                          MONTH:     NOVEMBER
                                          YEAR:      2017
                                          LATITUDE:   43 31 N
                                          LONGITUDE: 112  4 W

  TEMPERATURE IN F:       :PCPN:    SNOW:  WIND      :SUNSHINE: SKY     :PK WND
================================================================================
1   2   3   4   5  6A  6B    7    8   9   10  11  12  13   14  15   16   17  18
                                     12Z  AVG MX 2MIN
DY MAX MIN AVG DEP HDD CDD  WTR  SNW DPTH SPD SPD DIR MIN PSBL S-S WX    SPD DR
================================================================================

 1  59  41  50  11  15   0 0.06    M    M 23.0 41 230   M    M   6 78     54 220
 2  56  39  48   9  17   0 0.01    M    M 10.4 26 230   M    M   8        33 220
 3  51  39  45   7  20   0 0.01    M    M 14.0 26 200   M    M   8        35 200
 4  45  30  38   0  27   0 0.07    M    M 19.4 30 220   M    M  10 1      40 190
 5  41  26  34  -4  31   0 0.00    M    M 13.0 23 210   M    M   6        29 210
 6  41  29  35  -2  30   0    T    M    M 10.3 24 200   M    M  10 1      30 190
 7  37  17  27 -10  38   0 0.00    M    M  3.0  9 360   M    M   3 1      11 350
 8  38  19  29  -7  36   0 0.00    M    M  4.2 14  20   M    M   4        17  20
 9  53  29  41   5  24   0    T    M    M  6.4 24 200   M    M   8        29 200
10  52  31  42   7  23   0 0.00    M    M 11.0 22 210   M    M   5        29 220
11  44  22  33  -2  32   0    T    M    M 11.1 25 220   M    M   6        33 210
12  53  20  37   3  28   0 0.00    M    M  4.2 10 330   M    M   2        16 330
13  58  22  40   6  25   0 0.00    M    M  5.6 17 210   M    M   2        21 210
14  48  21  35   2  30   0    T    M    M 14.6 30 210   M    M   4        37 200
15  48  20  34   1  31   0 0.14    M    M  6.4 15 200   M    M   6 1      18 190
16  48  38  43  11  22   0 0.29    M    M 16.8 31 190   M    M  10 1      39 180
17  41  27  34   2  31   0 0.01    M    M 13.5 28 330   M    M   7 1      38 290
18  37  23  30  -1  35   0 0.00    M    M  9.2 16 200   M    M   3        20 200
19  40  20  30   0  35   0 0.00    M    M  2.5  8 300   M    M   2        10 150
20  43  26  35   5  30   0    T    M    M  9.2 24 210   M    M   8 1      30 200
================================================================================
SM  933  539       560   0  0.59    M    207.8          M      118
================================================================================
AV 46.7 27.0                              10.4 FASTST   M    M   6    MAX(MPH)
                                 MISC ---->  # 41 230               # 54  220
================================================================================
NOTES:
# LAST OF SEVERAL OCCURRENCES
PRECIPITATION SUSPECT DURING FREEZING/FROZEN EVENTS

COLUMN 17 PEAK WIND IN M.P.H.

PRELIMINARY LOCAL CLIMATOLOGICAL DATA (WS FORM: F-6) , PAGE 2

                                          STATION:  IDAHO FALLS ID
                                          MONTH:    NOVEMBER
                                          YEAR:     2017
                                          LATITUDE:   43 31 N
                                          LONGITUDE: 112  4 W

[TEMPERATURE DATA]      [PRECIPITATION DATA]       SYMBOLS USED IN COLUMN 16

AVERAGE MONTHLY: 36.8   TOTAL FOR MONTH:   0.59    1 = FOG OR MIST
DPTR FM NORMAL:   2.0   DPTR FM NORMAL:    0.03    2 = FOG REDUCING VISIBILITY
HIGHEST:    59 ON  1    GRTST 24HR  0.29 ON 16-16      TO 1/4 MILE OR LESS
LOWEST:     17 ON  7                               3 = THUNDER
                        SNOW, ICE PELLETS, HAIL    4 = ICE PELLETS
                        TOTAL MONTH:    M          5 = HAIL
                        GRTST 24HR    M  ON   M    6 = FREEZING RAIN OR DRIZZLE
                        GRTST DEPTH:  M  ON   M    7 = DUSTSTORM OR SANDSTORM:
                                                       VSBY 1/2 MILE OR LESS
                                                   8 = SMOKE OR HAZE
[NO. OF DAYS WITH]      [WEATHER - DAYS WITH]      9 = BLOWING SNOW
                                                   X = TORNADO
MAX 32 OR BELOW:   0    0.01 INCH OR MORE:   7
MAX 90 OR ABOVE:   0    0.10 INCH OR MORE:   2
MIN 32 OR BELOW:  16    0.50 INCH OR MORE:   0
MIN  0 OR BELOW:   0    1.00 INCH OR MORE:   0

[HDD (BASE 65) ]
TOTAL THIS MO.   560    CLEAR  (SCALE 0-3)   5
DPTR FM NORMAL   -42    PTCLDY (SCALE 4-7)  10
TOTAL FM JUL 1  1559    CLOUDY (SCALE 8-10)  5
DPTR FM NORMAL    35

[CDD (BASE 65) ]
TOTAL THIS MO.     0
DPTR FM NORMAL     0    [PRESSURE DATA]
TOTAL FM JAN 1   362    HIGHEST SLP M ON M
DPTR FM NORMAL    98    LOWEST  SLP 29.67 ON 16

[REMARKS]
