000
CXUS53 KUNR 280945
CF6IEN
PRELIMINARY LOCAL CLIMATOLOGICAL DATA (WS FORM: F-6)

                                          STATION:   PINE RIDGE SD
                                          MONTH:     MAY
                                          YEAR:      2015
                                          LATITUDE:   43  1 N
                                          LONGITUDE: 102 31 W

  TEMPERATURE IN F:       :PCPN:    SNOW:  WIND      :SUNSHINE: SKY     :PK WND
================================================================================
1   2   3   4   5  6A  6B    7    8   9   10  11  12  13   14  15   16   17  18
                                     12Z  AVG MX 2MIN
DY MAX MIN AVG DEP HDD CDD  WTR  SNW DPTH SPD SPD DIR MIN PSBL S-S WX    SPD DR
================================================================================

 1  73  33  53   3  12   0 0.00    M    M  3.6 13 190   M    M   0        17 190
 2  82  45  64  13   1   0 0.00    M    M  8.8 22 270   M    M   0        29 280
 3  71  39  55   4  10   0 0.00    M    M  9.8 28  30   M    M   0        35  30
 4  59  38  49  -3  16   0 0.01    M    M  6.5 17 100   M    M   8        21 110
 5  63  38  51  -1  14   0    T    M    M  9.1 17 150   M    M   8 8      23 140
 6  69  49  59   7   6   0 0.59    M    M  8.4 22 350   M    M  10 1      30 340
 7  55  38  47  -5  18   0 0.05    M    M  9.3 20  10   M    M   9 1      25  20
 8  61  33  47  -6  18   0 0.09    M    M  5.3 15  90   M    M   9 1      21  80
 9  48  30  39 -14  26   0 2.31    M    M 15.3 28  70   M    M   9 123    35  70
10  35  30  33 -21  32   0 0.32    M    M 16.3 25 340   M    M  10 1      34 340
11  46  31  39 -15  26   0 0.00    M    M  7.8 21 330   M    M   4 18     28 320
12  74  33  54   0  11   0 0.00    M    M 17.8 33 180   M    M   0        44 180
13  67  52  60   5   5   0 0.06    M    M 14.8 31 180   M    M   4        40 180
14  71  48  60   5   5   0 0.00    M    M  8.8 17  70   M    M   5 12     22  70
15  67  49  58   3   7   0 1.72    M    M 12.0 33 240   M    M  10 13     48 230
16  72  47  60   4   5   0 0.00    M    M  6.0 17 140   M    M   5 12     23 150
17  62  42  52  -4  13   0 0.15    M    M  9.5 21 350   M    M   7        30 350
18  58  38  48  -8  17   0 0.00    M    M  7.5 17  10   M    M   6        22 360
19  45  32  39 -18  26   0 0.55    M    M  6.8 15 130   M    M  10 1      18  90
20  48  29  39 -18  26   0 0.09    M    M  2.5  9  10   M    M   7 1      12  10
21  62  24  43 -14  22   0 0.00    M    M  4.8 14 180   M    M   4 1      23 140
22  58  47  53  -5  12   0 0.00    M    M 13.0 24 150   M    M  10        30 150
23  63  46  55  -3  10   0 0.05    M    M 10.3 17 120   M    M  10 1      22 120
24  66  52  59   1   6   0 0.37    M    M  9.2 21  30   M    M  10 13     26  30
25  62  53  58  -1   7   0 0.39    M    M  6.3 20 290   M    M  10 13     23 300
26  69  51  60   1   5   0 0.00    M    M  3.7 12 140   M    M   6        15 140
27  76  51  64   5   1   0 0.31    M    M 11.9 26 190   M    M   4 13     35 190
================================================================================
SM 1682 1098       357   0  7.06    M    245.1          M      175
================================================================================
AV 62.3 40.7                               9.1 FASTST   M    M   6    MAX(MPH)
                                 MISC ---->  # 33 180               # 48  230
================================================================================
NOTES:
# LAST OF SEVERAL OCCURRENCES

COLUMN 17 PEAK WIND IN M.P.H.

PRELIMINARY LOCAL CLIMATOLOGICAL DATA (WS FORM: F-6) , PAGE 2

                                          STATION:  PINE RIDGE SD
                                          MONTH:    MAY
                                          YEAR:     2015
                                          LATITUDE:   43  1 N
                                          LONGITUDE: 102 31 W

[TEMPERATURE DATA]      [PRECIPITATION DATA]       SYMBOLS USED IN COLUMN 16

AVERAGE MONTHLY: 51.5   TOTAL FOR MONTH:   7.06    1 = FOG OR MIST
DPTR FM NORMAL:  -3.4   DPTR FM NORMAL:    4.86    2 = FOG REDUCING VISIBILITY
HIGHEST:    82 ON  2    GRTST 24HR  2.53 ON  9-10      TO 1/4 MILE OR LESS
LOWEST:     24 ON 21                               3 = THUNDER
                        SNOW, ICE PELLETS, HAIL    4 = ICE PELLETS
                        TOTAL MONTH:    M          5 = HAIL
                        GRTST 24HR    M  ON   M    6 = FREEZING RAIN OR DRIZZLE
                        GRTST DEPTH:  M  ON   M    7 = DUSTSTORM OR SANDSTORM:
                                                       VSBY 1/2 MILE OR LESS
                                                   8 = SMOKE OR HAZE
[NO. OF DAYS WITH]      [WEATHER - DAYS WITH]      9 = BLOWING SNOW
                                                   X = TORNADO
MAX 32 OR BELOW:   0    0.01 INCH OR MORE:  15
MAX 90 OR ABOVE:   0    0.10 INCH OR MORE:   9
MIN 32 OR BELOW:   6    0.50 INCH OR MORE:   4
MIN  0 OR BELOW:   0    1.00 INCH OR MORE:   2

[HDD (BASE 65) ]
TOTAL THIS MO.   357    CLEAR  (SCALE 0-3)   4
DPTR FM NORMAL    76    PTCLDY (SCALE 4-7)  12
TOTAL FM JUL 1  6827    CLOUDY (SCALE 8-10) 11
DPTR FM NORMAL  -274

[CDD (BASE 65) ]
TOTAL THIS MO.     0
DPTR FM NORMAL   -10    [PRESSURE DATA]
TOTAL FM JAN 1     0    HIGHEST SLP M ON M
DPTR FM NORMAL   -10    LOWEST  SLP 29.30 ON 16

[REMARKS]
