000
CXUS55 KVEF 260940
CF6IGM
PRELIMINARY LOCAL CLIMATOLOGICAL DATA (WS FORM: F-6)

                                          STATION:   KINGMAN AZ
                                          MONTH:     JULY
                                          YEAR:      2014
                                          LATITUDE:   35 16 N
                                          LONGITUDE: 113 57 W

  TEMPERATURE IN F:       :PCPN:    SNOW:  WIND      :SUNSHINE: SKY     :PK WND
================================================================================
1   2   3   4   5  6A  6B    7    8   9   10  11  12  13   14  15   16   17  18
                                     12Z  AVG MX 2MIN
DY MAX MIN AVG DEP HDD CDD  WTR  SNW DPTH SPD SPD DIR MIN PSBL S-S WX    SPD DR
================================================================================

 1 103  72  88   6   0  23 0.00  0.0    0 13.2 32 110   M    M   0 8      38 110
 2 102  72  87   5   0  22 0.00  0.0    0 13.8 31 230   M    M   0        38 230
 3  99  74  87   5   0  22 0.00  0.0    0 12.4 28 230   M    M   0        35 220
 4  92  73  83   1   0  18 0.00  0.0    0 10.9 25 150   M    M   1 3      31 150
 5  96  71  84   1   0  19    T  0.0    0  9.7 26 120   M    M   3        33 130
 6  95  73  84   1   0  19 0.06  0.0    0 10.7 32 330   M    M   2 3      41 330
 7  98  70  84   1   0  19    T  0.0    0  7.5 32 150   M    M   2 38     37 140
 8  99  70  85   2   0  20 0.79  0.0    0 11.5 37 120   M    M   3 38     42 120
 9  91  70  81  -2   0  16 0.00  0.0    0 12.2 24 100   M    M   1 3      28 100
10  86  66  76  -7   0  11 0.23  0.0    0  8.2 31 360   M    M   0 13     37 360
11  95  63  79  -5   0  14 0.00  0.0    0  7.8 24 240   M    M   0        28 240
12 101  66  84   0   0  19 0.00  0.0    0  7.3 20 250   M    M   0        24 250
13 101  71  86   2   0  21 0.02  0.0    0  7.6 36 150   M    M   1 38     44 150
14  91  71  81  -3   0  16    T  0.0    0  9.1 39 150   M    M   1 38     46 150
15  92  73  83  -1   0  18    T  0.0    0  7.3 20 120   M    M   3        22 120
16  96  70  83  -1   0  18 0.00  0.0    0 10.0 20 230   M    M   0        28 250
17  98  71  85   1   0  20 0.00  0.0    0 11.5 22 230   M    M   0        27 240
18  97  66  82  -2   0  17 0.00  0.0    0 12.7 23 240   M    M   0        35 230
19  91  69  80  -4   0  15    T  0.0    0  9.6 21 240   M    M   1        26 220
20  97  65  81  -3   0  16 0.00  0.0    0 12.5 32 200   M    M   0        39 200
21  98  67  83  -1   0  18 0.00  0.0    0 13.0 29 210   M    M   0        35 220
22 101  67  84   0   0  19 0.00  0.0    0  8.7 20 240   M    M   0        24 250
23 104  70  87   3   0  22 0.00  0.0    0  8.3 21 240   M    M   0        27 250
24 105  73  89   5   0  24 0.00  0.0    0 12.2 37 120   M    M   0 8      44 120
25 100  71  86   2   0  21 0.04  0.0    0 16.2 35 120   M    M   3 3      41 130
================================================================================
SM 2428 1744         0 467  1.14     0.0 263.9          M       21
================================================================================
AV 97.1 69.8                              10.6 FASTST   M    M   1    MAX(MPH)
                                 MISC ---->  # 39 150               # 46  150
================================================================================
NOTES:
# LAST OF SEVERAL OCCURRENCES

COLUMN 17 PEAK WIND IN M.P.H.

PRELIMINARY LOCAL CLIMATOLOGICAL DATA (WS FORM: F-6) , PAGE 2

                                          STATION:  KINGMAN AZ
                                          MONTH:    JULY
                                          YEAR:     2014
                                          LATITUDE:   35 16 N
                                          LONGITUDE: 113 57 W

[TEMPERATURE DATA]      [PRECIPITATION DATA]       SYMBOLS USED IN COLUMN 16

AVERAGE MONTHLY: 83.4   TOTAL FOR MONTH:   1.14    1 = FOG OR MIST
DPTR FM NORMAL:   0.0   DPTR FM NORMAL:    0.56    2 = FOG REDUCING VISIBILITY
HIGHEST:   105 ON 24    GRTST 24HR  0.79 ON  8- 8      TO 1/4 MILE OR LESS
LOWEST:     63 ON 11                               3 = THUNDER
                        SNOW, ICE PELLETS, HAIL    4 = ICE PELLETS
                        TOTAL MONTH:   0.0 INCH    5 = HAIL
                        GRTST 24HR     0.0         6 = FREEZING RAIN OR DRIZZLE
                        GRTST DEPTH:   0           7 = DUSTSTORM OR SANDSTORM:
                                                       VSBY 1/2 MILE OR LESS
                                                   8 = SMOKE OR HAZE
[NO. OF DAYS WITH]      [WEATHER - DAYS WITH]      9 = BLOWING SNOW
                                                   X = TORNADO
MAX 32 OR BELOW:   0    0.01 INCH OR MORE:   5
MAX 90 OR ABOVE:  24    0.10 INCH OR MORE:   2
MIN 32 OR BELOW:   0    0.50 INCH OR MORE:   1
MIN  0 OR BELOW:   0    1.00 INCH OR MORE:   0

[HDD (BASE 65) ]
TOTAL THIS MO.     0    CLEAR  (SCALE 0-3)  23
DPTR FM NORMAL     0    PTCLDY (SCALE 4-7)   2
TOTAL FM JUL 1     0    CLOUDY (SCALE 8-10)  0
DPTR FM NORMAL     0

[CDD (BASE 65) ]
TOTAL THIS MO.   467
DPTR FM NORMAL     6    [PRESSURE DATA]
TOTAL FM JAN 1  1132    HIGHEST SLP M ON M
DPTR FM NORMAL    88    LOWEST  SLP 29.64 ON  1

[REMARKS]
