000
CXUS52 KILM 251000
CF6ILM
PRELIMINARY LOCAL CLIMATOLOGICAL DATA (WS FORM: F-6)

                                          STATION:   WILMINGTON NORTH CAROLINA
                                          MONTH:     APRIL
                                          YEAR:      2017
                                          LATITUDE:   34 16 N
                                          LONGITUDE:  77 55 W

  TEMPERATURE IN F:       :PCPN:    SNOW:  WIND      :SUNSHINE: SKY     :PK WND
================================================================================
1   2   3   4   5  6A  6B    7    8   9   10  11  12  13   14  15   16   17  18
                                     12Z  AVG MX 2MIN
DY MAX MIN AVG DEP HDD CDD  WTR  SNW DPTH SPD SPD DIR MIN PSBL S-S WX    SPD DR
================================================================================

 1  79  54  67   8   0   2 0.00  0.0    0  8.9 18 320   M    M   0        24 310
 2  66  50  58  -2   7   0 0.00  0.0    0  9.2 17  40   M    M   0        22  60
 3  79  54  67   7   0   2 0.67  0.0    0 13.7 29 200   M    M   6 13     38 180
 4  83  66  75  15   0  10 0.00  0.0    0 14.5 26 190   M    M   2        36 210
 5  83  60  72  12   0   7 0.93  0.0    0  6.5 26 300   M    M   3 123    32 300
 6  73  55  64   3   1   0 1.23  0.0    0 19.4 37 240   M    M   4 13     50 250
 7  64  48  56  -5   9   0 0.00  0.0    0 14.4 31 280   M    M   2        36 280
 8  65  37  51 -10  14   0 0.00  0.0    0  4.9 16 180   M    M   0        21 330
 9  72  42  57  -4   8   0 0.00  0.0    0  4.4 15 190   M    M   0        20 170
10  75  47  61  -1   4   0 0.00  0.0    0  5.6 17 180   M    M   1        24 160
11  77  51  64   2   1   0 0.00  0.0    0  5.6 18 180   M    M   0 1      22 170
12  79  53  66   4   0   1 0.00  0.0    0  3.4 13 160   M    M   0 1      17 140
13  82  55  69   7   0   4 0.00  0.0    0  4.1 14 130   M    M   4 1      20 130
14  78  51  65   2   0   0 0.00  0.0    0  4.9 13 110   M    M   1 1      17 150
15  81  58  70   7   0   5 0.00  0.0    0  6.9 17 200   M    M   2 1      22 180
16  82  63  73  10   0   8 0.00  0.0    0 10.2 18 220   M    M   1        27 200
17  83  61  72   9   0   7 0.00  0.0    0  9.3 17 200   M    M   0        23 170
18  71  61  66   2   0   1    T  0.0    0  7.8 16  70   M    M   8 1      28 350
19  77  58  68   4   0   3 0.00  0.0    0  8.1 21 100   M    M   6        26 100
20  84  60  72   8   0   7 0.00  0.0    0  6.0 13 210   M    M   3 12     16 190
21  88  66  77  13   0  12 0.00  0.0    0 10.9 20 200   M    M   0        25 200
22  85  68  77  13   0  12 0.00  0.0    0 12.1 21 200   M    M   0 3      27 180
23  71  59  65   0   0   0 0.50  0.0    0  9.9 17  40   M    M   9 13     20  60
24  68  61  65   0   0   0 3.67  0.0    0  7.1 18 120   M    M  10 1      25  90
================================================================================
SM 1845 1338        44  81  7.00     0.0 207.8          M       62
================================================================================
AV 76.9 55.8                               8.7 FASTST   M    M   3    MAX(MPH)
                                 MISC ---->  # 37 240               # 50  250
================================================================================
NOTES:
# LAST OF SEVERAL OCCURRENCES

COLUMN 17 PEAK WIND IN M.P.H.

PRELIMINARY LOCAL CLIMATOLOGICAL DATA (WS FORM: F-6) , PAGE 2

                                          STATION:  WILMINGTON NORTH CAROLINA
                                          MONTH:    APRIL
                                          YEAR:     2017
                                          LATITUDE:   34 16 N
                                          LONGITUDE:  77 55 W

[TEMPERATURE DATA]      [PRECIPITATION DATA]       SYMBOLS USED IN COLUMN 16

AVERAGE MONTHLY: 66.3   TOTAL FOR MONTH:   7.00    1 = FOG OR MIST
DPTR FM NORMAL:   4.1   DPTR FM NORMAL:    4.74    2 = FOG REDUCING VISIBILITY
HIGHEST:    88 ON 21    GRTST 24HR  3.67 ON 24-24      TO 1/4 MILE OR LESS
LOWEST:     37 ON  8                               3 = THUNDER
                        SNOW, ICE PELLETS, HAIL    4 = ICE PELLETS
                        TOTAL MONTH:   0.0 INCH    5 = HAIL
                        GRTST 24HR     0.0         6 = FREEZING RAIN OR DRIZZLE
                        GRTST DEPTH:   0           7 = DUSTSTORM OR SANDSTORM:
                                                       VSBY 1/2 MILE OR LESS
                                                   8 = SMOKE OR HAZE
[NO. OF DAYS WITH]      [WEATHER - DAYS WITH]      9 = BLOWING SNOW
                                                   X = TORNADO
MAX 32 OR BELOW:   0    0.01 INCH OR MORE:   5
MAX 90 OR ABOVE:   0    0.10 INCH OR MORE:   5
MIN 32 OR BELOW:   0    0.50 INCH OR MORE:   5
MIN  0 OR BELOW:   0    1.00 INCH OR MORE:   2

[HDD (BASE 65) ]
TOTAL THIS MO.    44    CLEAR  (SCALE 0-3)  17
DPTR FM NORMAL   -72    PTCLDY (SCALE 4-7)   4
TOTAL FM JUL 1  1932    CLOUDY (SCALE 8-10)  3
DPTR FM NORMAL  -436

[CDD (BASE 65) ]
TOTAL THIS MO.    81
DPTR FM NORMAL    34    [PRESSURE DATA]
TOTAL FM JAN 1   111    HIGHEST SLP M ON M
DPTR FM NORMAL    43    LOWEST  SLP 29.55 ON  6

[REMARKS]
