000
CXUS52 KILM 191000
CF6ILM
PRELIMINARY LOCAL CLIMATOLOGICAL DATA (WS FORM: F-6)

                                          STATION:   WILMINGTON NC
                                          MONTH:     DECEMBER
                                          YEAR:      2014
                                          LATITUDE:   34 16 N
                                          LONGITUDE:  77 55 W

  TEMPERATURE IN F:       :PCPN:    SNOW:  WIND      :SUNSHINE: SKY     :PK WND
================================================================================
1   2   3   4   5  6A  6B    7    8   9   10  11  12  13   14  15   16   17  18
                                     12Z  AVG MX 2MIN
DY MAX MIN AVG DEP HDD CDD  WTR  SNW DPTH SPD SPD DIR MIN PSBL S-S WX    SPD DR
================================================================================

 1  74  43  59   7   6   0 0.00  0.0    0  5.0 16 250   M    M   0 12     20 250
 2  62  44  53   1  12   0 0.00  0.0    0  5.4 13  30   M    M   9 12     14  30
 3  71  51  61   9   4   0 0.00  0.0    0  2.4  9 330   M    M   5 128    10 330
 4  62  45  54   3  11   0 0.00  0.0    0  6.5 15  30   M    M   6 12     19  30
 5  65  42  54   3  11   0 0.00  0.0    0  6.3 12  50   M    M   2        13  60
 6  67  52  60   9   5   0 0.22  0.0    0  3.9 12 250   M    M   8 12     16 240
 7  61  42  52   2  13   0    T  0.0    0 16.2 26 350   M    M  10 1      36  10
 8  59  40  50   0  15   0 0.02  0.0    0 12.3 23  20   M    M   4 1      28  40
 9  46  41  44  -6  21   0 0.10  0.0    0 12.4 18 310   M    M  10 1      23 330
10  55  38  47  -3  18   0 0.00  0.0    0 10.4 18 300   M    M   5        24 310
11  51  29  40 -10  25   0 0.00  0.0    0  5.8 15 270   M    M   0        20 290
12  59  31  45  -4  20   0 0.00  0.0    0  6.2 15 270   M    M   0        21 330
13  61  30  46  -3  19   0 0.00  0.0    0  2.9 13 350   M    M   0        16 350
14  59  32  46  -3  19   0 0.00  0.0    0  3.1 10 340   M    M   0 1      14 340
15  62  31  47  -1  18   0 0.00  0.0    0  1.0  9 120   M    M   0 18     11 130
16  68  37  53   5  12   0    T  0.0    0  8.0 23 200   M    M   4 1      31 200
17  62  40  51   3  14   0 0.00  0.0    0  5.3 13 270   M    M   0 1      16 270
18  58  35  47  -1  18   0 0.00  0.0    0  3.0 13  30   M    M   0        16  50
================================================================================
SM 1102  703       261   0  0.34     0.0 116.1          M       63
================================================================================
AV 61.2 39.1                               6.4 FASTST   M    M   4    MAX(MPH)
                                 MISC ---->  # 26 350               # 36   10
================================================================================
NOTES:
# LAST OF SEVERAL OCCURRENCES

COLUMN 17 PEAK WIND IN M.P.H.

PRELIMINARY LOCAL CLIMATOLOGICAL DATA (WS FORM: F-6) , PAGE 2

                                          STATION:  WILMINGTON NC
                                          MONTH:    DECEMBER
                                          YEAR:     2014
                                          LATITUDE:   34 16 N
                                          LONGITUDE:  77 55 W

[TEMPERATURE DATA]      [PRECIPITATION DATA]       SYMBOLS USED IN COLUMN 16

AVERAGE MONTHLY: 50.1   TOTAL FOR MONTH:   0.34    1 = FOG OR MIST
DPTR FM NORMAL:   0.2   DPTR FM NORMAL:   -1.76    2 = FOG REDUCING VISIBILITY
HIGHEST:    74 ON  1    GRTST 24HR  0.22 ON  6- 6      TO 1/4 MILE OR LESS
LOWEST:     29 ON 11                               3 = THUNDER
                        SNOW, ICE PELLETS, HAIL    4 = ICE PELLETS
                        TOTAL MONTH:   0.0 INCH    5 = HAIL
                        GRTST 24HR     0.0         6 = FREEZING RAIN OR DRIZZLE
                        GRTST DEPTH:   0           7 = DUSTSTORM OR SANDSTORM:
                                                       VSBY 1/2 MILE OR LESS
                                                   8 = SMOKE OR HAZE
[NO. OF DAYS WITH]      [WEATHER - DAYS WITH]      9 = BLOWING SNOW
                                                   X = TORNADO
MAX 32 OR BELOW:   0    0.01 INCH OR MORE:   3
MAX 90 OR ABOVE:   0    0.10 INCH OR MORE:   2
MIN 32 OR BELOW:   5    0.50 INCH OR MORE:   0
MIN  0 OR BELOW:   0    1.00 INCH OR MORE:   0

[HDD (BASE 65) ]
TOTAL THIS MO.   261    CLEAR  (SCALE 0-3)   9
DPTR FM NORMAL   -13    PTCLDY (SCALE 4-7)   6
TOTAL FM JUL 1   714    CLOUDY (SCALE 8-10)  3
DPTR FM NORMAL    71

[CDD (BASE 65) ]
TOTAL THIS MO.     0
DPTR FM NORMAL     0    [PRESSURE DATA]
TOTAL FM JAN 1  2190    HIGHEST SLP M ON M
DPTR FM NORMAL   153    LOWEST  SLP 29.87 ON  9

[REMARKS]
