000
CXUS55 KLBF 011036
CF6IML
PRELIMINARY LOCAL CLIMATOLOGICAL DATA (WS FORM: F-6)

                                          STATION:   IMPERIAL NE
                                          MONTH:     MAY
                                          YEAR:      2015
                                          LATITUDE:   40 31 N
                                          LONGITUDE: 101 37 W

  TEMPERATURE IN F:       :PCPN:    SNOW:  WIND      :SUNSHINE: SKY     :PK WND
================================================================================
1   2   3   4   5  6A  6B    7    8   9   10  11  12  13   14  15   16   17  18
                                     12Z  AVG MX 2MIN
DY MAX MIN AVG DEP HDD CDD  WTR  SNW DPTH SPD SPD DIR MIN PSBL S-S WX    SPD DR
================================================================================

 1  76  48  62   8   3   0    T    M    M  9.4 28 360   M    M   3 3      35 360
 2  85  46  66  12   0   1 0.00    M    M  7.4 22 290   M    M   1        33 290
 3  83  50  67  12   0   2 0.00    M    M 13.6 24 330   M    M   0        30 340
 4  57  48  53  -2  12   0 0.22    M    M  8.7 20  50   M    M   7 1      24  50
 5  60  49  55  -1  10   0 0.35    M    M 11.6 30 130   M    M  10 12     39 130
 6  63  52  58   2   7   0    T    M    M 12.7 24 310   M    M   7        33 310
 7  65  44  55  -1  10   0 0.01    M    M 12.7 22 350   M    M   7        27 320
 8  64  43  54  -3  11   0 0.01    M    M 10.2 23 120   M    M   8 1      28 130
 9  54  34  44 -13  21   0 2.01    M    M 20.6 39  10   M    M   9 13     47  10
10  44  33  39 -19  26   0 0.04    M    M 20.7 32 320   M    M   8 1      41 320
11  57  33  45 -13  20   0 0.00    M    M 15.5 31 330   M    M   0        41 340
12  74  33  54  -4  11   0 0.00    M    M 17.9 33 170   M    M   0        52 170
13  68  52  60   1   5   0 0.24    M    M 18.5 33 170   M    M   5 1      41 170
14  76  53  65   6   0   0 0.01    M    M  6.2 12 120   M    M   4 13     15 160
15  76  55  66   6   0   1 0.43    M    M 18.1 37 140   M    M   5 13     43 140
16  74  49  62   2   3   0 0.08    M    M  9.8 24 290   M    M   3 3      33 200
17  71  49  60   0   5   0 0.00    M    M 13.0 24 330   M    M   2        30 330
18  64  43  54  -7  11   0 0.01    M    M  9.4 22 360   M    M   6        28 350
19  50  34  42 -19  23   0 1.09    M    M 11.6 29  80   M    M  10 1      33  60
20  50  37  44 -18  21   0    T    M    M  6.0 13 350   M    M  10 1      14 350
21  58  43  51 -11  14   0 0.00    M    M  7.5 15 140   M    M  10        18 140
22  52  47  50 -12  15   0 0.82    M    M 13.9 23 120   M    M  10 1      29 130
23  66  52  59  -3   6   0 0.43    M    M 15.0 22 160   M    M  10 1      27 170
24  72  52  62  -1   3   0 1.36    M    M  7.1 20 120   M    M   7 3      27 250
25  66  51  59  -4   6   0 0.03    M    M  8.8 22 300   M    M   5        30 290
26  71  50  61  -3   4   0    T    M    M  6.7 12  30   M    M   3        15 350
27  73  50  62  -2   3   0 0.50    M    M 12.1 30 110   M    M   2 13     39 110
28  75  51  63  -1   2   0 0.63    M    M  8.2 32 340   M    M   3 13     41 330
29  70  49  60  -4   5   0 0.00    M    M 13.9 36 360   M    M   6 3      44 360
30  65  42  54 -11  11   0 0.00    M    M  7.4 13  20   M    M   1        16  20
31  78  44  61  -4   4   0    T    M    M 12.8 22 140   M    M   0        27 160
================================================================================
SM 2057 1416       272   4  8.27    M    367.0          M      162
================================================================================
AV 66.4 45.7                              11.8 FASTST   M    M   5    MAX(MPH)
                                 MISC ---->  # 39  10               # 52  170
================================================================================
NOTES:
# LAST OF SEVERAL OCCURRENCES

COLUMN 17 PEAK WIND IN M.P.H.

PRELIMINARY LOCAL CLIMATOLOGICAL DATA (WS FORM: F-6) , PAGE 2

                                          STATION:  IMPERIAL NE
                                          MONTH:    MAY
                                          YEAR:     2015
                                          LATITUDE:   40 31 N
                                          LONGITUDE: 101 37 W

[TEMPERATURE DATA]      [PRECIPITATION DATA]       SYMBOLS USED IN COLUMN 16

AVERAGE MONTHLY: 56.0   TOTAL FOR MONTH:   8.27    1 = FOG OR MIST
DPTR FM NORMAL:  -3.8   DPTR FM NORMAL:    5.30    2 = FOG REDUCING VISIBILITY
HIGHEST:    85 ON  2    GRTST 24HR  2.02 ON  9-10      TO 1/4 MILE OR LESS
LOWEST:     33 ON 12,11                            3 = THUNDER
                        SNOW, ICE PELLETS, HAIL    4 = ICE PELLETS
                        TOTAL MONTH:    M          5 = HAIL
                        GRTST 24HR    M  ON   M    6 = FREEZING RAIN OR DRIZZLE
                        GRTST DEPTH:  M  ON   M    7 = DUSTSTORM OR SANDSTORM:
                                                       VSBY 1/2 MILE OR LESS
                                                   8 = SMOKE OR HAZE
[NO. OF DAYS WITH]      [WEATHER - DAYS WITH]      9 = BLOWING SNOW
                                                   X = TORNADO
MAX 32 OR BELOW:   0    0.01 INCH OR MORE:  18
MAX 90 OR ABOVE:   0    0.10 INCH OR MORE:  11
MIN 32 OR BELOW:   0    0.50 INCH OR MORE:   6
MIN  0 OR BELOW:   0    1.00 INCH OR MORE:   3

[HDD (BASE 65) ]
TOTAL THIS MO.   272    CLEAR  (SCALE 0-3)  11
DPTR FM NORMAL    70    PTCLDY (SCALE 4-7)  12
TOTAL FM JUL 1  5750    CLOUDY (SCALE 8-10)  8
DPTR FM NORMAL  -317

[CDD (BASE 65) ]
TOTAL THIS MO.     4
DPTR FM NORMAL   -39    [PRESSURE DATA]
TOTAL FM JAN 1     4    HIGHEST SLP 30.40 ON 18
DPTR FM NORMAL   -40    LOWEST  SLP 29.50 ON 16

[REMARKS]
#FINAL-05-15#
