000
CXUS54 KFWD 260730
CF6INJ
PRELIMINARY LOCAL CLIMATOLOGICAL DATA (WS FORM: F-6)

                                          STATION:   HILLSBORO
                                          MONTH:     MARCH
                                          YEAR:      2017
                                          LATITUDE:   32  0 N
                                          LONGITUDE:  97  6 W

  TEMPERATURE IN F:       :PCPN:    SNOW:  WIND      :SUNSHINE: SKY     :PK WND
================================================================================
1   2   3   4   5  6A  6B    7    8   9   10  11  12  13   14  15   16   17  18
                                     12Z  AVG MX 2MIN
DY MAX MIN AVG DEP HDD CDD  WTR  SNW DPTH SPD SPD DIR MIN PSBL S-S WX    SPD DR
================================================================================

 1  69  43  56   2   9   0 0.00  0.0    0 12.9 24 340   M    M   0 1      30 340
 2  64  34  49  -5  16   0 0.00  0.0    0  5.6 10  70   M    M   0 8      17  70
 3  69  42  56   2   9   0 0.00  0.0    0  8.2 15 150   M    M   0        21 130
 4  58  51  55   1  10   0 0.10  0.0    0 10.7 17 140   M    M   0        23 150
 5  67  52  60   5   5   0 0.08  0.0    0  9.3 17 140   M    M   0 1      21 130
 6  81  66  74  19   0   9 0.00  0.0    0 17.7 27 190   M    M   0        36 190
 7  71  48  60   5   5   0 0.01  0.0    0 12.5 21  20   M    M   0 8      32  20
 8  74  48  61   5   4   0 0.00  0.0    0  8.3 14 130   M    M   2        18 130
 9  76  60  68  12   0   3 0.00  0.0    0 10.6 17 180   M    M   7        21 180
10  80  60  70  14   0   5 0.00  0.0    0  5.5 14  60   M    M   5        22  60
11  73  49  61   5   4   0 0.07  0.0    0  6.3 20  30   M    M   6 3      27  30
12  51  42  47 -10  18   0 0.00  0.0    0  8.5 18 360   M    M  10        24 360
13  66  42  54  -3  11   0 0.03  0.0    0  8.8 17 340   M    M   6 1      23 340
14  64  33  49  -8  16   0 0.00  0.0    0  5.6 13  80   M    M   1         M  M
15  68  46  57   0   8   0 0.00  0.0    0 10.8 18  60   M    M   0        23  60
16  74  52  63   5   2   0 0.00  0.0    0 13.6 17 160   M    M   7 1      23 170
17  78  65  72  14   0   7 0.00  0.0    0 16.2 22 170   M    M   7        30 170
18  80  62  71  13   0   6 0.00  0.0    0  8.5 13 180   M    M   4         M  M
19  82  62  72  14   0   7 0.00  0.0    0 10.6 17 160   M    M   3 1      22 190
20  84  66  75  16   0  10 0.00  0.0    0 13.9 21 180   M    M   3        25 190
21  82  57  70  11   0   5 0.00  0.0    0 11.9 18 200   M    M   1        24 190
22  81  62  72  13   0   7 0.00  0.0    0 10.0 16 170   M    M   4 1      21 150
23  83  64  74  14   0   9 0.00  0.0    0 19.3 27 150   M    M   3        38 180
24  77  54  66   6   0   1 0.47  0.0    0 12.8 25 150   M    M   6 3      36 150
25  73  49  61   1   4   0 0.00  0.0    0 10.1 15 310   M    M   0        21 270
================================================================================
SM 1825 1309       121  69  0.76     0.0 268.2          M       75
================================================================================
AV 73.0 52.4                              10.7 FASTST   M    M   3    MAX(MPH)
                                 MISC ---->  # 27 190               # 38  180
================================================================================
NOTES:
# LAST OF SEVERAL OCCURRENCES

COLUMN 17 PEAK WIND IN M.P.H.

PRELIMINARY LOCAL CLIMATOLOGICAL DATA (WS FORM: F-6) , PAGE 2

                                          STATION:  HILLSBORO
                                          MONTH:    MARCH
                                          YEAR:     2017
                                          LATITUDE:   32  0 N
                                          LONGITUDE:  97  6 W

[TEMPERATURE DATA]      [PRECIPITATION DATA]       SYMBOLS USED IN COLUMN 16

AVERAGE MONTHLY: 62.7   TOTAL FOR MONTH:   0.76    1 = FOG OR MIST
DPTR FM NORMAL:   5.8   DPTR FM NORMAL:   -2.32    2 = FOG REDUCING VISIBILITY
HIGHEST:    84 ON 20    GRTST 24HR  0.47 ON 24-24      TO 1/4 MILE OR LESS
LOWEST:     33 ON 14                               3 = THUNDER
                        SNOW, ICE PELLETS, HAIL    4 = ICE PELLETS
                        TOTAL MONTH:   0.0 INCH    5 = HAIL
                        GRTST 24HR     0.0         6 = FREEZING RAIN OR DRIZZLE
                        GRTST DEPTH:   0           7 = DUSTSTORM OR SANDSTORM:
                                                       VSBY 1/2 MILE OR LESS
                                                   8 = SMOKE OR HAZE
[NO. OF DAYS WITH]      [WEATHER - DAYS WITH]      9 = BLOWING SNOW
                                                   X = TORNADO
MAX 32 OR BELOW:   0    0.01 INCH OR MORE:   6
MAX 90 OR ABOVE:   0    0.10 INCH OR MORE:   2
MIN 32 OR BELOW:   0    0.50 INCH OR MORE:   0
MIN  0 OR BELOW:   0    1.00 INCH OR MORE:   0

[HDD (BASE 65) ]
TOTAL THIS MO.   121    CLEAR  (SCALE 0-3)  14
DPTR FM NORMAL  -102    PTCLDY (SCALE 4-7)  10
TOTAL FM JUL 1  1301    CLOUDY (SCALE 8-10)  1
DPTR FM NORMAL  -782

[CDD (BASE 65) ]
TOTAL THIS MO.    69
DPTR FM NORMAL    47    [PRESSURE DATA]
TOTAL FM JAN 1   132    HIGHEST SLP M ON M
DPTR FM NORMAL   102    LOWEST  SLP M ON M

[REMARKS]
