000
CXUS54 KMAF 291100
CF6INK
PRELIMINARY LOCAL CLIMATOLOGICAL DATA (WS FORM: F-6)

                                          STATION:   Wink
                                          MONTH:     AUGUST
                                          YEAR:      2015
                                          LATITUDE:   31 46 N
                                          LONGITUDE: 103 12 W

  TEMPERATURE IN F:       :PCPN:    SNOW:  WIND      :SUNSHINE: SKY     :PK WND
================================================================================
1   2   3   4   5  6A  6B    7    8   9   10  11  12  13   14  15   16   17  18
                                     12Z  AVG MX 2MIN
DY MAX MIN AVG DEP HDD CDD  WTR  SNW DPTH SPD SPD DIR MIN PSBL S-S WX    SPD DR
================================================================================

 1 102  75  89   5   0  24 0.00  0.0    0 10.8 33 140   M    M   1 8      41 140
 2 104  74  89   5   0  24 0.46  0.0    0  9.3 29  10   M    M   2 3      37  10
 3 100  73  87   3   0  22 0.02  0.0    0 11.2 36 270   M    M   2 3      47 280
 4 102  70  86   2   0  21 0.00  0.0    0  6.7 17 160   M    M   0 1      21 160
 5 106  76  91   7   0  26 0.00  0.0    0  8.9 15 160   M    M   0        20 160
 6 106  76  91   8   0  26 0.00  0.0    0 11.1 18 170   M    M   0        26 170
 7 106  72  89   6   0  24    T  0.0    0 11.0 23 150   M    M   0 3      30 160
 8 106  79  93  10   0  28 0.00  0.0    0 11.1 23 140   M    M   0 3      28 130
 9 106  78  92   9   0  27 0.00  0.0    0  8.0 21 300   M    M   2 3      26 320
10 105  77  91   8   0  26 0.00  0.0    0 10.7 21 110   M    M   0        28 110
11   M   M   M   M   M   M 0.00  0.0    0  8.7 13  70   M    M   0         M  M
12 103  72  88   5   0  23 0.01  0.0    M  9.4 26 150   M    M   2 3      33 150
13   M   M   M   M   M   M    M    M    M   M   M  99   M    M   M         M  M
14 106  73  90   7   0  25 0.02  0.0    M 10.4 32 130   M    M   2 3      39 120
15  99  70  85   2   0  20 0.00  0.0    0  8.3 20 130   M    M   1        25 110
16  97  73  85   2   0  20 0.03  0.0    0  7.1 22 350   M    M   2 3      30 360
17 100  70  85   2   0  20 0.00  0.0    0  9.4 21 140   M    M   0        28 150
18 102  77  90   7   0  25    T  0.0    0 11.0 23 120   M    M   1        30 110
19  94  68  81  -2   0  16 0.00  0.0    0 13.2 31  50   M    M   0        38  50
20  95  66  81  -2   0  16 0.00  0.0    0  8.7 28 150   M    M   4        35 150
21 101  71  86   4   0  21    T  0.0    0 13.0 33 210   M    M   1 3      51 200
22 103  72  88   6   0  23 0.00  0.0    0  8.9 31  30   M    M   1        38  30
23  99  70  85   3   0  20 0.15  0.0    0  9.3 29  10   M    M   0 3      35  20
24  94  67  81  -1   0  16 0.00  0.0    0  7.4 22 180   M    M   1 3      28 160
25  99  70  85   3   0  20 0.00  0.0    0  9.5 23 110   M    M   0        27 110
26  99  70  85   3   0  20 0.00  0.0    0  8.1 18 120   M    M   0        24 100
27 100  71  86   4   0  21 0.00  0.0    0  9.2 18 150   M    M   0        24 150
28 103  72  88   7   0  23 0.45  0.0    0 10.3 36 360   M    M   2 13     48 360
================================================================================
SM 2637 1882         0 577  1.14     0.0 260.7          M       24
================================================================================
AV101.4 72.4                               9.7 FASTST   M    M   1    MAX(MPH)
                                 MISC ---->  # 36 270               # 51  200
================================================================================
NOTES:
# LAST OF SEVERAL OCCURRENCES

COLUMN 17 PEAK WIND IN M.P.H.

PRELIMINARY LOCAL CLIMATOLOGICAL DATA (WS FORM: F-6) , PAGE 2

                                          STATION:  Wink
                                          MONTH:    AUGUST
                                          YEAR:     2015
                                          LATITUDE:   31 46 N
                                          LONGITUDE: 103 12 W

[TEMPERATURE DATA]      [PRECIPITATION DATA]       SYMBOLS USED IN COLUMN 16

AVERAGE MONTHLY: 86.9   TOTAL FOR MONTH:   1.14    1 = FOG OR MIST
DPTR FM NORMAL:   4.0   DPTR FM NORMAL:   -0.21    2 = FOG REDUCING VISIBILITY
HIGHEST:   106 ON 14, 9 GRTST 24HR  0.46 ON  2- 2      TO 1/4 MILE OR LESS
LOWEST:     66 ON 20                               3 = THUNDER
                        SNOW, ICE PELLETS, HAIL    4 = ICE PELLETS
                        TOTAL MONTH:   0.0 INCH    5 = HAIL
                        GRTST 24HR     0.0         6 = FREEZING RAIN OR DRIZZLE
                        GRTST DEPTH:   0           7 = DUSTSTORM OR SANDSTORM:
                                                       VSBY 1/2 MILE OR LESS
                                                   8 = SMOKE OR HAZE
[NO. OF DAYS WITH]      [WEATHER - DAYS WITH]      9 = BLOWING SNOW
                                                   X = TORNADO
MAX 32 OR BELOW:   0    0.01 INCH OR MORE:   7
MAX 90 OR ABOVE:  26    0.10 INCH OR MORE:   3
MIN 32 OR BELOW:   0    0.50 INCH OR MORE:   0
MIN  0 OR BELOW:   0    1.00 INCH OR MORE:   0

[HDD (BASE 65) ]
TOTAL THIS MO.     0    CLEAR  (SCALE 0-3)  26
DPTR FM NORMAL     0    PTCLDY (SCALE 4-7)   1
TOTAL FM JUL 1     0    CLOUDY (SCALE 8-10)  0
DPTR FM NORMAL     0

[CDD (BASE 65) ]
TOTAL THIS MO.   577
DPTR FM NORMAL    83    [PRESSURE DATA]
TOTAL FM JAN 1  2136    HIGHEST SLP M ON M
DPTR FM NORMAL   110    LOWEST  SLP 29.55 ON 18

[REMARKS]
