000
CXUS53 KDLH 180638
CF6INL
PRELIMINARY LOCAL CLIMATOLOGICAL DATA (WS FORM: F-6)

                                          STATION:   INTERNATIONAL FALLS MN
                                          MONTH:     APRIL
                                          YEAR:      2014
                                          LATITUDE:   48 34 N
                                          LONGITUDE:  93 23 W

  TEMPERATURE IN F:       :PCPN:    SNOW:  WIND      :SUNSHINE: SKY     :PK WND
================================================================================
1   2   3   4   5  6A  6B    7    8   9   10  11  12  13   14  15   16   17  18
                                     12Z  AVG MX 2MIN
DY MAX MIN AVG DEP HDD CDD  WTR  SNW DPTH SPD SPD DIR MIN PSBL S-S WX    SPD DR
================================================================================

 1  25  11  18 -14  47   0 0.17  2.6   28 12.9 22  10   M    M   7 18     29  20
 2  35   3  19 -13  46   0    T    T   28  3.7 12  20   M    M   0        14  20
 3  37  23  30  -3  35   0    T    T   28  8.0 16 110   M    M   8 8      18 110
 4  40  22  31  -3  34   0    T    T   27  7.5 17 350   M    M   6        22 340
 5  50  16  33  -1  32   0 0.00  0.0   26  6.9 18 210   M    M   5 1      26 220
 6  53  28  41   7  24   0 0.00  0.0   24  4.3 13 110   M    M   2        15 120
 7  50  32  41   6  24   0    T  0.0   24  8.2 16 280   M    M   2        22 300
 8  42  27  35  -1  30   0 0.00  0.0   19  7.9 16 300   M    M   3        22 280
 9  59  33  46  10  19   0    T  0.0   17  9.3 22 280   M    M   4        30 290
10  47  26  37   0  28   0 0.00  0.0   12 12.6 28 280   M    M   2        38 290
11  48  25  37   0  28   0 0.00  0.0   10  6.7 17 290   M    M   2        22 300
12  45  28  37  -1  28   0 0.18    T    8  9.8 21 130   M    M   8 1      25 140
13  35  23  29  -9  36   0 0.01    T    6 13.1 22 320   M    M   9 18     28 300
14  28  12  20 -19  45   0    T    T    5 11.2 22 330   M    M   6 8      26 330
15  29   5  17 -22  48   0 0.00  0.0    3  3.6 10 340   M    M   0        15 310
16  37  14  26 -14  39   0 0.00  0.0    2  7.9 15  70   M    M   1        22  60
17  39  20  30 -10  35   0 0.00  0.0    2  5.9 14  20   M    M   4        17 360
================================================================================
SM  699  348       578   0  0.36     2.6 139.5          M       69
================================================================================
AV 41.1 20.5                               8.2 FASTST   M    M   4    MAX(MPH)
                                 MISC ---->  # 28 280               # 38  290
================================================================================
NOTES:
# LAST OF SEVERAL OCCURRENCES

COLUMN 17 PEAK WIND IN M.P.H.

PRELIMINARY LOCAL CLIMATOLOGICAL DATA (WS FORM: F-6) , PAGE 2

                                          STATION:  INTERNATIONAL FALLS MN
                                          MONTH:    APRIL
                                          YEAR:     2014
                                          LATITUDE:   48 34 N
                                          LONGITUDE:  93 23 W

[TEMPERATURE DATA]      [PRECIPITATION DATA]       SYMBOLS USED IN COLUMN 16

AVERAGE MONTHLY: 30.8   TOTAL FOR MONTH:   0.36    1 = FOG OR MIST
DPTR FM NORMAL:  -5.3   DPTR FM NORMAL:   -0.41    2 = FOG REDUCING VISIBILITY
HIGHEST:    59 ON  9    GRTST 24HR  0.31 ON 31- 1      TO 1/4 MILE OR LESS
LOWEST:      3 ON  2                               3 = THUNDER
                        SNOW, ICE PELLETS, HAIL    4 = ICE PELLETS
                        TOTAL MONTH:   2.6 INCHES  5 = HAIL
                        GRTST 24HR   2.6 ON   M    6 = FREEZING RAIN OR DRIZZLE
                        GRTST DEPTH:  28 ON  3, 2  7 = DUSTSTORM OR SANDSTORM:
                                                       VSBY 1/2 MILE OR LESS
                                                   8 = SMOKE OR HAZE
[NO. OF DAYS WITH]      [WEATHER - DAYS WITH]      9 = BLOWING SNOW
                                                   X = TORNADO
MAX 32 OR BELOW:   3    0.01 INCH OR MORE:   3
MAX 90 OR ABOVE:   0    0.10 INCH OR MORE:   2
MIN 32 OR BELOW:  16    0.50 INCH OR MORE:   0
MIN  0 OR BELOW:   0    1.00 INCH OR MORE:   0

[HDD (BASE 65) ]
TOTAL THIS MO.   578    CLEAR  (SCALE 0-3)   8
DPTR FM NORMAL    87    PTCLDY (SCALE 4-7)   8
TOTAL FM JUL 1 10615    CLOUDY (SCALE 8-10)  1
DPTR FM NORMAL  1258

[CDD (BASE 65) ]
TOTAL THIS MO.     0
DPTR FM NORMAL     0    [PRESSURE DATA]
TOTAL FM JAN 1     0    HIGHEST SLP M ON M
DPTR FM NORMAL     0    LOWEST  SLP 29.40 ON  9

[REMARKS]
