000
CXUS53 KDLH 170626
CF6INL
PRELIMINARY LOCAL CLIMATOLOGICAL DATA (WS FORM: F-6)

                                          STATION:   INTERNATIONAL FLS
                                          MONTH:     JANUARY
                                          YEAR:      2017
                                          LATITUDE:   48 34 N
                                          LONGITUDE:  93 23 W

  TEMPERATURE IN F:       :PCPN:    SNOW:  WIND      :SUNSHINE: SKY     :PK WND
================================================================================
1   2   3   4   5  6A  6B    7    8   9   10  11  12  13   14  15   16   17  18
                                     12Z  AVG MX 2MIN
DY MAX MIN AVG DEP HDD CDD  WTR  SNW DPTH SPD SPD DIR MIN PSBL S-S WX    SPD DR
================================================================================

 1  19  -6   7   2  58   0 0.02  0.7   14  6.6 24 320   M    M   4 1      34 320
 2  17   6  12   7  53   0 0.25  3.2   13  9.2 15  80   M    M  10 1      20  70
 3  19  -7   6   1  59   0 0.30  6.2   19 11.3 23 310   M    M  10 1289   29 300
 4  -7 -18 -12 -16  77   0    T    T   18  9.1 16 300   M    M   8 8      20 300
 5  -4 -19 -11 -15  76   0 0.00  0.0   17  7.4 13 300   M    M   9 8      17 300
 6  -1 -28 -14 -18  79   0 0.01  0.2   17  5.1 10 240   M    M   3 8      14 240
 7   0 -14  -7 -11  72   0    T    T   17  7.9 17 300   M    M   5 8      21 330
 8   9 -19  -5  -9  70   0 0.06  0.7   17  4.9 12 190   M    M   7 8      19 200
 9  13  -7   3  -1  62   0 0.11  1.0   17  6.1 13 100   M    M   9 168    18 100
10  19  -4   8   4  57   0 0.14  2.4   17 10.1 22 280   M    M  10 128    29 290
11   2 -22 -10 -14  75   0    T  0.1   18  7.6 15 300   M    M   5 8      22 280
12   4 -24 -10 -14  75   0 0.00  0.0   18 12.0 31 280   M    M   4 89     42 290
13   5 -39 -17 -21  82   0 0.00  0.0   17  4.5 15 210   M    M   2        22 200
14  16 -11   3  -1  62   0 0.00  0.0   16  4.7 13 220   M    M   0        16 210
15  31  -9  11   7  54   0 0.00  0.0   17  7.1 16 240   M    M   0        25 230
16  31  -2  15  11  50   0 0.00  0.0   16  1.9  8  40   M    M   0 18     11 290
================================================================================
SM  173 -223      1061   0  0.89    14.5 115.5          M       86
================================================================================
AV 10.8-13.9                               7.2 FASTST   M    M   5    MAX(MPH)
                                 MISC ---->  # 31 280               # 42  290
================================================================================
NOTES:
# LAST OF SEVERAL OCCURRENCES

COLUMN 17 PEAK WIND IN M.P.H.

PRELIMINARY LOCAL CLIMATOLOGICAL DATA (WS FORM: F-6) , PAGE 2

                                          STATION:  INTERNATIONAL FLS
                                          MONTH:    JANUARY
                                          YEAR:     2017
                                          LATITUDE:   48 34 N
                                          LONGITUDE:  93 23 W

[TEMPERATURE DATA]      [PRECIPITATION DATA]       SYMBOLS USED IN COLUMN 16

AVERAGE MONTHLY: -1.6   TOTAL FOR MONTH:   0.89    1 = FOG OR MIST
DPTR FM NORMAL:  -5.8   DPTR FM NORMAL:    0.53    2 = FOG REDUCING VISIBILITY
HIGHEST:    31 ON 16,15 GRTST 24HR  1.91 ON 11-12      TO 1/4 MILE OR LESS
LOWEST:    -39 ON 13                               3 = THUNDER
                        SNOW, ICE PELLETS, HAIL    4 = ICE PELLETS
                        TOTAL MONTH:  14.5 INCHES  5 = HAIL
                        GRTST 24HR   6.2 ON   M    6 = FREEZING RAIN OR DRIZZLE
                        GRTST DEPTH:  19 ON  3     7 = DUSTSTORM OR SANDSTORM:
                                                       VSBY 1/2 MILE OR LESS
                                                   8 = SMOKE OR HAZE
[NO. OF DAYS WITH]      [WEATHER - DAYS WITH]      9 = BLOWING SNOW
                                                   X = TORNADO
MAX 32 OR BELOW:  16    0.01 INCH OR MORE:   7
MAX 90 OR ABOVE:   0    0.10 INCH OR MORE:   4
MIN 32 OR BELOW:  16    0.50 INCH OR MORE:   0
MIN  0 OR BELOW:  15    1.00 INCH OR MORE:   0

[HDD (BASE 65) ]
TOTAL THIS MO.  1061    CLEAR  (SCALE 0-3)   5
DPTR FM NORMAL    89    PTCLDY (SCALE 4-7)   5
TOTAL FM JUL 1  4533    CLOUDY (SCALE 8-10)  6
DPTR FM NORMAL  -614

[CDD (BASE 65) ]
TOTAL THIS MO.     0
DPTR FM NORMAL     0    [PRESSURE DATA]
TOTAL FM JAN 1     0    HIGHEST SLP M ON M
DPTR FM NORMAL     0    LOWEST  SLP 29.28 ON 10

[REMARKS]
