000
CXUS56 KFGZ 300900
CF6INW
PRELIMINARY LOCAL CLIMATOLOGICAL DATA (WS FORM: F-6)

                                          STATION:   WINSLOW AZ AIRPORT
                                          MONTH:     SEPTEMBER
                                          YEAR:      2016
                                          LATITUDE:   35  1 N
                                          LONGITUDE: 110 44 W

  TEMPERATURE IN F:       :PCPN:    SNOW:  WIND      :SUNSHINE: SKY     :PK WND
================================================================================
1   2   3   4   5  6A  6B    7    8   9   10  11  12  13   14  15   16   17  18
                                     12Z  AVG MX 2MIN
DY MAX MIN AVG DEP HDD CDD  WTR  SNW DPTH SPD SPD DIR MIN PSBL S-S WX    SPD DR
================================================================================

 1  88  64  76   2   0  11 0.01    M    M  8.7 26 240   M    M   3 3      33 230
 2  86  59  73   0   0   8 0.19    M    M  5.3 30 280   M    M   3 3      37 290
 3  89  57  73   0   0   8 0.00    M    M  9.5 25 190   M    M   2        36 210
 4  89  54  72  -1   0   7 0.00    M    M 11.3 29 220   M    M   0        35 200
 5  91  46  69  -3   0   4 0.00    M    M  7.5 26 220   M    M   0        36 190
 6  91  51  71  -1   0   6 0.00    M    M  7.9 23 210   M    M   1        29 250
 7  81  59  70  -2   0   5 0.00    M    M  3.6 12 160   M    M   3        15 150
 8  90  54  72   0   0   7 0.00    M    M  6.9 17 260   M    M   0        22 260
 9  92  54  73   2   0   8 0.00    M    M  4.6 14 310   M    M   0        18 320
10  95  50  73   2   0   8 0.00    M    M  5.8 18 250   M    M   0        22 240
11  92  63  78   7   0  13 0.00    M    M 11.4 24 230   M    M   1        30 240
12  86  62  74   4   0   9    T    M    M 14.6 31 220   M    M   1 3      39 230
13  81  59  70   0   0   5 0.00    M    M 16.1 32 200   M    M   1 3      41 210
14  85  52  69  -1   0   4 0.00    M    M 13.9 30 230   M    M   0        43 180
15  86  43  65  -4   0   0 0.00    M    M  6.4 22 240   M    M   0        26 240
16  85  42  64  -5   1   0 0.00    M    M  4.0 13 360   M    M   0        16 330
17  86  42  64  -4   1   0 0.00    M    M  4.3 12 350   M    M   0        15 340
18  89  41  65  -3   0   0 0.00    M    M  3.8 10  30   M    M   0        13  30
19  90  45  68   0   0   3 0.00    M    M  5.1 13 240   M    M   0        16 230
20  77  59  68   1   0   3 0.02  0.0    0  8.8 22 320   M    M   7        27 320
21  88  57  73   6   0   8 0.03  0.0    0  8.4 23 210   M    M   1        28 190
22  87  55  71   5   0   6 0.00    M    M 14.9 31 210   M    M   2        41 220
23  75  45  60  -6   5   0 0.00    M    M 14.3 29 250   M    M   1        36 270
24  74  38  56 -10   9   0 0.00    M    M  6.5 20 300   M    M   0        28 300
25  79  41  60  -5   5   0 0.00    M    M  6.5 14  40   M    M   0        24  20
26  81  48  65   0   0   0 0.00    M    M  7.4 23  70   M    M   0        29  80
27  79  51  65   1   0   0 0.06    M    M  4.8 28 100   M    M   5 3      36 110
28  82  47  65   1   0   0    T    M    M  6.2 31 230   M    M   4 3      42 220
29  69  50  60  -3   5   0 0.49    M    M  5.5 26 170   M    M   6 13     34 150
================================================================================
SM 2463 1488        26 123  0.80     0.0 234.0          M       41
================================================================================
AV 84.9 51.3                               8.1 FASTST   M    M   1    MAX(MPH)
                                 MISC ---->  # 32 200               # 43  180
================================================================================
NOTES:
# LAST OF SEVERAL OCCURRENCES

COLUMN 17 PEAK WIND IN M.P.H.

PRELIMINARY LOCAL CLIMATOLOGICAL DATA (WS FORM: F-6) , PAGE 2

                                          STATION:  WINSLOW AZ AIRPORT
                                          MONTH:    SEPTEMBER
                                          YEAR:     2016
                                          LATITUDE:   35  1 N
                                          LONGITUDE: 110 44 W

[TEMPERATURE DATA]      [PRECIPITATION DATA]       SYMBOLS USED IN COLUMN 16

AVERAGE MONTHLY: 68.1   TOTAL FOR MONTH:   0.80    1 = FOG OR MIST
DPTR FM NORMAL:  -0.8   DPTR FM NORMAL:   -0.06    2 = FOG REDUCING VISIBILITY
HIGHEST:    95 ON 10    GRTST 24HR  0.49 ON 28-29      TO 1/4 MILE OR LESS
LOWEST:     38 ON 24                               3 = THUNDER
                        SNOW, ICE PELLETS, HAIL    4 = ICE PELLETS
                        TOTAL MONTH:   0.0 INCH    5 = HAIL
                        GRTST 24HR     0.0         6 = FREEZING RAIN OR DRIZZLE
                        GRTST DEPTH:   0           7 = DUSTSTORM OR SANDSTORM:
                                                       VSBY 1/2 MILE OR LESS
                                                   8 = SMOKE OR HAZE
[NO. OF DAYS WITH]      [WEATHER - DAYS WITH]      9 = BLOWING SNOW
                                                   X = TORNADO
MAX 32 OR BELOW:   0    0.01 INCH OR MORE:   6
MAX 90 OR ABOVE:   7    0.10 INCH OR MORE:   2
MIN 32 OR BELOW:   0    0.50 INCH OR MORE:   0
MIN  0 OR BELOW:   0    1.00 INCH OR MORE:   0

[HDD (BASE 65) ]
TOTAL THIS MO.    26    CLEAR  (SCALE 0-3)  24
DPTR FM NORMAL     0    PTCLDY (SCALE 4-7)   5
TOTAL FM JUL 1    26    CLOUDY (SCALE 8-10)  0
DPTR FM NORMAL     0

[CDD (BASE 65) ]
TOTAL THIS MO.   123
DPTR FM NORMAL   -19    [PRESSURE DATA]
TOTAL FM JAN 1  1269    HIGHEST SLP M ON M
DPTR FM NORMAL    69    LOWEST  SLP 29.70 ON 23

[REMARKS]
