000
CXUS55 KPSR 291005
CF6IPL
PRELIMINARY LOCAL CLIMATOLOGICAL DATA (WS FORM: F-6)

                                          STATION:   IMPERIAL CA
                                          MONTH:     AUGUST
                                          YEAR:      2016
                                          LATITUDE:   32 50 N
                                          LONGITUDE: 115 35 W

  TEMPERATURE IN F:       :PCPN:    SNOW:  WIND      :SUNSHINE: SKY     :PK WND
================================================================================
1   2   3   4   5  6A  6B    7    8   9   10  11  12  13   14  15   16   17  18
                                     12Z  AVG MX 2MIN
DY MAX MIN AVG DEP HDD CDD  WTR  SNW DPTH SPD SPD DIR MIN PSBL S-S WX    SPD DR
================================================================================

 1 107  85  96   3   0  31 0.00  0.0    0  9.6 21 140   M    M   0        25 140
 2 108  86  97   4   0  32 0.00  0.0    0 11.4 23 150   M    M   0        28 150
 3 109  84  97   4   0  32 0.00  0.0    0  8.1 22 130   M    M   0        26 130
 4 109  85  97   4   0  32 0.00  0.0    0  6.5 14 140   M    M   0        18 100
 5 111  86  99   6   0  34 0.00  0.0    0  8.6 21 150   M    M   0        27 140
 6 111  84  98   5   0  33 0.00  0.0    0  6.2 16 120   M    M   0        22 130
 7 113  83  98   5   0  33 0.00  0.0    0  5.0 16 260   M    M   0        22 250
 8 113  78  96   3   0  31 0.00  0.0    0  6.1 21 140   M    M   0 8      24 150
 9 107  75  91  -2   0  26 0.00  0.0    0 11.6 29 140   M    M   2 8      35 130
10 107  84  96   3   0  31 0.00  0.0    0 11.6 23 150   M    M   1 8      29 140
11 104  84  94   1   0  29 0.00  0.0    0  8.1 18 150   M    M   0        21 150
12 108  83  96   3   0  31 0.00  0.0    0  5.8 14 130   M    M   0        17 140
13 113  83  98   5   0  33 0.00  0.0    0  4.1 12 220   M    M   0        14 220
14 115  85 100   7   0  35 0.00  0.0    0  7.6 16 140   M    M   0        19 140
15 117  87 102   9   0  37 0.00  0.0    0  5.7 15 260   M    M   0        19 170
16 117  83 100   7   0  35 0.00  0.0    0  6.2 13 290   M    M   1        18 290
17 114  83  99   6   0  34 0.00  0.0    0  7.4 24 180   M    M   0 8      28 190
18 110  86  98   5   0  33 0.00  0.0    0  9.6 21  40   M    M   0        27  50
19 108  83  96   4   0  31 0.00  0.0    0  7.8 29 200   M    M   0 8      35 200
20 108  82  95   3   0  30 0.00  0.0    0  5.7 26 120   M    M   0        36 110
21 105  82  94   2   0  29 0.00  0.0    0  6.6 24 120   M    M   0 8      27 120
22 108  80  94   2   0  29 0.00  0.0    0  7.1 18 270   M    M   0        25 270
23 107  77  92   0   0  27 0.00  0.0    0  5.8 13 260   M    M   0        16 260
24 110  79  95   3   0  30 0.00  0.0    0  7.4 14 140   M    M   0        27 160
25 109  81  95   3   0  30 0.00  0.0    0  7.7 20 150   M    M   0        25 150
26 104  81  93   1   0  28 0.00  0.0    0  7.6 16 140   M    M   0         M  M
27 104  74  89  -3   0  24 0.00  0.0    0  5.5 20  20   M    M   0        23  20
28 106  77  92   1   0  27 0.00  0.0    0  4.1 10 220   M    M   0        12 270
================================================================================
SM 3062 2300         0 867  0.00     0.0 204.5          M        4
================================================================================
AV109.4 82.1                               7.3 FASTST   M    M   0    MAX(MPH)
                                 MISC ---->  # 29 140               # 36  110
================================================================================
NOTES:
# LAST OF SEVERAL OCCURRENCES

COLUMN 17 PEAK WIND IN M.P.H.

PRELIMINARY LOCAL CLIMATOLOGICAL DATA (WS FORM: F-6) , PAGE 2

                                          STATION:  IMPERIAL CA
                                          MONTH:    AUGUST
                                          YEAR:     2016
                                          LATITUDE:   32 50 N
                                          LONGITUDE: 115 35 W

[TEMPERATURE DATA]      [PRECIPITATION DATA]       SYMBOLS USED IN COLUMN 16

AVERAGE MONTHLY: 95.8   TOTAL FOR MONTH:   0.00    1 = FOG OR MIST
DPTR FM NORMAL:   3.1   DPTR FM NORMAL:   -0.38    2 = FOG REDUCING VISIBILITY
HIGHEST:   117 ON 16,15 GRTST 24HR  0.00 ON 28-28      TO 1/4 MILE OR LESS
LOWEST:     74 ON 27                               3 = THUNDER
                        SNOW, ICE PELLETS, HAIL    4 = ICE PELLETS
                        TOTAL MONTH:   0.0 INCH    5 = HAIL
                        GRTST 24HR     0.0         6 = FREEZING RAIN OR DRIZZLE
                        GRTST DEPTH:   0           7 = DUSTSTORM OR SANDSTORM:
                                                       VSBY 1/2 MILE OR LESS
                                                   8 = SMOKE OR HAZE
[NO. OF DAYS WITH]      [WEATHER - DAYS WITH]      9 = BLOWING SNOW
                                                   X = TORNADO
MAX 32 OR BELOW:   0    0.01 INCH OR MORE:   0
MAX 90 OR ABOVE:  28    0.10 INCH OR MORE:   0
MIN 32 OR BELOW:   0    0.50 INCH OR MORE:   0
MIN  0 OR BELOW:   0    1.00 INCH OR MORE:   0

[HDD (BASE 65) ]
TOTAL THIS MO.     0    CLEAR  (SCALE 0-3)  28
DPTR FM NORMAL     0    PTCLDY (SCALE 4-7)   0
TOTAL FM JUL 1     0    CLOUDY (SCALE 8-10)  0
DPTR FM NORMAL     0

[CDD (BASE 65) ]
TOTAL THIS MO.   867
DPTR FM NORMAL    93    [PRESSURE DATA]
TOTAL FM JAN 1  3544    HIGHEST SLP M ON M
DPTR FM NORMAL   621    LOWEST  SLP 29.55 ON  7

[REMARKS]
