000
CXUS55 KCTP 011131
CF6IPT
PRELIMINARY LOCAL CLIMATOLOGICAL DATA (WS FORM: F-6)

                                          STATION:   WILLIAMSPORT PA
                                          MONTH:     JUNE
                                          YEAR:      2015
                                          LATITUDE:   41 15 N
                                          LONGITUDE:  76 55 W

  TEMPERATURE IN F:       :PCPN:    SNOW:  WIND      :SUNSHINE: SKY     :PK WND
================================================================================
1   2   3   4   5  6A  6B    7    8   9   10  11  12  13   14  15   16   17  18
                                     12Z  AVG MX 2MIN
DY MAX MIN AVG DEP HDD CDD  WTR  SNW DPTH SPD SPD DIR MIN PSBL S-S WX    SPD DR
================================================================================

 1  74  56  65   0   0   0    T  0.0    0  4.1 15 330   M    M   9 18     19 340
 2  63  51  57  -8   8   0 0.04  0.0    0  3.7 10  20   M    M   8 1      14 350
 3  71  48  60  -5   5   0 0.00  0.0    0  3.1 12  10   M    M   6 12     15 360
 4  69  59  64  -2   1   0 0.06  0.0    0  7.2 16 150   M    M   9 1      19 180
 5  79  59  69   3   0   4 0.23  0.0    0  4.0 21 250   M    M   7 13     25 250
 6  75  51  63  -3   2   0 0.00  0.0    0  6.7 18 330   M    M   4        23 320
 7  77  46  62  -4   3   0 0.00  0.0    0 11.5 29 160   M    M   5        41 150
 8  82  62  72   5   0   7 0.71  0.0    0  8.6 38 220   M    M   7 138    51 230
 9  78  59  69   2   0   4 0.11  0.0    0  7.6 24 260   M    M   5 13     33 250
10  84  57  71   4   0   6 0.00  0.0    0  5.2 18 170   M    M   5 12     26 190
11  90  66  78  10   0  13 0.00  0.0    0  4.0 14 250   M    M   2 18     16 250
12  89  66  78  10   0  13 0.36  0.0    0  5.4 23 340   M    M   4 13     32 360
13  80  67  74   6   0   9 0.00  0.0    0  4.1 12 360   M    M   7        14 330
14  84  66  75   7   0  10 0.16  0.0    0  3.2 10 340   M    M   7 13     12 350
15  89  70  80  11   0  15 0.67  0.0    0  5.7 20 260   M    M   6 1      24 250
16  85  65  75   6   0  10 0.22  0.0    0  5.4 21 340   M    M   6 1      30 360
17  79  59  69   0   0   4    T  0.0    M  1.1  8  80   M    M   3        11  90
18  77  66  72   2   0   7 0.26  0.0    0  4.6 12 130   M    M   8 1      17 160
19  81  62  72   2   0   7 0.48  0.0    0  5.6 15 260   M    M   6 13     20 260
20  78  59  69  -1   0   4 0.67  0.0    0  4.8 13  80   M    M   7 1      16  80
21  86  70  78   8   0  13 0.88  0.0    0 10.0 23 240   M    M   5 1      30 270
22  87  64  76   6   0  11 0.00  0.0    0  5.8 13 310   M    M   2 1      17 250
23  83  65  74   3   0   9 0.08  0.0    0  7.4 17 250   M    M   3 13     23 240
24  83  58  71   0   0   6 0.00  0.0    0  6.5 14 270   M    M   2        18 320
25  79  55  67  -4   0   2 0.03  0.0    0  3.0  8 250   M    M   5        10 280
26  83  61  72   1   0   7 0.00  0.0    0  2.3 12 330   M    M   5 1      15  10
27  67  59  63  -8   2   0 1.66  0.0    0 11.8 25 110   M    M   9 1      32 110
28  72  57  65  -7   0   0 0.52  0.0    0  5.2 21 260   M    M  10 1      25 250
29  81  56  69  -3   0   4    T  0.0    0  5.7 16 260   M    M   8        20 260
30  80  63  72   0   0   7 0.67  0.0    0  4.7 24 260   M    M   9 13     30 260
================================================================================
SM 2385 1802        21 172  7.81     0.0 168.0          M      179
================================================================================
AV 79.5 60.1                               5.6 FASTST   M    M   6    MAX(MPH)
                                 MISC ---->  # 38 220               # 51  230
================================================================================
NOTES:
# LAST OF SEVERAL OCCURRENCES

COLUMN 17 PEAK WIND IN M.P.H.

PRELIMINARY LOCAL CLIMATOLOGICAL DATA (WS FORM: F-6) , PAGE 2

                                          STATION:  WILLIAMSPORT PA
                                          MONTH:    JUNE
                                          YEAR:     2015
                                          LATITUDE:   41 15 N
                                          LONGITUDE:  76 55 W

[TEMPERATURE DATA]      [PRECIPITATION DATA]       SYMBOLS USED IN COLUMN 16

AVERAGE MONTHLY: 69.8   TOTAL FOR MONTH:   7.81    1 = FOG OR MIST
DPTR FM NORMAL:   1.2   DPTR FM NORMAL:    3.89    2 = FOG REDUCING VISIBILITY
HIGHEST:    90 ON 11    GRTST 24HR  2.10 ON 27-28      TO 1/4 MILE OR LESS
LOWEST:     46 ON  7                               3 = THUNDER
                        SNOW, ICE PELLETS, HAIL    4 = ICE PELLETS
                        TOTAL MONTH:   0.0 INCH    5 = HAIL
                        GRTST 24HR     0.0         6 = FREEZING RAIN OR DRIZZLE
                        GRTST DEPTH:   0           7 = DUSTSTORM OR SANDSTORM:
                                                       VSBY 1/2 MILE OR LESS
                                                   8 = SMOKE OR HAZE
[NO. OF DAYS WITH]      [WEATHER - DAYS WITH]      9 = BLOWING SNOW
                                                   X = TORNADO
MAX 32 OR BELOW:   0    0.01 INCH OR MORE:  18
MAX 90 OR ABOVE:   1    0.10 INCH OR MORE:  14
MIN 32 OR BELOW:   0    0.50 INCH OR MORE:   7
MIN  0 OR BELOW:   0    1.00 INCH OR MORE:   1

[HDD (BASE 65) ]
TOTAL THIS MO.    21    CLEAR  (SCALE 0-3)   5
DPTR FM NORMAL   -16    PTCLDY (SCALE 4-7)  18
TOTAL FM JUL 1  6175    CLOUDY (SCALE 8-10)  7
DPTR FM NORMAL   180

[CDD (BASE 65) ]
TOTAL THIS MO.   172
DPTR FM NORMAL    26    [PRESSURE DATA]
TOTAL FM JAN 1   300    HIGHEST SLP 30.23 ON  4
DPTR FM NORMAL   111    LOWEST  SLP 29.63 ON  9

[REMARKS]
#FINAL-06-15#
