000
CXUS55 KEAX 230736
CF6IRK
PRELIMINARY LOCAL CLIMATOLOGICAL DATA (WS FORM: F-6)

                                          STATION:   KIRKSVILLE MO
                                          MONTH:     JANUARY
                                          YEAR:      2017
                                          LATITUDE:   40  5 N
                                          LONGITUDE:  92 33 W

  TEMPERATURE IN F:       :PCPN:    SNOW:  WIND      :SUNSHINE: SKY     :PK WND
================================================================================
1   2   3   4   5  6A  6B    7    8   9   10  11  12  13   14  15   16   17  18
                                     12Z  AVG MX 2MIN
DY MAX MIN AVG DEP HDD CDD  WTR  SNW DPTH SPD SPD DIR MIN PSBL S-S WX    SPD DR
================================================================================

 1  39  14  27   1  38   0 0.00    M    M  6.0 13 120   M    M   2 1      15  90
 2  44  34  39  13  26   0 0.01    M    M  6.7 14 110   M    M  10 12     18 120
 3  41  14  28   2  37   0 0.00    M    M 13.5 24 320   M    M   6 1      32 310
 4  20   9  15 -11  50   0 0.10    M    M  9.7 18 320   M    M   4 18     23 320
 5  16   0   8 -18  57   0 0.05    M    M  7.6 16 270   M    M   7 18     23 270
 6  12  -4   4 -22  61   0 0.00    M    M  6.0 13 310   M    M   0        16 300
 7  27  -5  11 -15  54   0 0.00    M    M  5.5 12 340   M    M   2        15 340
 8  25   1  13 -13  52   0 0.00    M    M 10.1 20 140   M    M   4        24 150
 9  42  20  31   5  34   0 0.00  0.0    0 10.6 18 140   M    M   3        24 210
10  56  22  39  13  26   0 0.08    M    0 14.2 31 280   M    M   5 1      44 280
11  56  22  39  13  26   0 0.00  0.0    0 11.5 21 160   M    M   3 1      26 150
12  29  17  23  -3  42   0    T    M    0  9.2 17 340   M    M   5 1      22 350
13  29  15  22  -4  43   0 0.00  0.0    0  9.7 18  40   M    M   4        22  50
14  30  20  25  -1  40   0 0.06    M    0  3.9 10  50   M    M   7 168    12  50
15  31  24  28   2  37   0 0.04    M    0  6.0 10 110   M    M   9 16     14 110
16  44  31  38  12  27   0 1.21    M    0  8.3 15  80   M    M  10 126    19 270
17  43  35  39  13  26   0 0.00  0.0    0  8.3 15 270   M    M  10 1      20 240
18  40  29  35   9  30   0 0.00  0.0    0  6.2 14 190   M    M   8 12     16 230
19  44  33  39  13  26   0    T    M    M  4.2  9 120   M    M  10 12     11 120
20  48  39  44  18  21   0 0.00    M    M  5.7 15 150   M    M  10 12     19 140
21  48  34  41  15  24   0 0.00    M    M  7.4 16 230   M    M   5 12     19 230
22  41  35  38  12  27   0 0.05    M    M  8.5 17 340   M    M  10 1      22 340
================================================================================
SM  805  439       804   0  1.60     0.0 178.8          M      134
================================================================================
AV 36.6 20.0                               8.1 FASTST   M    M   6    MAX(MPH)
                                 MISC ---->  # 31 280               # 44  280
================================================================================
NOTES:
# LAST OF SEVERAL OCCURRENCES

COLUMN 17 PEAK WIND IN M.P.H.

PRELIMINARY LOCAL CLIMATOLOGICAL DATA (WS FORM: F-6) , PAGE 2

                                          STATION:  KIRKSVILLE MO
                                          MONTH:    JANUARY
                                          YEAR:     2017
                                          LATITUDE:   40  5 N
                                          LONGITUDE:  92 33 W

[TEMPERATURE DATA]      [PRECIPITATION DATA]       SYMBOLS USED IN COLUMN 16

AVERAGE MONTHLY: 28.3   TOTAL FOR MONTH:   1.60    1 = FOG OR MIST
DPTR FM NORMAL:   2.3   DPTR FM NORMAL:    0.84    2 = FOG REDUCING VISIBILITY
HIGHEST:    56 ON 11,10 GRTST 24HR  1.21 ON 16-16      TO 1/4 MILE OR LESS
LOWEST:     -5 ON  7                               3 = THUNDER
                        SNOW, ICE PELLETS, HAIL    4 = ICE PELLETS
                        TOTAL MONTH:   0.0 INCH    5 = HAIL
                        GRTST 24HR     0.0         6 = FREEZING RAIN OR DRIZZLE
                        GRTST DEPTH:   0           7 = DUSTSTORM OR SANDSTORM:
                                                       VSBY 1/2 MILE OR LESS
                                                   8 = SMOKE OR HAZE
[NO. OF DAYS WITH]      [WEATHER - DAYS WITH]      9 = BLOWING SNOW
                                                   X = TORNADO
MAX 32 OR BELOW:   9    0.01 INCH OR MORE:   8
MAX 90 OR ABOVE:   0    0.10 INCH OR MORE:   2
MIN 32 OR BELOW:  16    0.50 INCH OR MORE:   1
MIN  0 OR BELOW:   3    1.00 INCH OR MORE:   1

[HDD (BASE 65) ]
TOTAL THIS MO.   804    CLEAR  (SCALE 0-3)   3
DPTR FM NORMAL   -54    PTCLDY (SCALE 4-7)  12
TOTAL FM JUL 1  2605    CLOUDY (SCALE 8-10)  7
DPTR FM NORMAL  -596

[CDD (BASE 65) ]
TOTAL THIS MO.     0
DPTR FM NORMAL     0    [PRESSURE DATA]
TOTAL FM JAN 1     0    HIGHEST SLP  0.00 ON M
DPTR FM NORMAL     0    LOWEST  SLP  0.00 ON M

[REMARKS]
