000
CXUS53 KBIS 010738
CF6ISN
PRELIMINARY LOCAL CLIMATOLOGICAL DATA (WS FORM: F-6)

                                          STATION:   WILLISTON ND
                                          MONTH:     AUGUST
                                          YEAR:      2015
                                          LATITUDE:   48 10 N
                                          LONGITUDE: 103 38 W

  TEMPERATURE IN F:       :PCPN:    SNOW:  WIND      :SUNSHINE: SKY     :PK WND
================================================================================
1   2   3   4   5  6A  6B    7    8   9   10  11  12  13   14  15   16   17  18
                                     12Z  AVG MX 2MIN
DY MAX MIN AVG DEP HDD CDD  WTR  SNW DPTH SPD SPD DIR MIN PSBL S-S WX    SPD DR
================================================================================

 1 100  58  79   7   0  14 0.00    M    M 10.1 33 310   M    M   0        41 300
 2  82  53  68  -4   0   3 0.00    M    M  7.7 18 340   M    M   0        28 310
 3  86  50  68  -4   0   3 0.00    M    M  4.2 13  20   M    M   0        17  10
 4  91  57  74   3   0   9 0.00    M    M  9.7 21 120   M    M   0        28 120
 5  90  67  79   8   0  14    T    M    M  5.4 17 260   M    M   2        23 260
 6  77  63  70  -1   0   5 0.12    M    M  6.7 17  20   M    M   4 1      21  30
 7  83  56  70  -1   0   5 0.00    M    M 11.8 26 270   M    M   3 12     41 280
 8  85  50  68  -3   0   3 0.00    M    M  4.5 14 360   M    M   1        24 350
 9  86  58  72   1   0   7 0.00    M    M  6.5 17  10   M    M   0        24  10
10  90  52  71   0   0   6 0.00    M    M  4.3 12 110   M    M   0        15 130
11  96  62  79   8   0  14 0.00    M    M  9.4 18 140   M    M   0        24 140
12 102  68  85  15   0  20 0.00    M    M  4.1 12 150   M    M   0        16 140
13 101  68  85  15   0  20    T    M    M  4.7 15 360   M    M   0 8      24 360
14 104  65  85  15   0  20 0.00    M    M  7.8 15 160   M    M   0        20 150
15  95  58  77   7   0  12    T    M    M 15.4 30 290   M    M   0 38     40 280
16  72  50  61  -9   4   0 0.00    M    M  9.3 18 310   M    M   1        26 310
17  75  45  60  -9   5   0 0.00    M    M  2.3 10  40   M    M   3        14 320
18  78  46  62  -7   3   0 0.15    M    M  4.4 18 330   M    M   3        30 320
19  76  45  61  -8   4   0 0.00    M    M  2.6 10 160   M    M   2        13 190
20  91  50  71   3   0   6 0.00    M    M  8.4 25 350   M    M   0        33 350
21  86  54  70   2   0   5 0.00    M    M  5.8 14 240   M    M   1 8      19 160
22  78  49  64  -4   1   0 0.55    M    M 22.0 38 330   M    M   8 1      51 320
23  71  43  57 -10   8   0 0.00    M    M 13.3 24 310   M    M   0        32 310
24  79  38  59  -8   6   0 0.00    M    M  4.6 13 120   M    M   0        18 130
25  88  52  70   4   0   5 0.00    M    M  8.6 18 140   M    M   0        27 140
26  90  51  71   5   0   6    T    M    M  4.2 13  20   0    0   0         M  M
27  86  56  71   5   0   6 0.00    M    M  3.4  9 180   M    M   0        13 170
28  91  56  74   9   0   9 0.00    M    M  5.1 15 260   M    M   1 18     18 270
29  94  54  74   9   0   9 0.00  0.0    0  3.6 10  50   M    M   3 18     13 230
30  88  60  74  10   0   9    T  0.0    0  6.9 26 330   M    M   0 8      34 330
31  80  52  66   2   0   1 0.07  0.0    0 11.0 24 250   M    M   0        29 240
================================================================================
SM 2691 1686        31 211  0.89     0.0 227.8            0     32
================================================================================
AV 86.8 54.4                               7.3 FASTST    0   0   1    MAX(MPH)
                                 MISC ---->  # 38 330               # 51  320
================================================================================
NOTES:
# LAST OF SEVERAL OCCURRENCES

COLUMN 17 PEAK WIND IN M.P.H.

PRELIMINARY LOCAL CLIMATOLOGICAL DATA (WS FORM: F-6) , PAGE 2

                                          STATION:  WILLISTON ND
                                          MONTH:    AUGUST
                                          YEAR:     2015
                                          LATITUDE:   48 10 N
                                          LONGITUDE: 103 38 W

[TEMPERATURE DATA]      [PRECIPITATION DATA]       SYMBOLS USED IN COLUMN 16

AVERAGE MONTHLY: 70.6   TOTAL FOR MONTH:   0.89    1 = FOG OR MIST
DPTR FM NORMAL:   1.7   DPTR FM NORMAL:   -0.56    2 = FOG REDUCING VISIBILITY
HIGHEST:   104 ON 14    GRTST 24HR  0.55 ON 22-22      TO 1/4 MILE OR LESS
LOWEST:     38 ON 24                               3 = THUNDER
                        SNOW, ICE PELLETS, HAIL    4 = ICE PELLETS
                        TOTAL MONTH:   0.0 INCH    5 = HAIL
                        GRTST 24HR     0.0         6 = FREEZING RAIN OR DRIZZLE
                        GRTST DEPTH:   0           7 = DUSTSTORM OR SANDSTORM:
                                                       VSBY 1/2 MILE OR LESS
                                                   8 = SMOKE OR HAZE
[NO. OF DAYS WITH]      [WEATHER - DAYS WITH]      9 = BLOWING SNOW
                                                   X = TORNADO
MAX 32 OR BELOW:   0    0.01 INCH OR MORE:   4
MAX 90 OR ABOVE:  13    0.10 INCH OR MORE:   3
MIN 32 OR BELOW:   0    0.50 INCH OR MORE:   1
MIN  0 OR BELOW:   0    1.00 INCH OR MORE:   0

[HDD (BASE 65) ]
TOTAL THIS MO.    31    CLEAR  (SCALE 0-3)  27
DPTR FM NORMAL   -16    PTCLDY (SCALE 4-7)   3
TOTAL FM JUL 1    39    CLOUDY (SCALE 8-10)  1
DPTR FM NORMAL   -32

[CDD (BASE 65) ]
TOTAL THIS MO.   211
DPTR FM NORMAL    45    [PRESSURE DATA]
TOTAL FM JAN 1   562    HIGHEST SLP  0.00 ON 26
DPTR FM NORMAL   133    LOWEST  SLP  0.00 ON 26

[REMARKS]
#FINAL-08-15#
