000
CXUS51 KOKX 280703
CF6ISP
PRELIMINARY LOCAL CLIMATOLOGICAL DATA (WS FORM: F-6)

                                          STATION:   ISLIP NY
                                          MONTH:     MAY
                                          YEAR:      2016
                                          LATITUDE:   40 47 N
                                          LONGITUDE:  73  6 W

  TEMPERATURE IN F:       :PCPN:    SNOW:  WIND      :SUNSHINE: SKY     :PK WND
================================================================================
1   2   3   4   5  6A  6B    7    8   9   10  11  12  13   14  15   16   17  18
                                     12Z  AVG MX 2MIN
DY MAX MIN AVG DEP HDD CDD  WTR  SNW DPTH SPD SPD DIR MIN PSBL S-S WX    SPD DR
================================================================================

 1  49  43  46  -8  19   0 0.17  0.0    0  7.9 16 130   M    M   9 1      18 130
 2  58  46  52  -2  13   0    T  0.0    0  5.2 13 150   M    M   9 1      16 150
 3  53  48  51  -4  14   0 0.58  0.0    0  6.5 13  50   M    M   9 1      19  90
 4  51  45  48  -7  17   0 0.39  0.0    0 10.2 18  40   M    M  10 138    24  40
 5  53  45  49  -6  16   0    T  0.0    0 15.7 25  30   M    M  10 8      33  10
 6  52  47  50  -6  15   0 0.53  0.0    0 14.1 26  90   M    M  10 1      39 100
 7  55  46  51  -5  14   0    T  0.0    0  7.0 14  40   M    M  10 128    17  40
 8  66  45  56   0   9   0 0.07  0.0    0 11.1 28 300   M    M   7 12     38 300
 9  73  41  57   1   8   0 0.00  0.0    0 10.2 22 220   M    M   5        30 240
10  64  42  53  -4  12   0 0.00  0.0    0  7.4 20 220   M    M   6        24 210
11  73  43  58   1   7   0 0.00  0.0    0  6.1 15 210   M    M   5        19 180
12  72  44  58   1   7   0 0.00  0.0    0  5.4 12 150   M    M   4         M  M
13  66  55  61   3   4   0 0.24  0.0    0  5.0  9 340   M    M  10 12      M  M
14  71  53  62   4   3   0    T  0.0    0  9.1 24 240   M    M   6 1      33 230
15  59  45  52  -6  13   0    T  0.0    0 15.5 20 250   M    M   5        33 280
16  66  41  54  -5  11   0 0.00  0.0    0 15.2 29 280   M    M   3        41 270
17  66  52  59   0   6   0    T  0.0    0 10.5 23 230   M    M   8        30 220
18  65  48  57  -2   8   0    T  0.0    0  7.9 17 140   M    M   6 1      21 140
19  64  49  57  -3   8   0    T  0.0    0  6.1 13 180   M    M   6        16 210
20  74  45  60   0   5   0 0.00  0.0    0  7.2 18 160   M    M   5        23  20
21  65  48  57  -3   8   0 0.03  0.0    0  6.0 14 120   M    M   8        17 130
22  71  52  62   2   3   0 0.08  0.0    0  7.2 16  20   M    M   9 8      21  20
23  73  49  61   0   4   0 0.14  0.0    0  6.0 16 140   M    M   5 1      20 130
24  70  55  63   2   2   0 0.54  0.0    0  5.9 16 310   M    M  10 13     19 340
25  88  53  71  10   0   6 0.00  0.0    0  6.1 18 240   M    M   3 12     23 230
26  84  59  72  10   0   7 0.00  0.0    0  6.2 18 220   M    M   6        22 230
27  77  61  69   7   0   4 0.00  0.0    0 10.5 21 220   M    M   5 1      30 220
================================================================================
SM 1778 1300       226  17  2.77     0.0 231.2          M      189
================================================================================
AV 65.9 48.1                               8.6 FASTST   M    M   7    MAX(MPH)
                                 MISC ---->  # 29 280               # 41  270
================================================================================
NOTES:
# LAST OF SEVERAL OCCURRENCES

COLUMN 17 PEAK WIND IN M.P.H.

PRELIMINARY LOCAL CLIMATOLOGICAL DATA (WS FORM: F-6) , PAGE 2

                                          STATION:  ISLIP NY
                                          MONTH:    MAY
                                          YEAR:     2016
                                          LATITUDE:   40 47 N
                                          LONGITUDE:  73  6 W

[TEMPERATURE DATA]      [PRECIPITATION DATA]       SYMBOLS USED IN COLUMN 16

AVERAGE MONTHLY: 57.0   TOTAL FOR MONTH:   2.77    1 = FOG OR MIST
DPTR FM NORMAL:  -1.0   DPTR FM NORMAL:   -0.45    2 = FOG REDUCING VISIBILITY
HIGHEST:    88 ON 25    GRTST 24HR  0.68 ON 23-24      TO 1/4 MILE OR LESS
LOWEST:     41 ON 16, 9                            3 = THUNDER
                        SNOW, ICE PELLETS, HAIL    4 = ICE PELLETS
                        TOTAL MONTH:   0.0 INCH    5 = HAIL
                        GRTST 24HR     0.0         6 = FREEZING RAIN OR DRIZZLE
                        GRTST DEPTH:   0           7 = DUSTSTORM OR SANDSTORM:
                                                       VSBY 1/2 MILE OR LESS
                                                   8 = SMOKE OR HAZE
[NO. OF DAYS WITH]      [WEATHER - DAYS WITH]      9 = BLOWING SNOW
                                                   X = TORNADO
MAX 32 OR BELOW:   0    0.01 INCH OR MORE:  10
MAX 90 OR ABOVE:   0    0.10 INCH OR MORE:   7
MIN 32 OR BELOW:   0    0.50 INCH OR MORE:   3
MIN  0 OR BELOW:   0    1.00 INCH OR MORE:   0

[HDD (BASE 65) ]
TOTAL THIS MO.   226    CLEAR  (SCALE 0-3)   1
DPTR FM NORMAL    22    PTCLDY (SCALE 4-7)  15
TOTAL FM JUL 1  4364    CLOUDY (SCALE 8-10) 11
DPTR FM NORMAL -1011

[CDD (BASE 65) ]
TOTAL THIS MO.    17
DPTR FM NORMAL     6    [PRESSURE DATA]
TOTAL FM JAN 1    17    HIGHEST SLP M ON M
DPTR FM NORMAL     4    LOWEST  SLP 29.59 ON 14

[REMARKS]
