000
CXUS52 TJSJ 290453
CF6IST
PRELIMINARY LOCAL CLIMATOLOGICAL DATA (WS FORM: F-6)

                                          STATION:   CYRIL E. KING AIRPORT/USVI
                                          MONTH:     SEPTEMBER
                                          YEAR:      2014
                                          LATITUDE:   18 19 N
                                          LONGITUDE:  64 58 W

  TEMPERATURE IN F:       :PCPN:    SNOW:  WIND      :SUNSHINE: SKY     :PK WND
================================================================================
1   2   3   4   5  6A  6B    7    8   9   10  11  12  13   14  15   16   17  18
                                     12Z  AVG MX 2MIN
DY MAX MIN AVG DEP HDD CDD  WTR  SNW DPTH SPD SPD DIR MIN PSBL S-S WX    SPD DR
================================================================================

 1  87  76  82  -2   0  17 0.01  0.0    0 10.9 18 100   M    M   1        27 130
 2  88  77  83  -1   0  18 0.02  0.0    M 10.8 20 130   M    M   2        26 110
 3  89  78  84   0   0  19 0.00  0.0    0  9.7 17  80   M    M   2        22  90
 4  89  79  84   0   0  19 0.09  0.0    M 10.6 24  90   M    M   2        30  90
 5  89  78  84   0   0  19    T  0.0    M 10.3 18 100   M    M   4        23 110
 6  88  77  83  -1   0  18 0.01  0.0    M 12.3 17 130   M    M   2         M  M
 7  86  77  82  -2   0  17 0.19  0.0    M  9.0 13 100   M    M   0         M  M
 8  88  79  84   0   0  19 0.00  0.0    0 11.3 16 150   M    M   3         M  M
 9  86  77  82  -2   0  17 0.00  0.0    0  6.2 13 140   M    M   2         M  M
10  86  77  82  -2   0  17 0.00  0.0    0 11.0 15 150   M    M   1         M  M
11  86  79  83  -1   0  18 0.00  0.0    M  9.4 13 140   M    M   0         M  M
12  88  79  84   0   0  19 0.00  0.0    M  9.7 17 150   M    M   1         M  M
13  91  78  85   1   0  20 0.16  0.0    M 12.9 16  90   M    M   3 1      25  90
14  91  78  85   1   0  20    T  0.0    0  9.8 12  70   M    M   2         M  M
15  86  77  82  -2   0  17 0.11  0.0    M  6.1  8 130   M    M   4         M  M
16  87  76  82  -2   0  17 0.00  0.0    M  6.0 13 150   M    M   0         M  M
17  90  77  84   0   0  19 0.00  0.0    M  7.1 15 150   M    M   0         M  M
18  87  76  82  -2   0  17 0.21  0.0    M  6.6 10 150   M    M   0 1       M  M
19  88  75  82  -2   0  17 0.06  0.0    M 13.5 21 130   M    M   2 1      25 130
20  88  77  83  -1   0  18 0.12  0.0    0 11.7 15 110   M    M   3        22 130
21  90  79  85   1   0  20 0.00  0.0    M 10.4 18 140   M    M   3        23 100
22  89  78  84   0   0  19 0.26  0.0    M 11.5 18 150   M    M   4 8      29 100
23  86  78  82  -2   0  17 0.10  0.0    M 10.5 17 140   M    M   2        22 140
24  87  78  83  -1   0  18 0.09  0.0    M  9.8 21 140   M    M   1        31 150
25  88  76  82  -2   0  17 0.22  0.0    0 10.0 20 100   M    M   2        25 100
26  84  76  80  -4   0  15 0.05  0.0    M  7.6 20 150   M    M   2        24 150
27  84  78  81  -3   0  16 0.05  0.0    M  8.9 16 150   M    M   3        26 240
28  86  76  81  -3   0  16    T  0.0    M  8.5 10 140   M    M   3        25 150
================================================================================
SM 2452 2166         0 500  1.75     0.0 272.1          M       54
================================================================================
AV 87.6 77.4                               9.7 FASTST   M    M   2    MAX(MPH)
                                 MISC ---->  # 24  90               # 31  150
================================================================================
NOTES:
# LAST OF SEVERAL OCCURRENCES

COLUMN 17 PEAK WIND IN M.P.H.

PRELIMINARY LOCAL CLIMATOLOGICAL DATA (WS FORM: F-6) , PAGE 2

                                          STATION:  CYRIL E. KING AIRPORT/USVI
                                          MONTH:    SEPTEMBER
                                          YEAR:     2014
                                          LATITUDE:   18 19 N
                                          LONGITUDE:  64 58 W

[TEMPERATURE DATA]      [PRECIPITATION DATA]       SYMBOLS USED IN COLUMN 16

AVERAGE MONTHLY: 82.5   TOTAL FOR MONTH:   1.75    1 = FOG OR MIST
DPTR FM NORMAL:  -1.5   DPTR FM NORMAL:   -3.42    2 = FOG REDUCING VISIBILITY
HIGHEST:    91 ON 14,13 GRTST 24HR  0.26 ON 22-22      TO 1/4 MILE OR LESS
LOWEST:     75 ON 19                               3 = THUNDER
                        SNOW, ICE PELLETS, HAIL    4 = ICE PELLETS
                        TOTAL MONTH:   0.0 INCH    5 = HAIL
                        GRTST 24HR     0.0         6 = FREEZING RAIN OR DRIZZLE
                        GRTST DEPTH:   0           7 = DUSTSTORM OR SANDSTORM:
                                                       VSBY 1/2 MILE OR LESS
                                                   8 = SMOKE OR HAZE
[NO. OF DAYS WITH]      [WEATHER - DAYS WITH]      9 = BLOWING SNOW
                                                   X = TORNADO
MAX 32 OR BELOW:   0    0.01 INCH OR MORE:  16
MAX 90 OR ABOVE:   4    0.10 INCH OR MORE:   8
MIN 32 OR BELOW:   0    0.50 INCH OR MORE:   0
MIN  0 OR BELOW:   0    1.00 INCH OR MORE:   0

[HDD (BASE 65) ]
TOTAL THIS MO.     0    CLEAR  (SCALE 0-3)  24
DPTR FM NORMAL     0    PTCLDY (SCALE 4-7)   4
TOTAL FM JUL 1     0    CLOUDY (SCALE 8-10)  0
DPTR FM NORMAL     0

[CDD (BASE 65) ]
TOTAL THIS MO.   500
DPTR FM NORMAL   -32    [PRESSURE DATA]
TOTAL FM JAN 1  4490    HIGHEST SLP M ON M
DPTR FM NORMAL   -33    LOWEST  SLP 29.87 ON 27

[REMARKS]
