000
CXUS53 KGRB 260644
CF6ISW
PRELIMINARY LOCAL CLIMATOLOGICAL DATA (WS FORM: F-6)

                                          STATION:   WISCONSIN RAPIDS ASOS
                                          MONTH:     MARCH
                                          YEAR:      2015
                                          LATITUDE:   44 22 N
                                          LONGITUDE:  89 50 W

  TEMPERATURE IN F:       :PCPN:    SNOW:  WIND      :SUNSHINE: SKY     :PK WND
================================================================================
1   2   3   4   5  6A  6B    7    8   9   10  11  12  13   14  15   16   17  18
                                     12Z  AVG MX 2MIN
DY MAX MIN AVG DEP HDD CDD  WTR  SNW DPTH SPD SPD DIR MIN PSBL S-S WX    SPD DR
================================================================================

 1  24   7  16  -9  49   0    T    T    7  8.6 17 240   M    M   7 8      24 250
 2  28   3  16  -9  49   0    T    T    7  5.6 17 190   M    M   2        20 200
 3  29  16  23  -2  42   0 0.03  0.5    7  9.3 20 310   M    M   8 168    26 300
 4  16   0   8 -18  57   0 0.00  0.0    6 12.0 24 280   M    M   0        31 290
 5  15 -12   2 -24  63   0 0.00  0.0    6  5.4 13 250   M    M   0        18 310
 6  33  -5  14 -13  51   0 0.00  0.0    6  8.4 20 210   M    M   3        25 220
 7  41  13  27   0  38   0 0.00  0.0    6  9.8 23 320   M    M   4        35 330
 8  47  16  32   5  33   0 0.00  0.0    5  9.2 23 300   M    M   2        32 310
 9  56  23  40  12  25   0 0.00  0.0    4  8.6 21 210   M    M   4        30 210
10  64  29  47  19  18   0 0.00  0.0    3  8.1 17 240   M    M   0 18     22 240
11  56  23  40  11  25   0 0.00  0.0    1  3.6 14 360   M    M   0        18 360
12  60  30  45  16  20   0 0.00  0.0    0  8.5 17 180   M    M   1        24 200
13  69  39  54  24  11   0 0.00  0.0    0 10.7 18 310   M    M   0        25 320
14  56  28  42  12  23   0 0.00  0.0    0 10.0 23 320   M    M   2        31 320
15  63  26  45  15  20   0 0.00  0.0    0  8.8 24 240   M    M   0        32 230
16  63  39  51  20  14   0 0.00  0.0    0  7.6 23 360   M    M   3        30 360
17  43  24  34   3  31   0 0.00  0.0    0 12.9 25 300   M    M   0        33 330
18  46  23  35   3  30   0 0.00  0.0    0  4.6 14 320   M    M   2        17 300
19  49  30  40   8  25   0 0.00  0.0    0  6.5 16 190   M    M   9        20 180
20  56  33  45  12  20   0 0.04  0.0    0  7.7 16 270   M    M   7 1      22 280
21  43  31  37   4  28   0 0.00  0.0    0  9.1 18 340   M    M   5        26 340
22  39  28  34   0  31   0 0.00  0.0    0  6.0 13  80   M    M   8        17  80
23  39  24  32  -2  33   0    M    M    M  6.5 15 100   M    M   7 1      19 110
24  48  18  33  -1  32   0    M    M    M  8.9 18 150   M    M   1 1      25 140
25  39  27  33  -2  32   0    M    M    M 10.6 25 260   M    M  10 1      36 260
================================================================================
SM 1122  513       800   0  0.07     0.5 207.0          M       85
================================================================================
AV 44.9 20.5                               8.3 FASTST   M    M   3    MAX(MPH)
                                 MISC ---->  # 25 300               # 36  260
================================================================================
NOTES:
# LAST OF SEVERAL OCCURRENCES

COLUMN 17 PEAK WIND IN M.P.H.

PRELIMINARY LOCAL CLIMATOLOGICAL DATA (WS FORM: F-6) , PAGE 2

                                          STATION:  WISCONSIN RAPIDS ASOS
                                          MONTH:    MARCH
                                          YEAR:     2015
                                          LATITUDE:   44 22 N
                                          LONGITUDE:  89 50 W

[TEMPERATURE DATA]      [PRECIPITATION DATA]       SYMBOLS USED IN COLUMN 16

AVERAGE MONTHLY: 32.7   TOTAL FOR MONTH:   0.07    1 = FOG OR MIST
DPTR FM NORMAL:   3.1   DPTR FM NORMAL:   -1.21    2 = FOG REDUCING VISIBILITY
HIGHEST:    69 ON 13    GRTST 24HR  0.04 ON 20-20      TO 1/4 MILE OR LESS
LOWEST:    -12 ON  5                               3 = THUNDER
                        SNOW, ICE PELLETS, HAIL    4 = ICE PELLETS
                        TOTAL MONTH:   0.5 INCH    5 = HAIL
                        GRTST 24HR   0.5 ON  3- 3  6 = FREEZING RAIN OR DRIZZLE
                        GRTST DEPTH:   7 ON  3, 2  7 = DUSTSTORM OR SANDSTORM:
                                                       VSBY 1/2 MILE OR LESS
                                                   8 = SMOKE OR HAZE
[NO. OF DAYS WITH]      [WEATHER - DAYS WITH]      9 = BLOWING SNOW
                                                   X = TORNADO
MAX 32 OR BELOW:   5    0.01 INCH OR MORE:   2
MAX 90 OR ABOVE:   0    0.10 INCH OR MORE:   0
MIN 32 OR BELOW:  22    0.50 INCH OR MORE:   0
MIN  0 OR BELOW:   3    1.00 INCH OR MORE:   0

[HDD (BASE 65) ]
TOTAL THIS MO.   800    CLEAR  (SCALE 0-3)  15
DPTR FM NORMAL   -83    PTCLDY (SCALE 4-7)   6
TOTAL FM JUL 1  7130    CLOUDY (SCALE 8-10)  4
DPTR FM NORMAL   283

[CDD (BASE 65) ]
TOTAL THIS MO.     0
DPTR FM NORMAL     0    [PRESSURE DATA]
TOTAL FM JAN 1     0    HIGHEST SLP M ON M
DPTR FM NORMAL     0    LOWEST  SLP 29.57 ON  3

[REMARKS]
