000
CXHW53 PHFO 271250
CF6ITO
PRELIMINARY LOCAL CLIMATOLOGICAL DATA (WS FORM: F-6)

                                          STATION:   HILO HI
                                          MONTH:     AUGUST
                                          YEAR:      2016
                                          LATITUDE:   19 43 N
                                          LONGITUDE: 155  4 W

  TEMPERATURE IN F:       :PCPN:    SNOW:  WIND      :SUNSHINE: SKY     :PK WND
================================================================================
1   2   3   4   5  6A  6B    7    8   9   10  11  12  13   14  15   16   17  18
                                     12Z  AVG MX 2MIN
DY MAX MIN AVG DEP HDD CDD  WTR  SNW DPTH SPD SPD DIR MIN PSBL S-S WX    SPD DR
================================================================================

 1  87  71  79   3   0  14    T  0.0    0  5.2 13  60   M    M   6 1      18  70
 2  86  70  78   2   0  13 0.12  0.0    0  6.0 17  60   M    M   9 1      19  70
 3  86  72  79   3   0  14 0.33  0.0    0  5.9 15  60   M    M   6 18     17  90
 4  86  73  80   3   0  15 0.31  0.0    0  5.7 16  90   M    M   6 1      21 100
 5  85  73  79   2   0  14 0.05  0.0    0  6.3 17  60   M    M   7 1      20  40
 6  86  75  81   4   0  16 0.09  0.0    0  6.4 16  10   M    M   5 18     22  20
 7  88  75  82   5   0  17    T  0.0    0  6.5 17 110   M    M   5        23 120
 8  88  73  81   4   0  16 0.18  0.0    0  5.7 16  80   M    M   5 1      23  90
 9  83  74  79   2   0  14 0.11  0.0    0  5.2 14 100   M    M   8 1      17 100
10  87  72  80   3   0  15 0.07  0.0    0  6.2 14  60   M    M   7 1      19  40
11  86  75  81   4   0  16    T  0.0    0  7.8 18  30   M    M   6        22  30
12  83  72  78   1   0  13 0.39  0.0    0  6.9 17  70   M    M   7 18     23  80
13  80  71  76  -1   0  11 1.77  0.0    0  7.4 15  60   M    M   9 1      18  60
14  84  69  77   0   0  12 0.11  0.0    0  5.4 17  60   M    M   7 1      21  60
15  84  72  78   1   0  13 0.12  0.0    0  5.8 16  50   M    M   9 18     20  60
16  84  71  78   1   0  13 0.01  0.0    0  6.4 15  80   M    M   7 1      19  60
17  85  69  77   0   0  12 0.16  0.0    0  6.8 17  50   M    M   5 1      20  50
18  86  69  78   1   0  13 0.55  0.0    0  7.3 20  60   M    M   7 1      24  60
19  84  70  77   0   0  12 0.61  0.0    0  6.0 14  40   M    M   7 1      18  40
20  85  69  77   0   0  12 0.45  0.0    0  6.0 13  40   M    M   5 1      21  60
21  86  68  77   0   0  12 0.16  0.0    0  7.2 13  40   M    M   4 1      17  50
22  79  73  76   0   0  11 4.04  0.0    0  3.7 12 140   M    M   9 13     13  90
23  78  73  76   0   0  11 7.15  0.0    0  4.0 14 250   M    M   9 13     15 260
24  83  72  78   2   0  13 1.54  0.0    0  5.2 12 120   M    M   9 1      16 150
25  87  72  80   4   0  15 0.04  0.0    0  6.5 16  80   M    M   6 1      19  70
26  85  72  79   3   0  14 0.11  0.0    0  7.4 14  50   M    M   5 1      19  30
================================================================================
SM 2201 1865         0 351 18.47     0.0 158.9          M      175
================================================================================
AV 84.7 71.7                               6.1 FASTST   M    M   7    MAX(MPH)
                                 MISC ---->  # 20  60               # 24   60
================================================================================
NOTES:
# LAST OF SEVERAL OCCURRENCES

COLUMN 17 PEAK WIND IN M.P.H.

PRELIMINARY LOCAL CLIMATOLOGICAL DATA (WS FORM: F-6) , PAGE 2

                                          STATION:  HILO HI
                                          MONTH:    AUGUST
                                          YEAR:     2016
                                          LATITUDE:   19 43 N
                                          LONGITUDE: 155  4 W

[TEMPERATURE DATA]      [PRECIPITATION DATA]       SYMBOLS USED IN COLUMN 16

AVERAGE MONTHLY: 78.2   TOTAL FOR MONTH:  18.47    1 = FOG OR MIST
DPTR FM NORMAL:   1.5   DPTR FM NORMAL:   10.05    2 = FOG REDUCING VISIBILITY
HIGHEST:    88 ON  8, 7 GRTST 24HR  9.35 ON 22-23      TO 1/4 MILE OR LESS
LOWEST:     68 ON 21                               3 = THUNDER
                        SNOW, ICE PELLETS, HAIL    4 = ICE PELLETS
                        TOTAL MONTH:   0.0 INCH    5 = HAIL
                        GRTST 24HR     0.0         6 = FREEZING RAIN OR DRIZZLE
                        GRTST DEPTH:   0           7 = DUSTSTORM OR SANDSTORM:
                                                       VSBY 1/2 MILE OR LESS
                                                   8 = SMOKE OR HAZE
[NO. OF DAYS WITH]      [WEATHER - DAYS WITH]      9 = BLOWING SNOW
                                                   X = TORNADO
MAX 32 OR BELOW:   0    0.01 INCH OR MORE:  23
MAX 90 OR ABOVE:   0    0.10 INCH OR MORE:  18
MIN 32 OR BELOW:   0    0.50 INCH OR MORE:   6
MIN  0 OR BELOW:   0    1.00 INCH OR MORE:   4

[HDD (BASE 65) ]
TOTAL THIS MO.     0    CLEAR  (SCALE 0-3)   0
DPTR FM NORMAL     0    PTCLDY (SCALE 4-7)  20
TOTAL FM JUL 1     0    CLOUDY (SCALE 8-10)  6
DPTR FM NORMAL     0

[CDD (BASE 65) ]
TOTAL THIS MO.   351
DPTR FM NORMAL    65    [PRESSURE DATA]
TOTAL FM JAN 1  2692    HIGHEST SLP M ON M
DPTR FM NORMAL   689    LOWEST  SLP 29.89 ON M

[REMARKS]
