000
CXUS55 KGLD 310800
CF6ITR
PRELIMINARY LOCAL CLIMATOLOGICAL DATA (WS FORM: F-6)

                                          STATION:   BURLINGTON CO
                                          MONTH:     AUGUST
                                          YEAR:      2016
                                          LATITUDE:   39 15 N
                                          LONGITUDE: 102 17 W

  TEMPERATURE IN F:       :PCPN:    SNOW:  WIND      :SUNSHINE: SKY     :PK WND
================================================================================
1   2   3   4   5  6A  6B    7    8   9   10  11  12  13   14  15   16   17  18
                                     12Z  AVG MX 2MIN
DY MAX MIN AVG DEP HDD CDD  WTR  SNW DPTH SPD SPD DIR MIN PSBL S-S WX    SPD DR
================================================================================

 1  95  60  78   4   0  13 0.00    M    M  6.5 16  20   M    M   0        20 340
 2  94  62  78   4   0  13 0.00    M    M 10.3 20  40   M    M   0 8      25  30
 3  97  65  81   7   0  16 0.00    M    M  9.3 18 160   M    M   0 8      27 150
 4  86  62  74   0   0   9 0.00    M    M 15.0 27  10   M    M   0        37  30
 5  72  62  67  -7   0   2    T    M    M  9.5 20  80   M    M   9        23  80
 6  83  61  72  -2   0   7 0.03    M    M 14.8 25 140   M    M   9 123    30 140
 7  80  64  72  -2   0   7 0.00    M    M 11.1 21 140   M    M   9 123    26 140
 8  84  65  75   1   0  10 0.01    M    M 10.9 15 150   M    M   6 1      22 150
 9  95  57  76   2   0  11 0.00    M    M 12.6 23 140   M    M   1 1      27 150
10  99  65  82   9   0  17 0.16    M    M 10.7 31 110   M    M   2 138    37 120
11  93  62  78   5   0  13    T    M    M  9.0 28 350   M    M   1 3      36 360
12  86  59  73   0   0   8 0.07    M    M 11.9 38 310   M    M   0 3      45 310
13  90  55  73   0   0   8 0.08    M    M 10.2 30 360   M    M   0 3      36 350
14  88  56  72  -1   0   7 0.00    M    M 12.1 22 180   M    M   0        27 180
15  94  55  75   3   0  10    T    M    M 11.9 24 320   M    M   0 3      30 320
16  91  58  75   3   0  10 0.00    M    M  9.6 16 120   M    M   0        21 270
17  93  56  75   3   0  10 0.01    M    M  9.6 30 170   M    M   0 3      36 180
18  94  56  75   3   0  10 0.00    M    M 14.8 26 180   M    M   0        35 170
19  80  55  68  -4   0   3 0.00    M    M 16.2 32 360   M    M   7 8      43 360
20  76  48  62 -10   3   0 0.00    M    M  9.2 20 330   M    M   1        26 340
21  89  49  69  -2   0   4 0.00    M    M 15.9 28 180   M    M   0        32 180
22  87  56  72   1   0   7 0.00    M    M 19.2 32 190   M    M   1        40 180
23  95  57  76   5   0  11 0.00    M    M 12.5 23 360   M    M   0 8      29 350
24  74  53  64  -7   1   0 0.07    M    M 10.7 24  50   M    M   5        31  40
25  77  51  64  -6   1   0 0.00    M    M  7.9 20 110   M    M   0        25  90
26  77  51  64  -6   1   0 0.00    M    M 10.9 23 140   M    M   5 3      29 140
27  82  50  66  -4   0   1    T    M    M 10.0 25 160   M    M   4 128    32 160
28  85  61  73   3   0   8 0.00    M    M 12.2 20 120   M    M   0        26 110
29  75  59  67  -2   0   2 0.00    M    M  9.5 18 150   M    M   2        23 160
30  80  57  69   0   0   4 0.01    M    M  7.3 20  40   M    M   6 123    24  40
================================================================================
SM 2591 1727         6 221  0.44    M    341.3          M       68
================================================================================
AV 86.4 57.6                              11.4 FASTST   M    M   2    MAX(MPH)
                                 MISC ---->  # 38 310               # 45  310
================================================================================
NOTES:
# LAST OF SEVERAL OCCURRENCES

COLUMN 17 PEAK WIND IN M.P.H.

PRELIMINARY LOCAL CLIMATOLOGICAL DATA (WS FORM: F-6) , PAGE 2

                                          STATION:  BURLINGTON CO
                                          MONTH:    AUGUST
                                          YEAR:     2016
                                          LATITUDE:   39 15 N
                                          LONGITUDE: 102 17 W

[TEMPERATURE DATA]      [PRECIPITATION DATA]       SYMBOLS USED IN COLUMN 16

AVERAGE MONTHLY: 72.0   TOTAL FOR MONTH:   0.44    1 = FOG OR MIST
DPTR FM NORMAL:  -0.2   DPTR FM NORMAL:   -1.90    2 = FOG REDUCING VISIBILITY
HIGHEST:    99 ON 10    GRTST 24HR  0.16 ON 10-10      TO 1/4 MILE OR LESS
LOWEST:     48 ON 20                               3 = THUNDER
                        SNOW, ICE PELLETS, HAIL    4 = ICE PELLETS
                        TOTAL MONTH:    M          5 = HAIL
                        GRTST 24HR    M  ON   M    6 = FREEZING RAIN OR DRIZZLE
                        GRTST DEPTH:  M  ON   M    7 = DUSTSTORM OR SANDSTORM:
                                                       VSBY 1/2 MILE OR LESS
                                                   8 = SMOKE OR HAZE
[NO. OF DAYS WITH]      [WEATHER - DAYS WITH]      9 = BLOWING SNOW
                                                   X = TORNADO
MAX 32 OR BELOW:   0    0.01 INCH OR MORE:   8
MAX 90 OR ABOVE:  12    0.10 INCH OR MORE:   1
MIN 32 OR BELOW:   0    0.50 INCH OR MORE:   0
MIN  0 OR BELOW:   0    1.00 INCH OR MORE:   0

[HDD (BASE 65) ]
TOTAL THIS MO.     6    CLEAR  (SCALE 0-3)  21
DPTR FM NORMAL     1    PTCLDY (SCALE 4-7)   6
TOTAL FM JUL 1     6    CLOUDY (SCALE 8-10)  3
DPTR FM NORMAL    -4

[CDD (BASE 65) ]
TOTAL THIS MO.   221
DPTR FM NORMAL    -2    [PRESSURE DATA]
TOTAL FM JAN 1   898    HIGHEST SLP M ON M
DPTR FM NORMAL   198    LOWEST  SLP 29.69 ON M

[REMARKS]
