000
CXUS55 KGLD 010800
CF6ITR
PRELIMINARY LOCAL CLIMATOLOGICAL DATA (WS FORM: F-6)

                                          STATION:   BURLINGTON CO
                                          MONTH:     APRIL
                                          YEAR:      2016
                                          LATITUDE:   39 15 N
                                          LONGITUDE: 102 17 W

  TEMPERATURE IN F:       :PCPN:    SNOW:  WIND      :SUNSHINE: SKY     :PK WND
================================================================================
1   2   3   4   5  6A  6B    7    8   9   10  11  12  13   14  15   16   17  18
                                     12Z  AVG MX 2MIN
DY MAX MIN AVG DEP HDD CDD  WTR  SNW DPTH SPD SPD DIR MIN PSBL S-S WX    SPD DR
================================================================================

 1  51  18  35  -9  30   0 0.00    M    M 15.7 36 330   M    M   2        47 320
 2  67  27  47   3  18   0 0.00    M    M 11.0 26 330   M    M   2        31  10
 3  74  30  52   7  13   0 0.00    M    M 11.5 29 320   M    M   0        35 340
 4  76  35  56  11   9   0 0.00    M    M 13.8 25 170   M    M   2        32 180
 5  74  33  54   9  11   0 0.05    M    M 15.7 43 320   M    M   3 3      53 330
 6  73  29  51   6  14   0 0.00    M    M 15.7 31 320   M    M   0        38 340
 7  65  33  49   3  16   0 0.00    M    M 12.6 31  10   M    M   2        41  10
 8  71  32  52   6  13   0 0.00    M    M  6.7 14  90   M    M   2        19  90
 9  76  31  54   8  11   0 0.00    M    M 11.0 24 170   M    M   1        29 170
10  68  43  56  10   9   0    T    M    M 12.6 25  40   M    M   2        32  30
11  51  38  45  -1  20   0 0.29    M    M  7.8 16  10   M    M   9 1      17  10
12  68  36  52   5  13   0 0.00    M    M 14.9 24 200   M    M   0        30 200
13  74  37  56   9   9   0 0.00    M    M  9.0 16 170   M    M   0        19 180
14  80  40  60  13   5   0 0.00    M    M 22.3 38 160   M    M   1 18     49 150
15  63  46  55   7  10   0 1.07    M    M 14.5 30 180   M    M   7 13     38 330
16  49  38  44  -4  21   0 1.22    M    M 20.0 37  10   M    M  10 123    43  20
17  44  35  40  -8  25   0 0.00    M    M 15.8 22 330   M    M  10 18     27 360
18  53  32  43  -5  22   0 0.00    M    M 11.0 21 330   M    M   7        26 320
19  47  33  40  -9  25   0 0.27    M    M  8.2 14 150   M    M   9 128    22 130
20  59  32  46  -3  19   0    T    M    M  9.1 25  10   M    M   6 12     31  10
21  67  37  52   3  13   0 0.00    M    M 10.0 22 350   M    M   1        26  10
22  77  40  59   9   6   0 0.00    M    M 17.2 30 150   M    M   0        38 170
23  81  49  65  15   0   0 0.10    M    M 19.2 39 210   M    M   0 3      50 210
24  74  40  57   7   8   0 0.00    M    M 10.3 26 270   M    M   0        33 300
25  71  36  54   3  11   0 0.00    M    M 11.6 26 120   M    M   0        34 120
26  67  41  54   3  11   0 0.57    M    M 14.5 35 360   M    M   4 13     43  10
27  58  34  46  -6  19   0 0.00    M    M 19.4 32 330   M    M   2        42 310
28  50  33  42 -10  23   0    T    M    M 10.1 20  50   M    M   8        23  50
29  41  32  37 -15  28   0 1.08    M    M 14.2 24  70   M    M  10 13     28  60
30  37  32  35 -18  30   0    T    M    M 19.0 28 340   M    M  10 18     37 340
================================================================================
SM 1906 1052       462   0  4.65    M    404.4          M      110
================================================================================
AV 63.5 35.1                              13.5 FASTST   M    M   4    MAX(MPH)
                                 MISC ---->  # 43 320               # 53  330
================================================================================
NOTES:
# LAST OF SEVERAL OCCURRENCES

COLUMN 17 PEAK WIND IN M.P.H.

PRELIMINARY LOCAL CLIMATOLOGICAL DATA (WS FORM: F-6) , PAGE 2

                                          STATION:  BURLINGTON CO
                                          MONTH:    APRIL
                                          YEAR:     2016
                                          LATITUDE:   39 15 N
                                          LONGITUDE: 102 17 W

[TEMPERATURE DATA]      [PRECIPITATION DATA]       SYMBOLS USED IN COLUMN 16

AVERAGE MONTHLY: 49.3   TOTAL FOR MONTH:   4.65    1 = FOG OR MIST
DPTR FM NORMAL:   1.4   DPTR FM NORMAL:    3.19    2 = FOG REDUCING VISIBILITY
HIGHEST:    81 ON 23    GRTST 24HR  2.28 ON 15-16      TO 1/4 MILE OR LESS
LOWEST:     18 ON  1                               3 = THUNDER
                        SNOW, ICE PELLETS, HAIL    4 = ICE PELLETS
                        TOTAL MONTH:    M          5 = HAIL
                        GRTST 24HR    M  ON   M    6 = FREEZING RAIN OR DRIZZLE
                        GRTST DEPTH:  M  ON   M    7 = DUSTSTORM OR SANDSTORM:
                                                       VSBY 1/2 MILE OR LESS
                                                   8 = SMOKE OR HAZE
[NO. OF DAYS WITH]      [WEATHER - DAYS WITH]      9 = BLOWING SNOW
                                                   X = TORNADO
MAX 32 OR BELOW:   0    0.01 INCH OR MORE:   8
MAX 90 OR ABOVE:   0    0.10 INCH OR MORE:   7
MIN 32 OR BELOW:  10    0.50 INCH OR MORE:   4
MIN  0 OR BELOW:   0    1.00 INCH OR MORE:   3

[HDD (BASE 65) ]
TOTAL THIS MO.   462    CLEAR  (SCALE 0-3)  19
DPTR FM NORMAL   -51    PTCLDY (SCALE 4-7)   4
TOTAL FM JUL 1  5000    CLOUDY (SCALE 8-10)  7
DPTR FM NORMAL  -844

[CDD (BASE 65) ]
TOTAL THIS MO.     0
DPTR FM NORMAL    -1    [PRESSURE DATA]
TOTAL FM JAN 1     0    HIGHEST SLP M ON M
DPTR FM NORMAL    -1    LOWEST  SLP 29.44 ON 26

[REMARKS]
#FINAL-04-16#
