000
CXUS53 KIWX 250800
CF6IWX
PRELIMINARY LOCAL CLIMATOLOGICAL DATA (WS FORM: F-6)

                                          STATION:   NORTH WEBSTER WFO
                                          MONTH:     MAY
                                          YEAR:      2015
                                          LATITUDE:   41 21 N
                                          LONGITUDE:  85 42 W

  TEMPERATURE IN F:       :PCPN:    SNOW:  WIND      :SUNSHINE: SKY     :PK WND
================================================================================
1   2   3   4   5  6A  6B    7    8   9   10  11  12  13   14  15   16   17  18
                                     12Z  AVG MX 2MIN
DY MAX MIN AVG DEP HDD CDD  WTR  SNW DPTH SPD SPD DIR MIN PSBL S-S WX    SPD DR
================================================================================

 1  72  37  55  -1  10   0 0.00  0.0    0   M   M   M   M    M   M         M  M
 2  74  47  61   5   4   0 0.00  0.0    0   M   M   M   M    M   M         M  M
 3  78  52  65   9   0   0 0.00  0.0    0   M   M   M   M    M   M         M  M
 4  74  58  66  10   0   1 0.14  0.0    0   M   M   M   M    M   M 8       M  M
 5  73  54  64   7   1   0 0.74  0.0    0   M   M   M   M    M   M         M  M
 6  82  52  67  10   0   2 0.00  0.0    0   M   M   M   M    M   M 18      M  M
 7  85  59  72  15   0   7 0.00  0.0    0   M   M   M   M    M   M         M  M
 8  84  63  74  16   0   9 0.31  0.0    0   M   M   M   M    M   M         M  M
 9  79  62  71  13   0   6 0.02  0.0    0   M   M   M   M    M   M         M  M
10  77  62  70  12   0   5 0.10  0.0    0   M   M   M   M    M   M         M  M
11  71  57  64   5   1   0 0.00  0.0    0   M   M   M   M    M   M         M  M
12  57  47  52  -7  13   0 0.00  0.0    0   M   M   M   M    M   M         M  M
13  59  41  50  -9  15   0 0.00  0.0    0   M   M   M   M    M   M         M  M
14  62  43  53  -7  12   0    T  0.0    0   M   M   M   M    M   M         M  M
15  80  54  67   7   0   2 0.24  0.0    0   M   M   M   M    M   M         M  M
16  74  63  69   9   0   4 0.47  0.0    0   M   M   M   M    M   M         M  M
17  79  65  72  12   0   7 0.00  0.0    0   M   M   M   M    M   M         M  M
18  81  54  68   7   0   3 0.00  0.0    0   M   M   M   M    M   M         M  M
19  54  39  47 -14  18   0 0.00  0.0    0   M   M   M   M    M   M         M  M
20  54  35  45 -16  20   0 0.09  0.0    0   M   M   M   M    M   M         M  M
21  64  42  53  -9  12   0 0.00  0.0    0   M   M   M   M    M   M         M  M
22  70  45  58  -4   7   0 0.00  0.0    0   M   M   M   M    M   M         M  M
23  79  44  62   0   3   0 0.00  0.0    0   M   M   M   M    M   M         M  M
24  81  57  69   7   0   4 0.00  0.0    0   M   M   M   M    M   M         M  M
================================================================================
SM 1743 1232       116  50  2.11     0.0     M          M        M
================================================================================
AV 72.6 51.3                                 M FASTST   M    M   5    MAX(MPH)
                                 MISC ---->     M   M                  M    M
================================================================================
NOTES:
# LAST OF SEVERAL OCCURRENCES

COLUMN 17 PEAK WIND IN M.P.H.

PRELIMINARY LOCAL CLIMATOLOGICAL DATA (WS FORM: F-6) , PAGE 2

                                          STATION:  NORTH WEBSTER WFO
                                          MONTH:    MAY
                                          YEAR:     2015
                                          LATITUDE:   41 21 N
                                          LONGITUDE:  85 42 W

[TEMPERATURE DATA]      [PRECIPITATION DATA]       SYMBOLS USED IN COLUMN 16

AVERAGE MONTHLY: 62.0   TOTAL FOR MONTH:   2.11    1 = FOG OR MIST
DPTR FM NORMAL:   2.9   DPTR FM NORMAL:   -1.13    2 = FOG REDUCING VISIBILITY
HIGHEST:    85 ON  7    GRTST 24HR  0.74 ON  5- 5      TO 1/4 MILE OR LESS
LOWEST:     35 ON 20                               3 = THUNDER
                        SNOW, ICE PELLETS, HAIL    4 = ICE PELLETS
                        TOTAL MONTH:   0.0 INCH    5 = HAIL
                        GRTST 24HR     0.0         6 = FREEZING RAIN OR DRIZZLE
                        GRTST DEPTH:   0           7 = DUSTSTORM OR SANDSTORM:
                                                       VSBY 1/2 MILE OR LESS
                                                   8 = SMOKE OR HAZE
[NO. OF DAYS WITH]      [WEATHER - DAYS WITH]      9 = BLOWING SNOW
                                                   X = TORNADO
MAX 32 OR BELOW:   0    0.01 INCH OR MORE:   8
MAX 90 OR ABOVE:   0    0.10 INCH OR MORE:   6
MIN 32 OR BELOW:   0    0.50 INCH OR MORE:   1
MIN  0 OR BELOW:   0    1.00 INCH OR MORE:   0

[HDD (BASE 65) ]
TOTAL THIS MO.   116    CLEAR  (SCALE 0-3)   0
DPTR FM NORMAL   -37    PTCLDY (SCALE 4-7)   0
TOTAL FM JUL 1  6780    CLOUDY (SCALE 8-10)  0
DPTR FM NORMAL   690

[CDD (BASE 65) ]
TOTAL THIS MO.    50
DPTR FM NORMAL    43    [PRESSURE DATA]
TOTAL FM JAN 1    51    HIGHEST SLP M ON M
DPTR FM NORMAL    41    LOWEST  SLP M ON M

[REMARKS]
