000
CXUS55 KEAX 270736
CF6IXD
PRELIMINARY LOCAL CLIMATOLOGICAL DATA (WS FORM: F-6)

                                          STATION:   New Century Air Center KS
                                          MONTH:     JULY
                                          YEAR:      2016
                                          LATITUDE:   38 49 N
                                          LONGITUDE:  94 54 W

  TEMPERATURE IN F:       :PCPN:    SNOW:  WIND      :SUNSHINE: SKY     :PK WND
================================================================================
1   2   3   4   5  6A  6B    7    8   9   10  11  12  13   14  15   16   17  18
                                     12Z  AVG MX 2MIN
DY MAX MIN AVG DEP HDD CDD  WTR  SNW DPTH SPD SPD DIR MIN PSBL S-S WX    SPD DR
================================================================================

 1  84  64  74  -3   0   9 0.00    M    M  6.7 13 120   M    M   1        18  60
 2  73  64  69  -8   0   4 3.21    M    M  7.8 14 140   M    M  10 13     16 120
 3  73  64  69  -8   0   4 0.23    M    M  7.1 12  40   M    M  10 1      16  40
 4  83  64  74  -3   0   9    T    M    M  5.2 12 240   M    M   7 18     17 230
 5  96  72  84   7   0  19 0.00  0.0    0 10.8 20 200   M    M   0        25 200
 6  91  75  83   6   0  18 0.01    M    M  8.6 18 190   M    M   1        23 200
 7  89  66  78   0   0  13 1.17    M    M 10.1 44 340   M    M   3 13     55 340
 8  89  68  79   1   0  14 0.15    M    M  4.8 10 150   M    M   3 13     13 110
 9  90  73  82   4   0  17 0.75    M    M  7.2 29 180   M    M   1 13     36 190
10  90  71  81   3   0  16 0.00    M    M 10.9 17 160   M    M   0        22 150
11  91  73  82   4   0  17 0.00    M    M 15.7 28 150   M    M   0        35 150
12  84  65  75  -3   0  10 0.91    M    M  9.9 37 330   M    M   5 138    48 320
13  85  69  77  -1   0  12 0.84    M    M  9.4 29 160   M    M   5 13     35 160
14  81  68  75  -3   0  10 0.00    M    M  5.0 15 210   M    M   3 123    21 210
15  86  65  76  -2   0  11 0.00    M    M  5.5 15  10   M    M   2        18 340
16  88  68  78   0   0  13 0.00    M    M  8.2 16 150   M    M   1        23 160
17  93  74  84   5   0  19 0.00    M    M 10.0 16 170   M    M   0        22 190
18  91  71  81   2   0  16 0.00    M    M  7.9 15 130   M    M   1        18 120
19  93  73  83   4   0  18 0.00    M    M  8.0 15 190   M    M   1        19 170
20  95  75  85   6   0  20 0.00    M    M  9.9 18 210   M    M   0 1      23 190
21  97  77  87   8   0  22 0.00    M    M 11.7 20 190   M    M   0        26 190
22  95  78  87   8   0  22 0.00    M    M 11.0 22 140   M    M   0 8      27 150
23  94  76  85   6   0  20 0.00    M    M  8.5 15 190   M    M   0        19 170
24  96  76  86   7   0  21 0.00    M    M  8.9 17 350   M    M   1 8      21 200
25  85  73  79   0   0  14 0.02    M    M  5.9 17 280   M    M   4 3      23 270
26  89  68  79   0   0  14 0.00    M    M  6.1 12 120   M    M   0 8      19 120
================================================================================
SM 2301 1830         0 382  7.29     0.0 220.8          M       59
================================================================================
AV 88.5 70.4                               8.5 FASTST   M    M   2    MAX(MPH)
                                 MISC ---->  # 44 340               # 55  340
================================================================================
NOTES:
# LAST OF SEVERAL OCCURRENCES

COLUMN 17 PEAK WIND IN M.P.H.

PRELIMINARY LOCAL CLIMATOLOGICAL DATA (WS FORM: F-6) , PAGE 2

                                          STATION:  New Century Air Center KS
                                          MONTH:    JULY
                                          YEAR:     2016
                                          LATITUDE:   38 49 N
                                          LONGITUDE:  94 54 W

[TEMPERATURE DATA]      [PRECIPITATION DATA]       SYMBOLS USED IN COLUMN 16

AVERAGE MONTHLY: 79.4   TOTAL FOR MONTH:   7.29    1 = FOG OR MIST
DPTR FM NORMAL:   1.3   DPTR FM NORMAL:    3.55    2 = FOG REDUCING VISIBILITY
HIGHEST:    97 ON 21    GRTST 24HR  3.42 ON  2- 3      TO 1/4 MILE OR LESS
LOWEST:     64 ON  4, 3                            3 = THUNDER
                        SNOW, ICE PELLETS, HAIL    4 = ICE PELLETS
                        TOTAL MONTH:   0.0 INCH    5 = HAIL
                        GRTST 24HR     0.0         6 = FREEZING RAIN OR DRIZZLE
                        GRTST DEPTH:   0           7 = DUSTSTORM OR SANDSTORM:
                                                       VSBY 1/2 MILE OR LESS
                                                   8 = SMOKE OR HAZE
[NO. OF DAYS WITH]      [WEATHER - DAYS WITH]      9 = BLOWING SNOW
                                                   X = TORNADO
MAX 32 OR BELOW:   0    0.01 INCH OR MORE:   9
MAX 90 OR ABOVE:  13    0.10 INCH OR MORE:   7
MIN 32 OR BELOW:   0    0.50 INCH OR MORE:   5
MIN  0 OR BELOW:   0    1.00 INCH OR MORE:   2

[HDD (BASE 65) ]
TOTAL THIS MO.     0    CLEAR  (SCALE 0-3)  19
DPTR FM NORMAL     0    PTCLDY (SCALE 4-7)   5
TOTAL FM JUL 1     0    CLOUDY (SCALE 8-10)  2
DPTR FM NORMAL     0

[CDD (BASE 65) ]
TOTAL THIS MO.   382
DPTR FM NORMAL    41    [PRESSURE DATA]
TOTAL FM JAN 1  1334    HIGHEST SLP  0.00 ON M
DPTR FM NORMAL   615    LOWEST  SLP  0.00 ON M

[REMARKS]
