000
CXUS54 KJAN 011200
CF6JAN
PRELIMINARY LOCAL CLIMATOLOGICAL DATA (WS FORM: F-6)

                                          STATION:   JACKSON
                                          MONTH:     JUNE
                                          YEAR:      2015
                                          LATITUDE:   32 19 N
                                          LONGITUDE:  90  5 W

  TEMPERATURE IN F:       :PCPN:    SNOW:  WIND      :SUNSHINE: SKY     :PK WND
================================================================================
1   2   3   4   5  6A  6B    7    8   9   10  11  12  13   14  15   16   17  18
                                     12Z  AVG MX 2MIN
DY MAX MIN AVG DEP HDD CDD  WTR  SNW DPTH SPD SPD DIR MIN PSBL S-S WX    SPD DR
================================================================================

 1  84  67  76   0   0  11 0.00  0.0    0  3.6 15 350   M    M   8 1      19 350
 2  84  65  75  -2   0  10 0.00  0.0    0  6.4 13  20   M    M   3        17  10
 3  84  61  73  -4   0   8 0.00  0.0    0  3.3 10 360   M    M   1        17  30
 4  86  62  74  -3   0   9 0.00  0.0    0  2.6 13  20   M    M   1        16  20
 5  89  64  77   0   0  12 0.00  0.0    0  3.0 13 340   M    M   2        15  20
 6  91  69  80   2   0  15 0.00  0.0    0  2.5 12  20   M    M   6        14 350
 7  91  71  81   3   0  16    T  0.0    0  1.9 13 260   M    M   4 1      16 250
 8  93  70  82   4   0  17 0.00  0.0    0  4.9 13 200   M    M   3 1      18 230
 9  88  72  80   2   0  15    T  0.0    0  5.5 16 170   M    M   6 13     24  20
10  91  70  81   3   0  16 1.62  0.0    0  5.1 24 180   M    M   5 13     31 180
11  93  70  82   4   0  17    T  0.0    0  4.8 24 130   M    M   4 13     30 130
12  87  70  79   0   0  14 0.52  0.0    0  7.4 24 200   M    M   4 13     29 190
13  91  71  81   2   0  16 0.28  0.0    0  8.2 33 170   M    M   6 13     43 170
14  91  74  83   4   0  18 0.32  0.0    0  7.3 29 130   M    M   6 1      35 140
15  92  73  83   4   0  18 0.04  0.0    0  6.3 23 170   M    M   3 13     29 160
16  92  72  82   3   0  17 0.00  0.0    0  6.5 16 150   M    M   3        21 160
17  93  73  83   3   0  18 0.00  0.0    0  6.7 15 150   M    M   2 1      19 150
18  92  74  83   3   0  18 0.00  0.0    0  8.9 15 210   M    M   4        21 190
19  92  76  84   4   0  19 0.00  0.0    0  9.5 18 200   M    M   5        25 220
20  92  78  85   5   0  20 0.00  0.0    0  7.2 15 230   M    M   5        21 230
21  94  75  85   5   0  20 0.00  0.0    0  3.8 10 290   M    M   4        15 280
22  95  74  85   5   0  20 0.00  0.0    0  2.7  9 240   M    M   2 1      13 250
23  97  78  88   8   0  23 0.00  0.0    0  3.1 10 290   M    M   2        14 300
24  95  73  84   4   0  19 0.94  0.0    0  4.8 25 140   M    M   5 138    34 170
25  94  71  83   3   0  18 0.00  0.0    0  3.6  9 180   M    M   2        12 240
26  92  73  83   2   0  18 1.70  0.0    0  6.3 24 250   M    M   3 138    32 260
27  87  74  81   0   0  16    T  0.0    0  5.8 14 340   M    M   6 3      22 260
28  89  70  80  -1   0  15 0.00  0.0    0  2.2 10 280   M    M   2        20 280
29  92  67  80  -1   0  15 0.00  0.0    0  6.0 16 200   M    M   3        22 190
30  88  70  79  -2   0  14 1.02  0.0    0  8.2 23 220   M    M   6 13     36 230
================================================================================
SM 2719 2127         0 482  6.44     0.0 158.1          M      116
================================================================================
AV 90.6 70.9                               5.3 FASTST   M    M   4    MAX(MPH)
                                 MISC ---->  # 33 170               # 43  170
================================================================================
NOTES:
# LAST OF SEVERAL OCCURRENCES

COLUMN 17 PEAK WIND IN M.P.H.

PRELIMINARY LOCAL CLIMATOLOGICAL DATA (WS FORM: F-6) , PAGE 2

                                          STATION:  JACKSON
                                          MONTH:    JUNE
                                          YEAR:     2015
                                          LATITUDE:   32 19 N
                                          LONGITUDE:  90  5 W

[TEMPERATURE DATA]      [PRECIPITATION DATA]       SYMBOLS USED IN COLUMN 16

AVERAGE MONTHLY: 80.8   TOTAL FOR MONTH:   6.44    1 = FOG OR MIST
DPTR FM NORMAL:   1.8   DPTR FM NORMAL:    2.32    2 = FOG REDUCING VISIBILITY
HIGHEST:    97 ON 23    GRTST 24HR  1.96 ON 31- 1      TO 1/4 MILE OR LESS
LOWEST:     61 ON  3                               3 = THUNDER
                        SNOW, ICE PELLETS, HAIL    4 = ICE PELLETS
                        TOTAL MONTH:   0.0 INCH    5 = HAIL
                        GRTST 24HR     0.0         6 = FREEZING RAIN OR DRIZZLE
                        GRTST DEPTH:   0           7 = DUSTSTORM OR SANDSTORM:
                                                       VSBY 1/2 MILE OR LESS
                                                   8 = SMOKE OR HAZE
[NO. OF DAYS WITH]      [WEATHER - DAYS WITH]      9 = BLOWING SNOW
                                                   X = TORNADO
MAX 32 OR BELOW:   0    0.01 INCH OR MORE:   8
MAX 90 OR ABOVE:  20    0.10 INCH OR MORE:   7
MIN 32 OR BELOW:   0    0.50 INCH OR MORE:   5
MIN  0 OR BELOW:   0    1.00 INCH OR MORE:   3

[HDD (BASE 65) ]
TOTAL THIS MO.     0    CLEAR  (SCALE 0-3)  12
DPTR FM NORMAL     0    PTCLDY (SCALE 4-7)  18
TOTAL FM JUL 1  2353    CLOUDY (SCALE 8-10)  0
DPTR FM NORMAL   -38

[CDD (BASE 65) ]
TOTAL THIS MO.   482
DPTR FM NORMAL    60    [PRESSURE DATA]
TOTAL FM JAN 1   935    HIGHEST SLP 30.18 ON 24
DPTR FM NORMAL   155    LOWEST  SLP 29.80 ON 10

[REMARKS]
