000
CXUS52 KJAX 200800
CF6JAX
PRELIMINARY LOCAL CLIMATOLOGICAL DATA (WS FORM: F-6)

                                          STATION:   JACKSONVILLE FL
                                          MONTH:     SEPTEMBER
                                          YEAR:      2017
                                          LATITUDE:   30 30 N
                                          LONGITUDE:  81 42 W

  TEMPERATURE IN F:       :PCPN:    SNOW:  WIND      :SUNSHINE: SKY     :PK WND
================================================================================
1   2   3   4   5  6A  6B    7    8   9   10  11  12  13   14  15   16   17  18
                                     12Z  AVG MX 2MIN
DY MAX MIN AVG DEP HDD CDD  WTR  SNW DPTH SPD SPD DIR MIN PSBL S-S WX    SPD DR
================================================================================

 1  93  72  83   2   0  18 0.77  0.0    0  6.3 32 220   M    M   6 13     40 220
 2  84  72  78  -2   0  13 0.04  0.0    0  2.3 14 220   M    M   7 13     14 230
 3  90  72  81   1   0  16 0.00  0.0    0  2.6 10  90   M    M   6        13  80
 4  90  73  82   2   0  17 0.00  0.0    0  3.4 14  80   M    M   6        20  60
 5  89  73  81   1   0  16    T  0.0    0  2.9 14 140   M    M   8 3      16 140
 6  84  74  79  -1   0  14    T  0.0    0  4.1 16 280   M    M  10        20 250
 7  83  67  75  -5   0  10 0.00  0.0    0  6.1 13  50   M    M   8        17  10
 8  84  70  77  -3   0  12    T  0.0    0 11.9 22  30   M    M   6 1      28  50
 9  81  75  78  -2   0  13 0.29  0.0    0 17.4 26  50   M    M   9 1      34  50
10  76  71  74  -5   0   9 5.18  0.0    0 24.1 41  50   M    M  10 1      57  50
11  79  72  76  -3   0  11 4.54  0.0    0 28.1 59  50   M    M   9 18     86  50
12  86  67  77  -2   0  12 0.00  0.0    0  7.7 20 230   M    M   5        27 240
13  89  63  76  -3   0  11 0.00  0.0    0  3.7 16  20   M    M   4        20 360
14  91  71  81   2   0  16 0.00  0.0    0  3.9 13  50   M    M   6        15  60
15  88  75  82   4   0  17    T  0.0    0  6.4 15  80   M    M   7        19  60
16  86  73  80   2   0  15    T  0.0    0  4.2 12  90   M    M   6 1      15  30
17  89  71  80   2   0  15 0.00  0.0    0  6.0 16  40   M    M   2 1      22  20
18  89  69  79   1   0  14 0.00  0.0    0  4.2 16  40   M    M   2 1      22  50
19  90  67  79   1   0  14 0.00  0.0    0  3.1 12 120   M    M   3 1      15 110
================================================================================
SM 1641 1347         0 263 10.82     0.0 148.4          M      120
================================================================================
AV 86.4 70.9                               7.8 FASTST   M    M   6    MAX(MPH)
                                 MISC ---->  # 59  50               # 86   50
================================================================================
NOTES:
# LAST OF SEVERAL OCCURRENCES

COLUMN 17 PEAK WIND IN M.P.H.

PRELIMINARY LOCAL CLIMATOLOGICAL DATA (WS FORM: F-6) , PAGE 2

                                          STATION:  JACKSONVILLE FL
                                          MONTH:    SEPTEMBER
                                          YEAR:     2017
                                          LATITUDE:   30 30 N
                                          LONGITUDE:  81 42 W

[TEMPERATURE DATA]      [PRECIPITATION DATA]       SYMBOLS USED IN COLUMN 16

AVERAGE MONTHLY: 78.6   TOTAL FOR MONTH:  10.82    1 = FOG OR MIST
DPTR FM NORMAL:  -0.6   DPTR FM NORMAL:    5.44    2 = FOG REDUCING VISIBILITY
HIGHEST:    93 ON  1    GRTST 24HR  5.18 ON 10-10      TO 1/4 MILE OR LESS
LOWEST:     63 ON 13                               3 = THUNDER
                        SNOW, ICE PELLETS, HAIL    4 = ICE PELLETS
                        TOTAL MONTH:   0.0 INCH    5 = HAIL
                        GRTST 24HR     0.0         6 = FREEZING RAIN OR DRIZZLE
                        GRTST DEPTH:   0           7 = DUSTSTORM OR SANDSTORM:
                                                       VSBY 1/2 MILE OR LESS
                                                   8 = SMOKE OR HAZE
[NO. OF DAYS WITH]      [WEATHER - DAYS WITH]      9 = BLOWING SNOW
                                                   X = TORNADO
MAX 32 OR BELOW:   0    0.01 INCH OR MORE:   5
MAX 90 OR ABOVE:   5    0.10 INCH OR MORE:   4
MIN 32 OR BELOW:   0    0.50 INCH OR MORE:   3
MIN  0 OR BELOW:   0    1.00 INCH OR MORE:   2

[HDD (BASE 65) ]
TOTAL THIS MO.     0    CLEAR  (SCALE 0-3)   3
DPTR FM NORMAL     0    PTCLDY (SCALE 4-7)  12
TOTAL FM JUL 1     0    CLOUDY (SCALE 8-10)  4
DPTR FM NORMAL     0

[CDD (BASE 65) ]
TOTAL THIS MO.   263
DPTR FM NORMAL    -9    [PRESSURE DATA]
TOTAL FM JAN 1  2464    HIGHEST SLP M ON M
DPTR FM NORMAL   202    LOWEST  SLP 29.13 ON 11

[REMARKS]
