000
CXUS54 KMEG 230637
CF6JBR
PRELIMINARY LOCAL CLIMATOLOGICAL DATA (WS FORM: F-6)

                                          STATION:   JONESBORO
                                          MONTH:     MAY
                                          YEAR:      2017
                                          LATITUDE:   35 49 N
                                          LONGITUDE:  90 39 W

  TEMPERATURE IN F:       :PCPN:    SNOW:  WIND      :SUNSHINE: SKY     :PK WND
================================================================================
1   2   3   4   5  6A  6B    7    8   9   10  11  12  13   14  15   16   17  18
                                     12Z  AVG MX 2MIN
DY MAX MIN AVG DEP HDD CDD  WTR  SNW DPTH SPD SPD DIR MIN PSBL S-S WX    SPD DR
================================================================================

 1  64  48  56  -9   9   0 0.00  0.0    0 13.1 29 230   M    M   5        37 260
 2  79  47  63  -2   2   0 0.00  0.0    0  6.2 17 200   M    M   0        22 210
 3  70  55  63  -2   2   0 0.52  0.0    0  8.6 22  80   M    M   5 13     27  80
 4  56  46  51 -15  14   0 1.29  0.0    0 13.0 30 360   M    M  10 1      48 350
 5  71  50  61  -5   4   0 0.08  0.0    0 10.7 31 350   M    M   2        47 340
 6  80  50  65  -1   0   0 0.00  0.0    0 11.3 25  50   M    M   1        33  50
 7  75  49  62  -4   3   0 0.00  0.0    0  3.4 10 230   M    M   0        14 240
 8  83  53  68   1   0   3 0.00  0.0    0  5.6 14 220   M    M   0        18 220
 9  83  59  71   4   0   6 0.00  0.0    0  8.2 21 210   M    M   0        29 230
10  84  62  73   6   0   8    T  0.0    0  8.9 20 200   M    M   2        24 220
11  87  64  76   8   0  11 1.65  0.0    0  8.3 31 120   M    M   2 13     42 320
12  68  60  64  -4   1   0 0.33  0.0    0  6.3 17  30   M    M   8 1      22  30
13  77  55  66  -2   0   1 0.00  0.0    0  7.3 20  50   M    M   0        24  40
14  80  53  67  -1   0   2 0.00  0.0    0  3.9 14 180   M    M   0        16 180
15  84  56  70   1   0   5 0.00  0.0    0  5.4 16 220   M    M   0        20 190
16  88  60  74   5   0   9 0.00  0.0    0  9.2 24 210   M    M   2        30 200
17  88  70  79  10   0  14    T  0.0    0 15.3 30 210   M    M   5 3      39 180
18  87  69  78   8   0  13    T  0.0    0 12.0 22 180   M    M   5        26 180
19  89  68  79   9   0  14 0.06  0.0    0  5.4 22 170   M    M   4 13     29 160
20  80  64  72   2   0   7 0.15  0.0    0  8.2 25 310   M    M   5 13     38 300
21  79  60  70  -1   0   5 0.00  0.0    0  6.8 17 300   M    M   0        24 280
22  76  55  66  -5   0   1 0.00  0.0    0  5.4 14 100   M    M   1        22 100
================================================================================
SM 1728 1253        35  99  4.08     0.0 182.5          M       57
================================================================================
AV 78.6 57.0                               8.3 FASTST   M    M   3    MAX(MPH)
                                 MISC ---->  # 31 350               # 48  350
================================================================================
NOTES:
# LAST OF SEVERAL OCCURRENCES

COLUMN 17 PEAK WIND IN M.P.H.

PRELIMINARY LOCAL CLIMATOLOGICAL DATA (WS FORM: F-6) , PAGE 2

                                          STATION:  JONESBORO
                                          MONTH:    MAY
                                          YEAR:     2017
                                          LATITUDE:   35 49 N
                                          LONGITUDE:  90 39 W

[TEMPERATURE DATA]      [PRECIPITATION DATA]       SYMBOLS USED IN COLUMN 16

AVERAGE MONTHLY: 67.8   TOTAL FOR MONTH:   4.08    1 = FOG OR MIST
DPTR FM NORMAL:  -0.0   DPTR FM NORMAL:    0.44    2 = FOG REDUCING VISIBILITY
HIGHEST:    89 ON 19    GRTST 24HR  1.65 ON 11-11      TO 1/4 MILE OR LESS
LOWEST:     46 ON  4                               3 = THUNDER
                        SNOW, ICE PELLETS, HAIL    4 = ICE PELLETS
                        TOTAL MONTH:   0.0 INCH    5 = HAIL
                        GRTST 24HR     0.0         6 = FREEZING RAIN OR DRIZZLE
                        GRTST DEPTH:   0           7 = DUSTSTORM OR SANDSTORM:
                                                       VSBY 1/2 MILE OR LESS
                                                   8 = SMOKE OR HAZE
[NO. OF DAYS WITH]      [WEATHER - DAYS WITH]      9 = BLOWING SNOW
                                                   X = TORNADO
MAX 32 OR BELOW:   0    0.01 INCH OR MORE:   7
MAX 90 OR ABOVE:   0    0.10 INCH OR MORE:   5
MIN 32 OR BELOW:   0    0.50 INCH OR MORE:   3
MIN  0 OR BELOW:   0    1.00 INCH OR MORE:   2

[HDD (BASE 65) ]
TOTAL THIS MO.    35    CLEAR  (SCALE 0-3)  14
DPTR FM NORMAL     1    PTCLDY (SCALE 4-7)   7
TOTAL FM JUL 1  2626    CLOUDY (SCALE 8-10)  1
DPTR FM NORMAL -1023

[CDD (BASE 65) ]
TOTAL THIS MO.    99
DPTR FM NORMAL     5    [PRESSURE DATA]
TOTAL FM JAN 1   173    HIGHEST SLP M ON M
DPTR FM NORMAL    32    LOWEST  SLP 29.56 ON  4

[REMARKS]
