000
CXUS54 KMEG 270640
CF6JBR
PRELIMINARY LOCAL CLIMATOLOGICAL DATA (WS FORM: F-6)

                                          STATION:   JONESBORO
                                          MONTH:     SEPTEMBER
                                          YEAR:      2016
                                          LATITUDE:   35 49 N
                                          LONGITUDE:  90 39 W

  TEMPERATURE IN F:       :PCPN:    SNOW:  WIND      :SUNSHINE: SKY     :PK WND
================================================================================
1   2   3   4   5  6A  6B    7    8   9   10  11  12  13   14  15   16   17  18
                                     12Z  AVG MX 2MIN
DY MAX MIN AVG DEP HDD CDD  WTR  SNW DPTH SPD SPD DIR MIN PSBL S-S WX    SPD DR
================================================================================

 1  85  70  78   1   0  13 0.00  0.0    0  9.7 16  40   M    M   1        22  50
 2  82  64  73  -4   0   8 0.00  0.0    0 10.7 21  40   M    M   1        27  40
 3  85  63  74  -2   0   9 0.00  0.0    0  7.3 15  70   M    M   0        21  30
 4  90  65  78   2   0  13 0.00  0.0    0  3.3 14 210   M    M   2        19 150
 5  93  72  83   7   0  18 0.00  0.0    0  7.7 16 170   M    M   2        21 160
 6  93  71  82   6   0  17 0.00  0.0    0  7.1 17 220   M    M   1        21 220
 7  93  72  83   8   0  18 0.00  0.0    0  7.4 17 210   M    M   1        26 210
 8  93  75  84   9   0  19 0.00  0.0    0 10.3 17 230   M    M   1        22 230
 9  94  75  85  11   0  20 0.00  0.0    0  9.7 21 190   M    M   1        26 170
10  87  67  77   3   0  12 0.12  0.0    0  8.8 17 310   M    M   3 1      24 320
11  83  57  70  -4   0   5 0.00  0.0    0  5.2 13  20   M    M   0        17  20
12  89  56  73   0   0   8 0.00  0.0    0  4.0 13 210   M    M   0        15 210
13  90  65  78   5   0  13 0.15  0.0    0  4.0 18  80   M    M   1        22  80
14  94  72  83  10   0  18    T  0.0    0  4.6 12 310   M    M   2 3      15 320
15  94  72  83  11   0  18 0.05  0.0    0  4.4 16  70   M    M   2 13     20  60
16  96  70  83  11   0  18 0.95  0.0    0  7.7 24 190   M    M   2 13     29 200
17  84  68  76   5   0  11 0.43  0.0    0  3.9 14 160   M    M   3 13     17 160
18  84  66  75   4   0  10 0.24  0.0    0  2.8 25 350   M    M   2 13     37 340
19  88  63  76   5   0  11 0.00  0.0    0  2.1  8  30   M    M   0        11  10
20  90  63  77   7   0  12 0.00  0.0    0  2.2  9  80   M    M   0 8      12 100
21  90  64  77   7   0  12 0.00  0.0    0  3.5 12  70   M    M   0        14  90
22  92  64  78   9   0  13 0.00  0.0    0  1.9 10 200   M    M   0        13 250
23  94  67  81  12   0  16 0.00  0.0    0  1.9  9 200   M    M   1        15 270
24  95  68  82  13   0  17 0.00  0.0    0  1.9  9  60   M    M   2 8      13 190
25  95  69  82  14   0  17 0.00  0.0    0  3.2  9 150   M    M   1        14  30
26  79  57  68   0   0   3    T  0.0    0  7.3 17  30   M    M   4 3      25 330
================================================================================
SM 2332 1735         0 349  1.94     0.0 142.6          M       33
================================================================================
AV 89.7 66.7                               5.5 FASTST   M    M   1    MAX(MPH)
                                 MISC ---->  # 25 350               # 37  340
================================================================================
NOTES:
# LAST OF SEVERAL OCCURRENCES

COLUMN 17 PEAK WIND IN M.P.H.

PRELIMINARY LOCAL CLIMATOLOGICAL DATA (WS FORM: F-6) , PAGE 2

                                          STATION:  JONESBORO
                                          MONTH:    SEPTEMBER
                                          YEAR:     2016
                                          LATITUDE:   35 49 N
                                          LONGITUDE:  90 39 W

[TEMPERATURE DATA]      [PRECIPITATION DATA]       SYMBOLS USED IN COLUMN 16

AVERAGE MONTHLY: 78.2   TOTAL FOR MONTH:   1.94    1 = FOG OR MIST
DPTR FM NORMAL:   5.6   DPTR FM NORMAL:   -0.59    2 = FOG REDUCING VISIBILITY
HIGHEST:    96 ON 16    GRTST 24HR  1.38 ON 16-17      TO 1/4 MILE OR LESS
LOWEST:     56 ON 12                               3 = THUNDER
                        SNOW, ICE PELLETS, HAIL    4 = ICE PELLETS
                        TOTAL MONTH:   0.0 INCH    5 = HAIL
                        GRTST 24HR     0.0         6 = FREEZING RAIN OR DRIZZLE
                        GRTST DEPTH:   0           7 = DUSTSTORM OR SANDSTORM:
                                                       VSBY 1/2 MILE OR LESS
                                                   8 = SMOKE OR HAZE
[NO. OF DAYS WITH]      [WEATHER - DAYS WITH]      9 = BLOWING SNOW
                                                   X = TORNADO
MAX 32 OR BELOW:   0    0.01 INCH OR MORE:   6
MAX 90 OR ABOVE:  16    0.10 INCH OR MORE:   5
MIN 32 OR BELOW:   0    0.50 INCH OR MORE:   1
MIN  0 OR BELOW:   0    1.00 INCH OR MORE:   0

[HDD (BASE 65) ]
TOTAL THIS MO.     0    CLEAR  (SCALE 0-3)  24
DPTR FM NORMAL   -10    PTCLDY (SCALE 4-7)   2
TOTAL FM JUL 1     0    CLOUDY (SCALE 8-10)  0
DPTR FM NORMAL   -10

[CDD (BASE 65) ]
TOTAL THIS MO.   349
DPTR FM NORMAL   140    [PRESSURE DATA]
TOTAL FM JAN 1  2102    HIGHEST SLP M ON M
DPTR FM NORMAL   347    LOWEST  SLP 29.90 ON 16

[REMARKS]
