000
CXUS55 KGGW 220800
CF6JDN
PRELIMINARY LOCAL CLIMATOLOGICAL DATA (WS FORM: F-6)

                                          STATION:   JORDAN  ASOS MT
                                          MONTH:     DECEMBER
                                          YEAR:      2014
                                          LATITUDE:   47 19 N
                                          LONGITUDE: 106 50 W

  TEMPERATURE IN F:       :PCPN:    SNOW:  WIND      :SUNSHINE: SKY     :PK WND
================================================================================
1   2   3   4   5  6A  6B    7    8   9   10  11  12  13   14  15   16   17  18
                                     12Z  AVG MX 2MIN
DY MAX MIN AVG DEP HDD CDD  WTR  SNW DPTH SPD SPD DIR MIN PSBL S-S WX    SPD DR
================================================================================

 1  27 -14   7 -16  58   0 0.00  0.0    M  4.6 15 200   M    M   0        18 200
 2  31   1  16  -6  49   0 0.01    M    0  8.3 22 310   M    M   0        31 320
 3  30  -2  14  -8  51   0 0.00  0.0    0  3.3  9 140   M    M   0        11 140
 4  34  -1  17  -5  48   0 0.00  0.0    0  1.8 10 360   M    M   0        13 360
 5  28  15  22   1  43   0 0.00  0.0    0  4.9 10 310   M    M   0        12 310
 6  44  11  28   7  37   0 0.00  0.0    0  1.9  8 290   M    M   0         9 280
 7  46  22  34  13  31   0 0.07    M    0 11.1 30 300   M    M   0        39 300
 8  39  19  29   9  36   0 0.00  0.0    0  4.7 12 300   M    M   4        14 290
 9  51  20  36  16  29   0 0.00  0.0    0  0.9 10 210   M    M   0        14 220
10  56  25  41  21  24   0 0.00  0.0    0  2.1 12 200   M    M   0        14 190
11  55  31  43  23  22   0 0.00  0.0    0  3.7 14 280   M    M   0        17 280
12  52  31  42  23  23   0 0.00  0.0    0  2.3 10 250   M    M   0        15 240
13  50  30  40  21  25   0 0.00  0.0    0  7.4 24 310   M    M   0        30 310
14  35  24  30  11  35   0 0.00  0.0    0 17.3 24 340   M    M   0        34 330
15  26  23  25   7  40   0 0.00  0.0    0  7.4 21 340   M    M   0        25 320
16  23  20  22   4  43   0 0.00  0.0    0 10.2 16 150   M    M   0        19 140
17  28  20  24   6  41   0 0.00  0.0    0  7.3 14 130   M    M   0        16 140
18  45  16  31  13  34   0 0.00  0.0    0  4.9 14 250   M    M   0        17 260
19  48  18  33  15  32   0 0.00  0.0    0  2.9  9 210   M    M   0        11 270
20  46  20  33  15  32   0 0.00  0.0    0  5.9 20 280   M    M   0        23 270
21  43  16  30  13  35   0 0.08    M    0  7.1 25 300   M    M   0        35 300
================================================================================
SM  837  345       768   0  0.16     0.0 120.0          M        4
================================================================================
AV 39.9 16.4                               5.7 FASTST   M    M   0    MAX(MPH)
                                 MISC ---->  # 30 300               # 39  300
================================================================================
NOTES:
# LAST OF SEVERAL OCCURRENCES

COLUMN 17 PEAK WIND IN M.P.H.

PRELIMINARY LOCAL CLIMATOLOGICAL DATA (WS FORM: F-6) , PAGE 2

                                          STATION:  JORDAN  ASOS MT
                                          MONTH:    DECEMBER
                                          YEAR:     2014
                                          LATITUDE:   47 19 N
                                          LONGITUDE: 106 50 W

[TEMPERATURE DATA]      [PRECIPITATION DATA]       SYMBOLS USED IN COLUMN 16

AVERAGE MONTHLY: 28.1   TOTAL FOR MONTH:   0.16    1 = FOG OR MIST
DPTR FM NORMAL:   8.4   DPTR FM NORMAL:   -0.01    2 = FOG REDUCING VISIBILITY
HIGHEST:    56 ON 10    GRTST 24HR  0.08 ON 21-21      TO 1/4 MILE OR LESS
LOWEST:    -14 ON  1                               3 = THUNDER
                        SNOW, ICE PELLETS, HAIL    4 = ICE PELLETS
                        TOTAL MONTH:   0.0 INCH    5 = HAIL
                        GRTST 24HR     0.0         6 = FREEZING RAIN OR DRIZZLE
                        GRTST DEPTH:   0           7 = DUSTSTORM OR SANDSTORM:
                                                       VSBY 1/2 MILE OR LESS
                                                   8 = SMOKE OR HAZE
[NO. OF DAYS WITH]      [WEATHER - DAYS WITH]      9 = BLOWING SNOW
                                                   X = TORNADO
MAX 32 OR BELOW:   7    0.01 INCH OR MORE:   3
MAX 90 OR ABOVE:   0    0.10 INCH OR MORE:   0
MIN 32 OR BELOW:  21    0.50 INCH OR MORE:   0
MIN  0 OR BELOW:   3    1.00 INCH OR MORE:   0

[HDD (BASE 65) ]
TOTAL THIS MO.   768    CLEAR  (SCALE 0-3)  20
DPTR FM NORMAL  -181    PTCLDY (SCALE 4-7)   1
TOTAL FM JUL 1  2838    CLOUDY (SCALE 8-10)  0
DPTR FM NORMAL  -129

[CDD (BASE 65) ]
TOTAL THIS MO.     0
DPTR FM NORMAL     0    [PRESSURE DATA]
TOTAL FM JAN 1   460    HIGHEST SLP M ON M
DPTR FM NORMAL    39    LOWEST  SLP 29.37 ON 21

[REMARKS]
