000
CXUS55 KGGW 280810
CF6JDN
PRELIMINARY LOCAL CLIMATOLOGICAL DATA (WS FORM: F-6)
STATION: JORDAN ASOS MT
MONTH: MARCH
YEAR: 2024
LATITUDE: 47 19 N
LONGITUDE: 106 50 W
TEMPERATURE IN F: :PCPN: SNOW: WIND :SUNSHINE: SKY :PK WND
================================================================================
1 2 3 4 5 6A 6B 7 8 9 10 11 12 13 14 15 16 17 18
12Z AVG MX 2MIN
DY MAX MIN AVG DEP HDD CDD WTR SNW DPTH SPD SPD DIR MIN PSBL S-S WX SPD DR
================================================================================
1 50 31 41 14 24 0 0.00 M M 6.4 21 310 M M 0 25 300
2 49 22 36 8 29 0 0.25 M M 14.0 25 310 M M 0 33 130
3 22 -3 10 -18 55 0 0.00 M M 15.0 31 320 M M 0 38 300
4 16 -5 6 -22 59 0 0.00 M M 4.0 10 100 M M 0 14 110
5 24 7 16 -13 49 0 0.00 M M 7.3 14 20 M M 0 18 60
6 23 1 12 -17 53 0 0.01 M M 7.2 18 310 M M 0 23 310
7 38 2 20 -10 45 0 0.00 M M 3.3 8 60 M M 0 13 60
8 46 8 27 -3 38 0 0.00 M M 3.7 9 180 M M 0 13 270
9 62 24 43 12 22 0 0.00 M M 5.0 15 210 M M 0 19 190
10 61 29 45 14 20 0 0.00 M M 6.9 20 250 M M 0 26 250
11 58 29 44 12 21 0 0.00 M M 6.6 23 300 M M 0 29 300
12 60 27 44 12 21 0 0.00 M M 5.7 17 280 M M 0 24 270
13 56 29 43 11 22 0 0.00 M M 9.9 23 360 M M 0 31 10
14 47 32 40 7 25 0 0.00 M M 6.8 16 340 M M 0 22 350
15 61 29 45 12 20 0 0.00 M M 12.0 24 330 M M 0 35 300
16 54 27 41 7 24 0 0.00 M M 8.1 18 340 M M 0 24 340
17 48 24 36 2 29 0 0.00 M M 3.9 12 360 M M 0 17 70
18 69 24 47 13 18 0 0.00 M M 10.5 31 320 M M 0 38 320
19 57 26 42 7 23 0 0.00 M M 10.6 22 20 M M 0 30 30
20 41 23 32 -3 33 0 0.00 M M 15.1 24 40 M M 0 32 80
21 29 17 23 -13 42 0 0.09 M M 9.0 17 40 M M 0 22 40
22 29 19 24 -12 41 0 0.01 M M 8.5 16 90 M M 0 22 90
23 26 21 24 -12 41 0 0.14 M M 14.8 21 90 M M 0 28 100
24 24 18 21 -16 44 0 0.25 M M 12.2 18 60 M M 0 24 60
25 23 8 16 -21 49 0 0.00 M M 9.2 15 120 M M 0 20 130
26 26 11 19 -19 46 0 0.01 M M 6.2 13 90 M M 0 17 110
27 51 16 34 -4 31 0 0.00 M M 4.3 8 120 M M 0 14 250
================================================================================
SM 1150 496 924 0 0.76 M 226.2 M 0
================================================================================
AV 42.6 18.4 8.4 FASTST M M 0 MAX(MPH)
MISC ----> # 31 320 # 38 300
================================================================================
NOTES:
# LAST OF SEVERAL OCCURRENCES
COLUMN 17 PEAK WIND IN M.P.H.
PRELIMINARY LOCAL CLIMATOLOGICAL DATA (WS FORM: F-6) , PAGE 2
STATION: JORDAN ASOS MT
MONTH: MARCH
YEAR: 2024
LATITUDE: 47 19 N
LONGITUDE: 106 50 W
[TEMPERATURE DATA] [PRECIPITATION DATA] SYMBOLS USED IN COLUMN 16
AVERAGE MONTHLY: 30.5 TOTAL FOR MONTH: 0.76 1 = FOG OR MIST
DPTR FM NORMAL: -2.2 DPTR FM NORMAL: 0.39 2 = FOG REDUCING VISIBILITY
HIGHEST: 69 ON 18 GRTST 24HR 0.31 ON 23-24 TO 1/4 MILE OR LESS
LOWEST: -5 ON 4 3 = THUNDER
SNOW, ICE PELLETS, HAIL 4 = ICE PELLETS
TOTAL MONTH: M 5 = HAIL
GRTST 24HR M ON M 6 = FREEZING RAIN OR DRIZZLE
GRTST DEPTH: M ON M 7 = DUSTSTORM OR SANDSTORM:
VSBY 1/2 MILE OR LESS
8 = SMOKE OR HAZE
[NO. OF DAYS WITH] [WEATHER - DAYS WITH] 9 = BLOWING SNOW
X = TORNADO
MAX 32 OR BELOW: 10 0.01 INCH OR MORE: 7
MAX 90 OR ABOVE: 0 0.10 INCH OR MORE: 3
MIN 32 OR BELOW: 27 0.50 INCH OR MORE: 0
MIN 0 OR BELOW: 2 1.00 INCH OR MORE: 0
[HDD (BASE 65) ]
TOTAL THIS MO. 924 CLEAR (SCALE 0-3) 27
DPTR FM NORMAL 55 PTCLDY (SCALE 4-7) 0
TOTAL FM JUL 1 5974 CLOUDY (SCALE 8-10) 0
DPTR FM NORMAL -848
[CDD (BASE 65) ]
TOTAL THIS MO. 0
DPTR FM NORMAL 0 [PRESSURE DATA]
TOTAL FM JAN 1 0 HIGHEST SLP M ON M
DPTR FM NORMAL 0 LOWEST SLP 29.39 ON 2
[REMARKS]