000
CXUS55 KBOI 241002
CF6JER
PRELIMINARY LOCAL CLIMATOLOGICAL DATA (WS FORM: F-6)

                                          STATION:   JEROME ID
                                          MONTH:     OCTOBER
                                          YEAR:      2014
                                          LATITUDE:   42 43 N
                                          LONGITUDE: 114 27 W

  TEMPERATURE IN F:       :PCPN:    SNOW:  WIND      :SUNSHINE: SKY     :PK WND
================================================================================
1   2   3   4   5  6A  6B    7    8   9   10  11  12  13   14  15   16   17  18
                                     12Z  AVG MX 2MIN
DY MAX MIN AVG DEP HDD CDD  WTR  SNW DPTH SPD SPD DIR MIN PSBL S-S WX    SPD DR
================================================================================

 1  60  34  47  -8  18   0 0.00    M    M  9.4 21 240   M    M   0        26 240
 2  66  37  52  -2  13   0 0.00    M    M 10.2 21 250   M    M   2        29 250
 3  66  36  51  -3  14   0 0.00    M    M  5.8 10 250   M    M   0 8      19 260
 4  73  38  56   2   9   0 0.00    M    M  7.0 18 250   M    M   0        23 230
 5  76  43  60   7   5   0 0.00    M    M  7.9 21 240   M    M   0        25 250
 6  78  49  64  11   1   0 0.00    M    M  8.1 21 240   M    M   0        26 230
 7  78  44  61   9   4   0 0.00    M    M  4.2 10 230   M    M   0        13 220
 8  82  46  64  12   1   0 0.00    M    M  7.4 17  60   M    M   0        23  60
 9  71  42  57   5   8   0 0.00    M    M  6.5 13 240   M    M   0 8      16 220
10  70  43  57   6   8   0 0.00    M    M  7.5 16 250   M    M   0        19 240
11  70  41  56   5   9   0 0.02    M    M  8.9 20 270   M    M   1        27 290
12  59  40  50   0  15   0 0.00    M    M 16.0 29 250   M    M   0        35 260
13  69  35  52   2  13   0 0.00    M    M  6.9 18  70   M    M   0        25  60
14  77  44  61  11   4   0 0.00    M    M 13.1 20  40   M    M   0        27  40
15  68  39  54   5  11   0 0.00    M    M 12.3 40 270   M    M   1 8      53 260
16  64  38  51   2  14   0 0.00    M    M  9.0 17  30   M    M   2        21  40
17  74  42  58   9   7   0 0.00    M    M 15.4 25  50   M    M   0        31  60
18  68  42  55   7  10   0 0.00    M    M  6.2 13 250   M    M   0        17 240
19  78  39  59  11   6   0 0.00    M    M 13.0 22  60   M    M   0        28  50
20  81  48  65  17   0   0 0.00    M    M 11.8 20  40   M    M   2        28 180
21  65  39  52   5  13   0 0.13    M    M 14.5 39 240   M    M   2        53 250
22  61  34  48   1  17   0 0.00    M    M  9.1 17  30   M    M   2        21  30
23  63  46  55   9  10   0 0.00    M    M  8.1 18 270   M    M   6        21  30
================================================================================
SM 1617  939       210   0  0.15    M    218.3          M       18
================================================================================
AV 70.3 40.8                               9.5 FASTST   M    M   1    MAX(MPH)
                                 MISC ---->  # 40 270               # 53  260
================================================================================
NOTES:
# LAST OF SEVERAL OCCURRENCES

COLUMN 17 PEAK WIND IN M.P.H.

PRELIMINARY LOCAL CLIMATOLOGICAL DATA (WS FORM: F-6) , PAGE 2

                                          STATION:  JEROME ID
                                          MONTH:    OCTOBER
                                          YEAR:     2014
                                          LATITUDE:   42 43 N
                                          LONGITUDE: 114 27 W

[TEMPERATURE DATA]      [PRECIPITATION DATA]       SYMBOLS USED IN COLUMN 16

AVERAGE MONTHLY: 55.6   TOTAL FOR MONTH:   0.15    1 = FOG OR MIST
DPTR FM NORMAL:   5.0   DPTR FM NORMAL:   -0.40    2 = FOG REDUCING VISIBILITY
HIGHEST:    82 ON  8    GRTST 24HR  0.13 ON 20-21      TO 1/4 MILE OR LESS
LOWEST:     34 ON 22, 1                            3 = THUNDER
                        SNOW, ICE PELLETS, HAIL    4 = ICE PELLETS
                        TOTAL MONTH:    M          5 = HAIL
                        GRTST 24HR    M  ON   M    6 = FREEZING RAIN OR DRIZZLE
                        GRTST DEPTH:  M  ON   M    7 = DUSTSTORM OR SANDSTORM:
                                                       VSBY 1/2 MILE OR LESS
                                                   8 = SMOKE OR HAZE
[NO. OF DAYS WITH]      [WEATHER - DAYS WITH]      9 = BLOWING SNOW
                                                   X = TORNADO
MAX 32 OR BELOW:   0    0.01 INCH OR MORE:   2
MAX 90 OR ABOVE:   0    0.10 INCH OR MORE:   1
MIN 32 OR BELOW:   0    0.50 INCH OR MORE:   0
MIN  0 OR BELOW:   0    1.00 INCH OR MORE:   0

[HDD (BASE 65) ]
TOTAL THIS MO.   210    CLEAR  (SCALE 0-3)  22
DPTR FM NORMAL  -124    PTCLDY (SCALE 4-7)   1
TOTAL FM JUL 1   345    CLOUDY (SCALE 8-10)  0
DPTR FM NORMAL  -192

[CDD (BASE 65) ]
TOTAL THIS MO.     0
DPTR FM NORMAL     0    [PRESSURE DATA]
TOTAL FM JAN 1   652    HIGHEST SLP M ON M
DPTR FM NORMAL   143    LOWEST  SLP 29.51 ON 14

[REMARKS]
