582
CXUS55 KBOI 271002
CF6JER
PRELIMINARY LOCAL CLIMATOLOGICAL DATA (WS FORM: F-6)

                                          STATION:   JEROME ID
                                          MONTH:     MARCH
                                          YEAR:      2017
                                          LATITUDE:   42 43 N
                                          LONGITUDE: 114 27 W

  TEMPERATURE IN F:       :PCPN:    SNOW:  WIND      :SUNSHINE: SKY     :PK WND
================================================================================
1   2   3   4   5  6A  6B    7    8   9   10  11  12  13   14  15   16   17  18
                                     12Z  AVG MX 2MIN
DY MAX MIN AVG DEP HDD CDD  WTR  SNW DPTH SPD SPD DIR MIN PSBL S-S WX    SPD DR
================================================================================

 1  38  26  32  -3  33   0 0.00    M    M  7.5 16 220   M    M   4        19 210
 2  37  22  30  -6  35   0 0.00    M    M 13.3 22  40   M    M   0        25  40
 3  37  21  29  -7  36   0 0.00    M    M 17.7 22  30   M    M   2        27  30
 4  46  30  38   2  27   0 0.00    M    M 11.5 23  30   M    M   2        26  30
 5  41  27  34  -3  31   0    T    M    M 11.7 25 250   M    M   5 18     31 250
 6  36  25  31  -6  34   0 0.22    M    M 13.0 25 200   M    M   6 128    31 200
 7  40  22  31  -7  34   0 0.09    M    M  6.2 14 240   M    M   9 12     18 210
 8  53  35  44   6  21   0    T    M    M  7.1 20 240   M    M   5        22 240
 9  60  39  50  12  15   0 0.00    M    M  5.5 16 270   M    M   3        20 270
10  56  39  48   9  17   0    T    M    M  6.6 22 290   M    M   4        26 290
11  54  31  43   4  22   0    T    M    M 10.6 20  30   M    M   1        23  20
12  57  38  48   9  17   0 0.00    M    M 10.7 21 250   M    M   0        26 250
13  65  34  50  10  15   0 0.00    M    M  6.7 16  30   M    M   0        22  40
14  70  39  55  15  10   0 0.00    M    M  8.1 18  40   M    M   0        21  40
15  67  36  52  12  13   0    T    M    M  8.2 22 240   M    M   2        32 240
16  60  44  52  11  13   0 0.00    M    M  9.4 21 270   M    M   3        26 260
17  69  40  55  14  10   0 0.00    M    M 10.9 21  40   M    M   2        26  50
18  68  42  55  14  10   0 0.09    M    M 10.9 23 240   M    M   2        30  30
19  61  42  52  11  13   0 0.01    M    M  7.2 21 220   M    M   6        26 220
20  61  43  52  10  13   0 0.00    M    M 14.3 24  50   M    M   4        29  40
21  69  45  57  15   8   0 0.21    M    M 14.2 26  50   M    M   3 1      33  50
22  56  41  49   7  16   0    T    M    M  7.2 18 150   M    M   6        23 300
23  53  35  44   2  21   0 0.00    M    M 17.6 32 250   M    M   2        40 260
24  60  31  46   3  19   0 0.19    M    M 11.3 23 170   M    M   5 1      29 180
25  54  38  46   3  19   0    T    M    M  9.7 23 250   M    M   2 1      28 240
26  57  33  45   2  20   0    T    M    M  8.5 33 250   M    M   4        40 250
================================================================================
SM 1425  898       522   0  0.81    M    265.6          M       82
================================================================================
AV 54.8 34.5                              10.2 FASTST   M    M   3    MAX(MPH)
                                 MISC ---->  # 33 250               # 40  260
================================================================================
NOTES:
# LAST OF SEVERAL OCCURRENCES

COLUMN 17 PEAK WIND IN M.P.H.

PRELIMINARY LOCAL CLIMATOLOGICAL DATA (WS FORM: F-6) , PAGE 2

                                          STATION:  JEROME ID
                                          MONTH:    MARCH
                                          YEAR:     2017
                                          LATITUDE:   42 43 N
                                          LONGITUDE: 114 27 W

[TEMPERATURE DATA]      [PRECIPITATION DATA]       SYMBOLS USED IN COLUMN 16

AVERAGE MONTHLY: 44.7   TOTAL FOR MONTH:   0.81    1 = FOG OR MIST
DPTR FM NORMAL:   5.1   DPTR FM NORMAL:   -0.03    2 = FOG REDUCING VISIBILITY
HIGHEST:    70 ON 14    GRTST 24HR  0.22 ON  6- 6      TO 1/4 MILE OR LESS
LOWEST:     21 ON  3                               3 = THUNDER
                        SNOW, ICE PELLETS, HAIL    4 = ICE PELLETS
                        TOTAL MONTH:    M          5 = HAIL
                        GRTST 24HR    M  ON   M    6 = FREEZING RAIN OR DRIZZLE
                        GRTST DEPTH:  M  ON   M    7 = DUSTSTORM OR SANDSTORM:
                                                       VSBY 1/2 MILE OR LESS
                                                   8 = SMOKE OR HAZE
[NO. OF DAYS WITH]      [WEATHER - DAYS WITH]      9 = BLOWING SNOW
                                                   X = TORNADO
MAX 32 OR BELOW:   0    0.01 INCH OR MORE:   6
MAX 90 OR ABOVE:   0    0.10 INCH OR MORE:   3
MIN 32 OR BELOW:   9    0.50 INCH OR MORE:   0
MIN  0 OR BELOW:   0    1.00 INCH OR MORE:   0

[HDD (BASE 65) ]
TOTAL THIS MO.   522    CLEAR  (SCALE 0-3)  15
DPTR FM NORMAL  -139    PTCLDY (SCALE 4-7)  10
TOTAL FM JUL 1  4945    CLOUDY (SCALE 8-10)  1
DPTR FM NORMAL  -603

[CDD (BASE 65) ]
TOTAL THIS MO.     0
DPTR FM NORMAL     0    [PRESSURE DATA]
TOTAL FM JAN 1     0    HIGHEST SLP M ON M
DPTR FM NORMAL     0    LOWEST  SLP 29.48 ON  5

[REMARKS]
