000
CXUS55 KBOI 241002
CF6JER
PRELIMINARY LOCAL CLIMATOLOGICAL DATA (WS FORM: F-6)

                                          STATION:   JEROME ID
                                          MONTH:     JULY
                                          YEAR:      2016
                                          LATITUDE:   42 43 N
                                          LONGITUDE: 114 27 W

  TEMPERATURE IN F:       :PCPN:    SNOW:  WIND      :SUNSHINE: SKY     :PK WND
================================================================================
1   2   3   4   5  6A  6B    7    8   9   10  11  12  13   14  15   16   17  18
                                     12Z  AVG MX 2MIN
DY MAX MIN AVG DEP HDD CDD  WTR  SNW DPTH SPD SPD DIR MIN PSBL S-S WX    SPD DR
================================================================================

 1  92  58  75   7   0  10 0.00    M    M  7.3 15  30   M    M   0        19  70
 2  93  60  77   9   0  12 0.00    M    M  5.9 14 250   M    M   0        20 240
 3  91  64  78   9   0  13 0.00    M    M  8.0 16 260   M    M   0        22 260
 4  83  58  71   2   0   6 0.00    M    M  9.8 21 250   M    M   0        25 230
 5  78  53  66  -3   0   1 0.00    M    M  7.5 15 260   M    M   0        22 230
 6  78  54  66  -4   0   1 0.00    M    M 10.0 22 270   M    M   2        27 260
 7  86  48  67  -3   0   2 0.00    M    M  5.4 14  70   M    M   0        17  60
 8  87  53  70   0   0   5 0.00    M    M  6.4 15 240   M    M   0        19 240
 9  86  58  72   2   0   7    T    M    M  6.8 14 360   M    M   0        19 270
10  68  47  58 -12   7   0 0.03    M    M 14.2 35 250   M    M   2 38     45 250
11  71  43  57 -14   8   0 0.00    M    M  8.1 18 230   M    M   0        23 230
12  83  47  65  -6   0   0 0.00    M    M  6.6 13 270   M    M   0        17 280
13  81  51  66  -5   0   1 0.00    M    M  6.9 14 260   M    M   0        19 200
14  88  49  69  -2   0   4 0.00    M    M  4.0 12 270   M    M   0        14 260
15  89  54  72   1   0   7 0.00    M    M  6.9 15 260   M    M   0        20 250
16  82  55  69  -3   0   4 0.00    M    M  8.7 20 240   M    M   0        24 250
17  92  47  70  -2   0   5 0.00    M    M  6.4 14 100   M    M   0        18 100
18  92  52  72   0   0   7 0.00    M    M  5.2 10 240   M    M   0        14 320
19  90  58  74   2   0   9 0.00    M    M  5.3 10 360   M    M   0        14 230
20  89  57  73   1   0   8 0.00    M    M  6.4 15 240   M    M   0        18 240
21  98  58  78   6   0  13 0.00    M    M  7.1 15  70   M    M   0        18  60
22  89  66  78   6   0  13 0.00    M    M  9.3 20 260   M    M   0        25 270
23  84  57  71  -1   0   6 0.00    M    M 10.4 18 260   M    M   0        22 240
================================================================================
SM 1970 1247        15 134  0.03    M    172.6          M        4
================================================================================
AV 85.7 54.2                               7.5 FASTST   M    M   0    MAX(MPH)
                                 MISC ---->  # 35 250               # 45  250
================================================================================
NOTES:
# LAST OF SEVERAL OCCURRENCES

COLUMN 17 PEAK WIND IN M.P.H.

PRELIMINARY LOCAL CLIMATOLOGICAL DATA (WS FORM: F-6) , PAGE 2

                                          STATION:  JEROME ID
                                          MONTH:    JULY
                                          YEAR:     2016
                                          LATITUDE:   42 43 N
                                          LONGITUDE: 114 27 W

[TEMPERATURE DATA]      [PRECIPITATION DATA]       SYMBOLS USED IN COLUMN 16

AVERAGE MONTHLY: 69.9   TOTAL FOR MONTH:   0.03    1 = FOG OR MIST
DPTR FM NORMAL:  -0.7   DPTR FM NORMAL:   -0.13    2 = FOG REDUCING VISIBILITY
HIGHEST:    98 ON 21    GRTST 24HR  0.03 ON 10-10      TO 1/4 MILE OR LESS
LOWEST:     43 ON 11                               3 = THUNDER
                        SNOW, ICE PELLETS, HAIL    4 = ICE PELLETS
                        TOTAL MONTH:    M          5 = HAIL
                        GRTST 24HR    M  ON   M    6 = FREEZING RAIN OR DRIZZLE
                        GRTST DEPTH:  M  ON   M    7 = DUSTSTORM OR SANDSTORM:
                                                       VSBY 1/2 MILE OR LESS
                                                   8 = SMOKE OR HAZE
[NO. OF DAYS WITH]      [WEATHER - DAYS WITH]      9 = BLOWING SNOW
                                                   X = TORNADO
MAX 32 OR BELOW:   0    0.01 INCH OR MORE:   1
MAX 90 OR ABOVE:   7    0.10 INCH OR MORE:   0
MIN 32 OR BELOW:   0    0.50 INCH OR MORE:   0
MIN  0 OR BELOW:   0    1.00 INCH OR MORE:   0

[HDD (BASE 65) ]
TOTAL THIS MO.    15    CLEAR  (SCALE 0-3)  23
DPTR FM NORMAL     5    PTCLDY (SCALE 4-7)   0
TOTAL FM JUL 1    15    CLOUDY (SCALE 8-10)  0
DPTR FM NORMAL     5

[CDD (BASE 65) ]
TOTAL THIS MO.   134
DPTR FM NORMAL    -6    [PRESSURE DATA]
TOTAL FM JAN 1   299    HIGHEST SLP M ON M
DPTR FM NORMAL    78    LOWEST  SLP 29.66 ON 17

[REMARKS]
