000
CXUS51 KOKX 250701
CF6JFK
PRELIMINARY LOCAL CLIMATOLOGICAL DATA (WS FORM: F-6)

                                          STATION:   KENNEDY NY
                                          MONTH:     DECEMBER
                                          YEAR:      2014
                                          LATITUDE:   40 39 N
                                          LONGITUDE:  73 47 W

  TEMPERATURE IN F:       :PCPN:    SNOW:  WIND      :SUNSHINE: SKY     :PK WND
================================================================================
1   2   3   4   5  6A  6B    7    8   9   10  11  12  13   14  15   16   17  18
                                     12Z  AVG MX 2MIN
DY MAX MIN AVG DEP HDD CDD  WTR  SNW DPTH SPD SPD DIR MIN PSBL S-S WX    SPD DR
================================================================================

 1  62  42  52  10  13   0 0.07  0.0    0  9.3 26 330   M    M   9        32 330
 2  47  36  42   0  23   0 0.09  0.0    0 13.7 21  90   M    M  10 1      26  10
 3  48  42  45   3  20   0 0.15  0.0    0 11.3 23 290   M    M   8 1      30 290
 4  47  36  42   1  23   0 0.00  0.0    0 10.0 17 300   M    M   6        27 300
 5  50  35  43   2  22   0 0.55  0.0    0 10.1 20  90   M    M   9 1      23  90
 6  52  41  47   6  18   0 1.24  0.0    0  7.3 26  10   M    M  10 1      35 360
 7  44  31  38  -2  27   0 0.05  0.0    0 21.6 32 360   M    M   6        44  20
 8  37  26  32  -8  33   0    T    T    0 15.4 23  40   M    M   7        28  30
 9  48  37  43   3  22   0 3.04  0.0    0 22.0 38  40   M    M  10 1      47  40
10  42  34  38  -1  27   0 0.11  0.3    0 16.4 24 290   M    M  10 18     30 300
11  40  32  36  -3  29   0    T    T    T 16.7 26 280   M    M   9        35 270
12  41  33  37  -2  28   0 0.00  0.0    0 15.6 25 320   M    M   8        32 320
13  47  34  41   3  24   0 0.00  0.0    0 16.4 24 310   M    M   5        31 330
14  47  37  42   4  23   0 0.00  0.0    0 11.8 17 330   M    M   5        22 330
15  48  34  41   3  24   0 0.00  0.0    0  5.0 12 340   M    M   3        16 320
16  50  33  42   4  23   0 0.30  0.0    0  4.0 14  90   M    M   9 1      16 100
17  55  43  49  12  16   0 0.03  0.0    0 12.7 24 300   M    M   8 1      31 310
18  44  38  41   4  24   0 0.00  0.0    0 16.0 30 300   M    M   6        37 300
19  40  32  36  -1  29   0 0.00  0.0    0 14.5 22 330   M    M   6        25 340
20  34  31  33  -3  32   0 0.00  0.0    0  6.4 14 360   M    M  10        18  10
21  38  33  36   0  29   0    T    T    0  7.1 13 340   M    M  10        15 340
22  48  37  43   7  22   0 0.04  0.0    0  8.5 18  80   M    M  10 1      23 100
23  50  47  49  13  16   0 0.21  0.0    0 11.4 20  70   M    M   9 1      24  70
24  57  47  52  17  13   0 1.05  0.0    0 10.4 25 170   M    M  10 12     32 170
================================================================================
SM 1116  871       560   0  6.93     0.3 293.6          M      193
================================================================================
AV 46.5 36.3                              12.2 FASTST   M    M   8    MAX(MPH)
                                 MISC ---->  # 38  40               # 47   40
================================================================================
NOTES:
# LAST OF SEVERAL OCCURRENCES

COLUMN 17 PEAK WIND IN M.P.H.

PRELIMINARY LOCAL CLIMATOLOGICAL DATA (WS FORM: F-6) , PAGE 2

                                          STATION:  KENNEDY NY
                                          MONTH:    DECEMBER
                                          YEAR:     2014
                                          LATITUDE:   40 39 N
                                          LONGITUDE:  73 47 W

[TEMPERATURE DATA]      [PRECIPITATION DATA]       SYMBOLS USED IN COLUMN 16

AVERAGE MONTHLY: 41.4   TOTAL FOR MONTH:   6.93    1 = FOG OR MIST
DPTR FM NORMAL:   2.7   DPTR FM NORMAL:    4.25    2 = FOG REDUCING VISIBILITY
HIGHEST:    62 ON  1    GRTST 24HR  3.05 ON  9-10      TO 1/4 MILE OR LESS
LOWEST:     26 ON  8                               3 = THUNDER
                        SNOW, ICE PELLETS, HAIL    4 = ICE PELLETS
                        TOTAL MONTH:   0.3 INCH    5 = HAIL
                        GRTST 24HR   0.3 ON   M    6 = FREEZING RAIN OR DRIZZLE
                        GRTST DEPTH:   T           7 = DUSTSTORM OR SANDSTORM:
                                                       VSBY 1/2 MILE OR LESS
                                                   8 = SMOKE OR HAZE
[NO. OF DAYS WITH]      [WEATHER - DAYS WITH]      9 = BLOWING SNOW
                                                   X = TORNADO
MAX 32 OR BELOW:   0    0.01 INCH OR MORE:  13
MAX 90 OR ABOVE:   0    0.10 INCH OR MORE:   8
MIN 32 OR BELOW:   5    0.50 INCH OR MORE:   4
MIN  0 OR BELOW:   0    1.00 INCH OR MORE:   3

[HDD (BASE 65) ]
TOTAL THIS MO.   560    CLEAR  (SCALE 0-3)   1
DPTR FM NORMAL   -72    PTCLDY (SCALE 4-7)   9
TOTAL FM JUL 1  1344    CLOUDY (SCALE 8-10) 14
DPTR FM NORMAL  -112

[CDD (BASE 65) ]
TOTAL THIS MO.     0
DPTR FM NORMAL     0    [PRESSURE DATA]
TOTAL FM JAN 1  1050    HIGHEST SLP M ON M
DPTR FM NORMAL    45    LOWEST  SLP 29.52 ON 24

[REMARKS]
