000
CXUS55 KJKL 301000
CF6JKL
PRELIMINARY LOCAL CLIMATOLOGICAL DATA (WS FORM: F-6)

                                          STATION:   JACKSON KY
                                          MONTH:     AUGUST
                                          YEAR:      2014
                                          LATITUDE:   37 35 N
                                          LONGITUDE:  83 19 W

  TEMPERATURE IN F:       :PCPN:    SNOW:  WIND      :SUNSHINE: SKY     :PK WND
================================================================================
1   2   3   4   5  6A  6B    7    8   9   10  11  12  13   14  15   16   17  18
                                     12Z  AVG MX 2MIN
DY MAX MIN AVG DEP HDD CDD  WTR  SNW DPTH SPD SPD DIR MIN PSBL S-S WX    SPD DR
================================================================================

 1  84  64  74  -1   0   9 0.17  0.0    0  0.9 13 310   M    M   4 13     17 310
 2  83  63  73  -2   0   8 0.05  0.0    0  1.6  8 180   M    M   4 138    15 340
 3  80  57  69  -6   0   4 0.00  0.0    0  0.5  8 320   M    M   4 12     11 300
 4  82  59  71  -4   0   6 0.00  0.0    0  0.1  6 110   M    M   1 128    11  70
 5  83  63  73  -2   0   8 0.00  0.0    0  0.9  7 280   M    M   1 18     10 310
 6  83  67  75   0   0  10 0.09  0.0    0  0.8  8 280   M    M   4 138    12 270
 7  79  65  72  -3   0   7    T  0.0    0  0.6  6 100   M    M   4 18     10  80
 8  69  64  67  -8   0   2 0.45  0.0    0  1.0  6 150   M    M   8 12     10 190
 9  81  68  75   0   0  10 1.57  0.0    0  0.4  5 120   M    M   7 123     8 330
10  78  69  74  -1   0   9 1.30  0.0    0  1.5  7 140   M    M   9 123    11 100
11  77  68  73  -2   0   8 0.31  0.0    0  1.7 10 190   M    M   6 123    19 190
12  82  64  73  -2   0   8 0.07  0.0    0  3.1 15 320   M    M   7 1      23 330
13  74  58  66  -9   0   1 0.00  0.0    0  2.5  9 310   M    M   5        12 280
14  80  59  70  -5   0   5 0.01  0.0    0  0.9  9 260   M    M   4 12     14 270
15  79  60  70  -5   0   5 0.00  0.0    0  1.8  8 300   M    M   4 12     12 290
16  81  55  68  -7   0   3    T  0.0    0  0.4  6 250   M    M   2        10 260
17  79  68  74  -1   0   9 0.08  0.0    0  2.3  7 160   M    M   7 1      11 270
18  81  69  75   0   0  10 0.91  0.0    0  1.6  9 240   M    M   8 123    18 280
19  85  67  76   1   0  11 0.00  0.0    0  1.8  9 310   M    M   5 12     11 300
20  87  66  77   2   0  12 0.44  0.0    0  1.5  9 330   M    M   2 123    15 320
21  87  65  76   2   0  11 0.81  0.0    0  1.7 13 330   M    M   4 123    20  10
22  89  71  80   6   0  15 0.02  0.0    0  1.1 16 310   M    M   4 13     24 310
23  87  69  78   4   0  13    T  0.0    0  0.3  6 310   M    M   6 12      9 260
24  87  72  80   6   0  15 0.00  0.0    0  0.5  6 120   M    M   1 1       8 140
25  84  66  75   1   0  10 0.00  0.0    0  0.9  8 130   M    M   2        11 130
26  83  63  73  -1   0   8 0.00  0.0    0  1.5  6 150   M    M   0         8 120
27  86  63  75   1   0  10 0.00  0.0    0  0.8  6 120   M    M   1         7 120
28  84  69  77   3   0  12 0.00  0.0    0  0.9  6 360   M    M   4 128     9  70
29  89  66  78   5   0  13 0.00  0.0    0  0.9  7 320   M    M   1        13 270
================================================================================
SM 2383 1877         0 252  6.28     0.0  34.5          M      119
================================================================================
AV 82.2 64.7                               1.2 FASTST   M    M   4    MAX(MPH)
                                 MISC ---->  # 16 310               # 24  310
================================================================================
NOTES:
# LAST OF SEVERAL OCCURRENCES

COLUMN 17 PEAK WIND IN M.P.H.

PRELIMINARY LOCAL CLIMATOLOGICAL DATA (WS FORM: F-6) , PAGE 2

                                          STATION:  JACKSON KY
                                          MONTH:    AUGUST
                                          YEAR:     2014
                                          LATITUDE:   37 35 N
                                          LONGITUDE:  83 19 W

[TEMPERATURE DATA]      [PRECIPITATION DATA]       SYMBOLS USED IN COLUMN 16

AVERAGE MONTHLY: 73.4   TOTAL FOR MONTH:   6.28    1 = FOG OR MIST
DPTR FM NORMAL:  -1.2   DPTR FM NORMAL:    2.79    2 = FOG REDUCING VISIBILITY
HIGHEST:    89 ON 29,22 GRTST 24HR  2.01 ON  8- 9      TO 1/4 MILE OR LESS
LOWEST:     55 ON 16                               3 = THUNDER
                        SNOW, ICE PELLETS, HAIL    4 = ICE PELLETS
                        TOTAL MONTH:   0.0 INCH    5 = HAIL
                        GRTST 24HR     0.0         6 = FREEZING RAIN OR DRIZZLE
                        GRTST DEPTH:   0           7 = DUSTSTORM OR SANDSTORM:
                                                       VSBY 1/2 MILE OR LESS
                                                   8 = SMOKE OR HAZE
[NO. OF DAYS WITH]      [WEATHER - DAYS WITH]      9 = BLOWING SNOW
                                                   X = TORNADO
MAX 32 OR BELOW:   0    0.01 INCH OR MORE:  14
MAX 90 OR ABOVE:   0    0.10 INCH OR MORE:   8
MIN 32 OR BELOW:   0    0.50 INCH OR MORE:   4
MIN  0 OR BELOW:   0    1.00 INCH OR MORE:   2

[HDD (BASE 65) ]
TOTAL THIS MO.     0    CLEAR  (SCALE 0-3)   9
DPTR FM NORMAL     0    PTCLDY (SCALE 4-7)  18
TOTAL FM JUL 1     3    CLOUDY (SCALE 8-10)  2
DPTR FM NORMAL     3

[CDD (BASE 65) ]
TOTAL THIS MO.   252
DPTR FM NORMAL   -29    [PRESSURE DATA]
TOTAL FM JAN 1   979    HIGHEST SLP M ON M
DPTR FM NORMAL    18    LOWEST  SLP 29.80 ON 12

[REMARKS]
