000
CXUS54 KFWD 270730
CF6JWY
PRELIMINARY LOCAL CLIMATOLOGICAL DATA (WS FORM: F-6)

                                          STATION:   WAXAHACHIE
                                          MONTH:     FEBRUARY
                                          YEAR:      2015
                                          LATITUDE:   32 27 N
                                          LONGITUDE:  96 54 W

  TEMPERATURE IN F:       :PCPN:    SNOW:  WIND      :SUNSHINE: SKY     :PK WND
================================================================================
1   2   3   4   5  6A  6B    7    8   9   10  11  12  13   14  15   16   17  18
                                     12Z  AVG MX 2MIN
DY MAX MIN AVG DEP HDD CDD  WTR  SNW DPTH SPD SPD DIR MIN PSBL S-S WX    SPD DR
================================================================================

 1  60  37  49   3  16   0 0.13  0.0    0 13.5 27 330   M    M   6 1      32 330
 2  42  25  34 -12  31   0 0.00  0.0    0  7.9 23 330   M    M   0        31 330
 3  52  31  42  -4  23   0 0.00  0.0    0  7.9 13 160   M    M   2        17 170
 4  56  38  47   1  18   0 0.01  0.0    0  9.6 21 340   M    M   9 1      28 340
 5  39  31  35 -11  30   0 0.03  0.0    0  9.3 20 340   M    M  10 16     25 330
 6  56  32  44  -2  21   0 0.00  0.0    0  5.5 12 160   M    M   5 1      16 170
 7  68  40  54   7  11   0 0.00  0.0    0 13.6 29 170   M    M   1 1      32 170
 8  73  50  62  15   3   0 0.00  0.0    0  8.3 17 180   M    M   2        18 170
 9  76  47  62  15   3   0 0.00  0.0    0  6.8 12 350   M    M   0        16  10
10  75  44  60  13   5   0 0.00  0.0    0  7.0 13 170   M    M   0        18 170
11  70  46  58  11   7   0 0.00  0.0    0  8.0 22 350   M    M   1        27 350
12  55  37  46  -1  19   0 0.00  0.0    0  9.9 17 340   M    M   1        25 340
13  66  32  49   1  16   0 0.00  0.0    0  5.4 14 200   M    M   0        20 210
14  79  40  60  12   5   0 0.00  0.0    0  4.6 10 200   M    M   0         M  M
15  72  51  62  14   3   0 0.00  0.0    0 10.3 18 170   M    M   5        27 170
16  61  30  46  -2  19   0 0.22    M    0 15.2 21 320   M    M   7 1      32 320
17  53  28  41  -7  24   0 0.00  0.0    0  6.4 12 360   M    M   5        16 290
18  58  29  44  -4  21   0 0.00  0.0    0  3.8  8 340   M    M   0 1       M  M
19  62  31  47  -2  18   0 0.00  0.0    0  8.2 16 150   M    M   0        21 150
20  71  45  58   9   7   0 0.00  0.0    0 16.5 31 190   M    M   9 1      40 190
21  66  47  57   8   8   0 0.00  0.0    0 14.0 28 180   M    M   6 1      36 180
22  48  30  39 -10  26   0 0.33    M    0 12.7 20 340   M    M   9 1      28 350
23  30  26  28 -22  37   0 0.21    M    0 11.5 16 350   M    M  10 1      24 360
24  35  26  31 -19  34   0 0.00  0.0    0  3.5  8 340   M    M   7 1       M  M
25  49  32  41  -9  24   0 0.67    M    0  3.2  8 320   M    M   6 1       M  M
26  37  30  34 -16  31   0 0.00  0.0    0 10.2 20 360   M    M   7 1      31 360
================================================================================
SM 1509  935       460   0  1.60     0.0 232.8          M      108
================================================================================
AV 58.0 36.0                               9.0 FASTST   M    M   4    MAX(MPH)
                                 MISC ---->    31   M                 40    M
================================================================================
NOTES:
# LAST OF SEVERAL OCCURRENCES

COLUMN 17 PEAK WIND IN M.P.H.

PRELIMINARY LOCAL CLIMATOLOGICAL DATA (WS FORM: F-6) , PAGE 2

                                          STATION:  WAXAHACHIE
                                          MONTH:    FEBRUARY
                                          YEAR:     2015
                                          LATITUDE:   32 27 N
                                          LONGITUDE:  96 54 W

[TEMPERATURE DATA]      [PRECIPITATION DATA]       SYMBOLS USED IN COLUMN 16

AVERAGE MONTHLY: 47.0   TOTAL FOR MONTH:   1.60    1 = FOG OR MIST
DPTR FM NORMAL:  -0.8   DPTR FM NORMAL:   -1.10    2 = FOG REDUCING VISIBILITY
HIGHEST:    79 ON 14    GRTST 24HR  0.67 ON 25-25      TO 1/4 MILE OR LESS
LOWEST:     25 ON  2                               3 = THUNDER
                        SNOW, ICE PELLETS, HAIL    4 = ICE PELLETS
                        TOTAL MONTH:   0.0 INCH    5 = HAIL
                        GRTST 24HR     0.0         6 = FREEZING RAIN OR DRIZZLE
                        GRTST DEPTH:   0           7 = DUSTSTORM OR SANDSTORM:
                                                       VSBY 1/2 MILE OR LESS
                                                   8 = SMOKE OR HAZE
[NO. OF DAYS WITH]      [WEATHER - DAYS WITH]      9 = BLOWING SNOW
                                                   X = TORNADO
MAX 32 OR BELOW:   1    0.01 INCH OR MORE:   7
MAX 90 OR ABOVE:   0    0.10 INCH OR MORE:   5
MIN 32 OR BELOW:  14    0.50 INCH OR MORE:   1
MIN  0 OR BELOW:   0    1.00 INCH OR MORE:   0

[HDD (BASE 65) ]
TOTAL THIS MO.   460    CLEAR  (SCALE 0-3)  12
DPTR FM NORMAL    11    PTCLDY (SCALE 4-7)   9
TOTAL FM JUL 1  1954    CLOUDY (SCALE 8-10)  5
DPTR FM NORMAL  -118

[CDD (BASE 65) ]
TOTAL THIS MO.     0
DPTR FM NORMAL     0    [PRESSURE DATA]
TOTAL FM JAN 1     0    HIGHEST SLP M ON M
DPTR FM NORMAL    -1    LOWEST  SLP M ON M

[REMARKS]
