000
CXUS53 KGRR 221017
CF6JXN
PRELIMINARY LOCAL CLIMATOLOGICAL DATA (WS FORM: F-6)

                                          STATION:   JACKSON MI
                                          MONTH:     AUGUST
                                          YEAR:      2014
                                          LATITUDE:   42 16 N
                                          LONGITUDE:  84 28 W

  TEMPERATURE IN F:       :PCPN:    SNOW:  WIND      :SUNSHINE: SKY     :PK WND
================================================================================
1   2   3   4   5  6A  6B    7    8   9   10  11  12  13   14  15   16   17  18
                                     12Z  AVG MX 2MIN
DY MAX MIN AVG DEP HDD CDD  WTR  SNW DPTH SPD SPD DIR MIN PSBL S-S WX    SPD DR
================================================================================

 1  83  58  71   0   0   6 0.00    M    M  4.0  8 220   M    M   1 13     16 270
 2  82  56  69  -2   0   4 0.00    M    M  1.1  6 300   M    M   0 1      16 300
 3  84  57  71   0   0   6 0.00    M    M  1.8  9 270   M    M   1 18     14 310
 4  85  59  72   2   0   7 0.01    M    M  2.4 14 240   M    M   2 138    18 230
 5  79  63  71   1   0   6 0.00    M    M  2.7 12 220   M    M   5 12     15 220
 6  80  56  68  -2   0   3 0.00    M    M  2.5 10  30   M    M   5 12     14  30
 7  82  51  67  -3   0   2 0.00    M    M  2.1  9  30   M    M   0 1      13 100
 8  82  55  69  -1   0   4 0.00    M    M  3.6 13 100   M    M   2        16 100
 9  81  54  68  -2   0   3 0.00    M    M  4.5 13 130   M    M   1 1      19  90
10  85  56  71   1   0   6 0.00    M    M  4.8 13 120   M    M   1 1      16 100
11  76  62  69  -1   0   4 1.22    M    M  3.4 12 100   M    M   4 18     14  90
12  74  58  66  -4   0   1 0.10    M    M  7.1 18 260   M    M   9 1238   25 250
13  76  52  64  -6   1   0 0.00    M    M  6.1 14 300   M    M   3        21 310
14  70  50  60 -10   5   0 0.00    M    M  5.7 14 290   M    M   2        21 300
15  74  44  59 -11   6   0 0.00    M    M  4.2 13 290   M    M   0        18 300
16  80  51  66  -4   0   1 0.00    M    M  7.7 18 260   M    M   2        28 270
17  73  65  69  -1   0   4 0.39    M    M  4.4 12 100   M    M  10 1      15 120
18  79  62  71   1   0   6 0.00    M    M  6.2 14 130   M    M   6        16 130
19  82  63  73   3   0   8 0.32    M    M  7.6 18 320   M    M   4 138    27 320
20  81  65  73   4   0   8 0.00    M    M  3.7 14 270   M    M   4 1      20 250
21  81  63  72   3   0   7 0.02    M    M  1.4 13 240   M    M   5 138    17 240
================================================================================
SM 1669 1200        12  86  2.06    M     87.0          M       67
================================================================================
AV 79.5 57.1                               4.1 FASTST   M    M   3    MAX(MPH)
                                 MISC ---->  # 18 260               # 28  270
================================================================================
NOTES:
# LAST OF SEVERAL OCCURRENCES

COLUMN 17 PEAK WIND IN M.P.H.

PRELIMINARY LOCAL CLIMATOLOGICAL DATA (WS FORM: F-6) , PAGE 2

                                          STATION:  JACKSON MI
                                          MONTH:    AUGUST
                                          YEAR:     2014
                                          LATITUDE:   42 16 N
                                          LONGITUDE:  84 28 W

[TEMPERATURE DATA]      [PRECIPITATION DATA]       SYMBOLS USED IN COLUMN 16

AVERAGE MONTHLY: 68.3   TOTAL FOR MONTH:   2.06    1 = FOG OR MIST
DPTR FM NORMAL:  -1.7   DPTR FM NORMAL:   -0.33    2 = FOG REDUCING VISIBILITY
HIGHEST:    85 ON 10, 4 GRTST 24HR  1.22 ON 11-11      TO 1/4 MILE OR LESS
LOWEST:     44 ON 15                               3 = THUNDER
                        SNOW, ICE PELLETS, HAIL    4 = ICE PELLETS
                        TOTAL MONTH:    M          5 = HAIL
                        GRTST 24HR    M  ON   M    6 = FREEZING RAIN OR DRIZZLE
                        GRTST DEPTH:  M  ON   M    7 = DUSTSTORM OR SANDSTORM:
                                                       VSBY 1/2 MILE OR LESS
                                                   8 = SMOKE OR HAZE
[NO. OF DAYS WITH]      [WEATHER - DAYS WITH]      9 = BLOWING SNOW
                                                   X = TORNADO
MAX 32 OR BELOW:   0    0.01 INCH OR MORE:   6
MAX 90 OR ABOVE:   0    0.10 INCH OR MORE:   4
MIN 32 OR BELOW:   0    0.50 INCH OR MORE:   1
MIN  0 OR BELOW:   0    1.00 INCH OR MORE:   1

[HDD (BASE 65) ]
TOTAL THIS MO.    12    CLEAR  (SCALE 0-3)  11
DPTR FM NORMAL    -5    PTCLDY (SCALE 4-7)   8
TOTAL FM JUL 1    42    CLOUDY (SCALE 8-10)  2
DPTR FM NORMAL    14

[CDD (BASE 65) ]
TOTAL THIS MO.    86
DPTR FM NORMAL   -34    [PRESSURE DATA]
TOTAL FM JAN 1   359    HIGHEST SLP  0.00 ON  2
DPTR FM NORMAL  -126    LOWEST  SLP  0.00 ON  2

[REMARKS]
