000
CXUS53 KGID 300730
CF6JYR
PRELIMINARY LOCAL CLIMATOLOGICAL DATA (WS FORM: F-6)

                                          STATION:   YORK
                                          MONTH:     JULY
                                          YEAR:      2016
                                          LATITUDE:   40 54 N
                                          LONGITUDE:  97 37 W

  TEMPERATURE IN F:       :PCPN:    SNOW:  WIND      :SUNSHINE: SKY     :PK WND
================================================================================
1   2   3   4   5  6A  6B    7    8   9   10  11  12  13   14  15   16   17  18
                                     12Z  AVG MX 2MIN
DY MAX MIN AVG DEP HDD CDD  WTR  SNW DPTH SPD SPD DIR MIN PSBL S-S WX    SPD DR
================================================================================

 1  75  55  65   M   0   0    T    M    M  5.7 10 110   M    M   2         M  M
 2  66  61  64   M   1   0 0.68    M    M 12.4 20 110   M    M  10 1      24 110
 3  66  59  63   M   2   0 0.00    M    M  8.4 13  80   M    M  10 12      M  M
 4  77  63  70   M   0   5 0.01    M    M  4.3 12 220   M    M   8 1       M  M
 5  93  66  80   M   0  15 0.00    M    M  6.4 15  30   M    M   1 13     21  30
 6  90  64  77   M   0  12 0.60    M    M  5.8 14  70   M    M   2 3       M  M
 7  86  63  75   M   0  10 1.66    M    M 10.8 28  70   M    M   2 3      39 350
 8  82  63  73   M   0   8 0.00    M    M  5.6 10 110   M    M   2 1       M  M
 9  90  66  78   M   0  13 0.00    M    M  9.7 15 170   M    M   2        18 150
10  91  73  82   M   0  17 0.00    M    M 13.8 22 170   M    M   0        27 150
11  91  72  82   M   0  17 0.00    M    M 14.5 23 180   M    M   1 3      28 180
12  84  59  72   M   0   7 0.00    M    M  6.1 10 360   M    M   0        20 360
13  86  66  76   M   0  11    T    M    M  7.1 29 190   M    M   1 1      39 190
14  84  59  72   M   0   7 0.02    M    M  4.7 13 360   M    M   1        17 360
15  70  59  65   M   0   0 0.36    M    M  7.6 17  30   M    M   2 3      17 210
16  84  59  72   M   0   7 0.00    M    M  9.6 17 170   M    M   5        24 170
17  86  68  77   M   0  12    T    M    M  5.1 15 190   M    M   1        20 190
18  84  70  77   M   0  12 0.00    M    M 11.5 17 150   M    M   3 1      22 150
19  90  72  81   M   0  16 0.00    M    M  9.4 13 170   M    M   0         M  M
20  93  72  83   M   0  18 0.00    M    M 12.2 16 190   M    M   0        21 170
21  95  75  85   M   0  20 0.00    M    M 10.5 16 200   M    M   0        20 180
22  91  72  82   M   0  17 0.00    M    M  5.8 12 180   M    M   0 3       M  M
23  91  73  82   M   0  17    T    M    M  6.2 13 210   M    M   0 3      16 220
24  84  66  75   M   0  10 0.00    M    M  6.5 18  30   M    M   1        22  30
25  82  64  73   M   0   8 0.00    M    M  3.9  8 100   M    M   1         M  M
26  86  59  73   M   0   8 0.00    M    M  5.6 12 130   M    M   0 1       M  M
27  84  64  74   M   0   9    T    M    M  5.6 14  10   M    M   1        21  10
28  82  63  73   M   0   8    T    M    M  5.8  9  40   M    M   2         M  M
29  79  64  72   M   0   7    T    M    M  2.8  8  70   M    M   5         M  M
================================================================================
SM 2442 1889         3 291  3.33    M    223.4          M       63
================================================================================
AV 84.2 65.1                               7.7 FASTST   M    M   2    MAX(MPH)
                                 MISC ---->    29   M                 39    M
================================================================================
NOTES:
# LAST OF SEVERAL OCCURRENCES

COLUMN 17 PEAK WIND IN M.P.H.

PRELIMINARY LOCAL CLIMATOLOGICAL DATA (WS FORM: F-6) , PAGE 2

                                          STATION:  YORK
                                          MONTH:    JULY
                                          YEAR:     2016
                                          LATITUDE:   40 54 N
                                          LONGITUDE:  97 37 W

[TEMPERATURE DATA]      [PRECIPITATION DATA]       SYMBOLS USED IN COLUMN 16

AVERAGE MONTHLY: 74.7   TOTAL FOR MONTH:   3.33    1 = FOG OR MIST
DPTR FM NORMAL:     M   DPTR FM NORMAL:       M    2 = FOG REDUCING VISIBILITY
HIGHEST:    95 ON 21    GRTST 24HR  1.66 ON  7- 7      TO 1/4 MILE OR LESS
LOWEST:     55 ON  1                               3 = THUNDER
                        SNOW, ICE PELLETS, HAIL    4 = ICE PELLETS
                        TOTAL MONTH:    M          5 = HAIL
                        GRTST 24HR    M  ON   M    6 = FREEZING RAIN OR DRIZZLE
                        GRTST DEPTH:  M  ON   M    7 = DUSTSTORM OR SANDSTORM:
                                                       VSBY 1/2 MILE OR LESS
                                                   8 = SMOKE OR HAZE
[NO. OF DAYS WITH]      [WEATHER - DAYS WITH]      9 = BLOWING SNOW
                                                   X = TORNADO
MAX 32 OR BELOW:   0    0.01 INCH OR MORE:   6
MAX 90 OR ABOVE:  10    0.10 INCH OR MORE:   4
MIN 32 OR BELOW:   0    0.50 INCH OR MORE:   3
MIN  0 OR BELOW:   0    1.00 INCH OR MORE:   1

[HDD (BASE 65) ]
TOTAL THIS MO.     3    CLEAR  (SCALE 0-3)  24
DPTR FM NORMAL     M    PTCLDY (SCALE 4-7)   3
TOTAL FM JUL 1     3    CLOUDY (SCALE 8-10)  2
DPTR FM NORMAL     M

[CDD (BASE 65) ]
TOTAL THIS MO.   291
DPTR FM NORMAL     M    [PRESSURE DATA]
TOTAL FM JAN 1   666    HIGHEST SLP M ON M
DPTR FM NORMAL     M    LOWEST  SLP M ON M

[REMARKS]
