000
CXUS53 KGID 270730
CF6JYR
PRELIMINARY LOCAL CLIMATOLOGICAL DATA (WS FORM: F-6)

                                          STATION:   YORK
                                          MONTH:     SEPTEMBER
                                          YEAR:      2016
                                          LATITUDE:   40 54 N
                                          LONGITUDE:  97 37 W

  TEMPERATURE IN F:       :PCPN:    SNOW:  WIND      :SUNSHINE: SKY     :PK WND
================================================================================
1   2   3   4   5  6A  6B    7    8   9   10  11  12  13   14  15   16   17  18
                                     12Z  AVG MX 2MIN
DY MAX MIN AVG DEP HDD CDD  WTR  SNW DPTH SPD SPD DIR MIN PSBL S-S WX    SPD DR
================================================================================

 1  81  52  67   M   0   2 0.00    M    M  4.2  9 120   M    M   0 18      M  M
 2  75  55  65   M   0   0 0.00    M    M  8.6 15 180   M    M   1        22 170
 3  72  57  65   M   0   0 0.69    M    M 11.4 17 170   M    M   4        23 170
 4  82  64  73   M   0   8 0.01    M    M 12.6 21 160   M    M   7        32 180
 5  88  72  80   M   0  15 0.00    M    M 15.4 23 190   M    M   1        30 190
 6  88  68  78   M   0  13 0.00    M    M  9.9 18  10   M    M   3        22 200
 7  82  66  74   M   0   9 0.06    M    M  6.0 12 170   M    M   4 1       M  M
 8  81  64  73   M   0   8 0.00    M    M  6.9 14 110   M    M   4 1       M  M
 9  75  52  64   M   1   0 0.95    M    M  8.6 20 340   M    M   5 13     45 340
10  72  48  60   M   5   0 0.00    M    M  8.1 13 320   M    M   0        16 310
11  81  54  68   M   0   3 0.00    M    M 13.3 21 200   M    M   0        29 180
12  75  59  67   M   0   2 1.10    M    M 10.5 16  10   M    M   5 3      31 270
13  59  54  57   M   8   0 0.04    M    M 13.4 18  20   M    M   8 3      24  20
14  63  52  58   M   7   0 0.00    M    M  6.7 10  60   M    M  10 1       M  M
15  82  63  73   M   0   8 0.26    M    M 10.1 17 200   M    M   7 13     23 200
16  77  54  66   M   0   1 0.06    M    M  6.2 16 110   M    M   2        16 330
17  81  50  66   M   0   1 0.00    M    M  3.2  7 180   M    M   0         M  M
18  84  54  69   M   0   4 0.00    M    M  8.1 14 200   M    M   0        21 200
19  79  57  68   M   0   3 0.00    M    M  8.1 15  20   M    M   0        22  20
20  91  57  74   M   0   9 0.00    M    M  9.8 15 200   M    M   0        23 190
21  88  73  81   M   0  16    T    M    M 13.4 20 200   M    M   1 3      27 200
22  86  68  77   M   0  12 0.00    M    M  7.1 12 230   M    M   0        17 180
23  90  64  77   M   0  12 0.00    M    M 11.6 21 160   M    M   0 8      29 160
24  77  66  72   M   0   7 0.31    M    M  9.4 14 190   M    M   6 13     23 170
25  72  45  59   M   6   0 0.00    M    M 12.4 23 330   M    M   1 2      31 310
26  77  41  59   M   6   0 0.00    M    M  8.7 15 280   M    M   0        23 300
================================================================================
SM 2058 1509        33 133  3.48    M    243.7          M       69
================================================================================
AV 79.2 58.0                               9.4 FASTST   M    M   3    MAX(MPH)
                                 MISC ---->  # 23 190                 45    M
================================================================================
NOTES:
# LAST OF SEVERAL OCCURRENCES

COLUMN 17 PEAK WIND IN M.P.H.

PRELIMINARY LOCAL CLIMATOLOGICAL DATA (WS FORM: F-6) , PAGE 2

                                          STATION:  YORK
                                          MONTH:    SEPTEMBER
                                          YEAR:     2016
                                          LATITUDE:   40 54 N
                                          LONGITUDE:  97 37 W

[TEMPERATURE DATA]      [PRECIPITATION DATA]       SYMBOLS USED IN COLUMN 16

AVERAGE MONTHLY: 68.6   TOTAL FOR MONTH:   3.48    1 = FOG OR MIST
DPTR FM NORMAL:     M   DPTR FM NORMAL:       M    2 = FOG REDUCING VISIBILITY
HIGHEST:    91 ON 20    GRTST 24HR  1.10 ON 12-12      TO 1/4 MILE OR LESS
LOWEST:     41 ON 26                               3 = THUNDER
                        SNOW, ICE PELLETS, HAIL    4 = ICE PELLETS
                        TOTAL MONTH:    M          5 = HAIL
                        GRTST 24HR    M  ON   M    6 = FREEZING RAIN OR DRIZZLE
                        GRTST DEPTH:  M  ON   M    7 = DUSTSTORM OR SANDSTORM:
                                                       VSBY 1/2 MILE OR LESS
                                                   8 = SMOKE OR HAZE
[NO. OF DAYS WITH]      [WEATHER - DAYS WITH]      9 = BLOWING SNOW
                                                   X = TORNADO
MAX 32 OR BELOW:   0    0.01 INCH OR MORE:   9
MAX 90 OR ABOVE:   2    0.10 INCH OR MORE:   5
MIN 32 OR BELOW:   0    0.50 INCH OR MORE:   3
MIN  0 OR BELOW:   0    1.00 INCH OR MORE:   1

[HDD (BASE 65) ]
TOTAL THIS MO.    33    CLEAR  (SCALE 0-3)  16
DPTR FM NORMAL     M    PTCLDY (SCALE 4-7)   9
TOTAL FM JUL 1    40    CLOUDY (SCALE 8-10)  1
DPTR FM NORMAL     M

[CDD (BASE 65) ]
TOTAL THIS MO.   133
DPTR FM NORMAL     M    [PRESSURE DATA]
TOTAL FM JAN 1  1054    HIGHEST SLP M ON M
DPTR FM NORMAL     M    LOWEST  SLP M ON M

[REMARKS]
