000
CXUS53 KIND 170730
CF6LAF
PRELIMINARY LOCAL CLIMATOLOGICAL DATA (WS FORM: F-6)

                                          STATION:   LAFAYETTE IN
                                          MONTH:     OCTOBER
                                          YEAR:      2017
                                          LATITUDE:   40 25 N
                                          LONGITUDE:  86 56 W

  TEMPERATURE IN F:       :PCPN:    SNOW:  WIND      :SUNSHINE: SKY     :PK WND
================================================================================
1   2   3   4   5  6A  6B    7    8   9   10  11  12  13   14  15   16   17  18
                                     12Z  AVG MX 2MIN
DY MAX MIN AVG DEP HDD CDD  WTR  SNW DPTH SPD SPD DIR MIN PSBL S-S WX    SPD DR
================================================================================

 1  73  44  59  -1   6   0 0.00    M    M  6.7 15 110   M    M   0        21 110
 2  81  55  68   9   0   3 0.00    M    M  6.2 15 120   M    M   1        20 120
 3  82  61  72  13   0   7 0.00    M    M  6.2 17 220   M    M   5        25 210
 4  77  67  72  14   0   7 0.11    M    M  5.5 14 240   M    M   8 13     19 220
 5  72  63  68  10   0   3    T    M    M  3.8  8 340   M    M  10 1      10 350
 6  70  64  67   9   0   2 0.22    M    M  3.8 10 240   M    M   9 1      15 220
 7  84  60  72  15   0   7    M    M    M 11.3 32 280   M    M   5 13     42 270
 8  73  49  61   4   4   0 0.00    M    M  6.1 17 270   M    M   4 1      20 240
 9  80  60  70  13   0   5 0.00    M    M  1.7  8 230   M    M   5 18     10 240
10  74  60  67  11   0   2    M    M    M  7.2 15 100   M    M   8 1      21 110
11  66  56  61   5   4   0 0.05    M    M  7.1 16 250   M    M  10 1      23 220
12  61  54  58   2   7   0    T    M    M  4.7 10  70   M    M  10 1      13  80
13  73  51  62   7   3   0 0.00    M    M  2.9 12 160   M    M   4 12     16 130
14  82  60  71  16   0   6 0.00    M    M  7.6 17 190   M    M   3        26 190
15  75  47  61   7   4   0 0.08    M    M 13.8 28 280   M    M   8 1      37 290
16  63  38  51  -3  14   0 0.00    M    M  4.1 13 250   M    M   2 1      16 310
================================================================================
SM 1186  889        42  42  0.46    M     98.7          M       92
================================================================================
AV 74.1 55.6                               6.2 FASTST   M    M   6    MAX(MPH)
                                 MISC ---->  # 32 280               # 42  270
================================================================================
NOTES:
# LAST OF SEVERAL OCCURRENCES

COLUMN 17 PEAK WIND IN M.P.H.

PRELIMINARY LOCAL CLIMATOLOGICAL DATA (WS FORM: F-6) , PAGE 2

                                          STATION:  LAFAYETTE IN
                                          MONTH:    OCTOBER
                                          YEAR:     2017
                                          LATITUDE:   40 25 N
                                          LONGITUDE:  86 56 W

[TEMPERATURE DATA]      [PRECIPITATION DATA]       SYMBOLS USED IN COLUMN 16

AVERAGE MONTHLY: 64.8   TOTAL FOR MONTH:   0.46    1 = FOG OR MIST
DPTR FM NORMAL:   8.0   DPTR FM NORMAL:   -1.05    2 = FOG REDUCING VISIBILITY
HIGHEST:    84 ON  7    GRTST 24HR  0.22 ON  6- 6      TO 1/4 MILE OR LESS
LOWEST:     38 ON 16                               3 = THUNDER
                        SNOW, ICE PELLETS, HAIL    4 = ICE PELLETS
                        TOTAL MONTH:    M          5 = HAIL
                        GRTST 24HR    M  ON   M    6 = FREEZING RAIN OR DRIZZLE
                        GRTST DEPTH:  M  ON   M    7 = DUSTSTORM OR SANDSTORM:
                                                       VSBY 1/2 MILE OR LESS
                                                   8 = SMOKE OR HAZE
[NO. OF DAYS WITH]      [WEATHER - DAYS WITH]      9 = BLOWING SNOW
                                                   X = TORNADO
MAX 32 OR BELOW:   0    0.01 INCH OR MORE:   4
MAX 90 OR ABOVE:   0    0.10 INCH OR MORE:   2
MIN 32 OR BELOW:   0    0.50 INCH OR MORE:   0
MIN  0 OR BELOW:   0    1.00 INCH OR MORE:   0

[HDD (BASE 65) ]
TOTAL THIS MO.    42    CLEAR  (SCALE 0-3)   3
DPTR FM NORMAL  -103    PTCLDY (SCALE 4-7)   9
TOTAL FM JUL 1   120    CLOUDY (SCALE 8-10)  4
DPTR FM NORMAL  -110

[CDD (BASE 65) ]
TOTAL THIS MO.    42
DPTR FM NORMAL    29    [PRESSURE DATA]
TOTAL FM JAN 1   851    HIGHEST SLP M ON M
DPTR FM NORMAL  -127    LOWEST  SLP 29.64 ON  7

[REMARKS]
