000
CXUS55 KTBW 211000
CF6LAL
PRELIMINARY LOCAL CLIMATOLOGICAL DATA (WS FORM: F-6)

                                          STATION:   Lakeland Linder
                                          MONTH:     APRIL
                                          YEAR:      2014
                                          LATITUDE:   28  0 N
                                          LONGITUDE:  82  3 W

  TEMPERATURE IN F:       :PCPN:    SNOW:  WIND      :SUNSHINE: SKY     :PK WND
================================================================================
1   2   3   4   5  6A  6B    7    8   9   10  11  12  13   14  15   16   17  18
                                     12Z  AVG MX 2MIN
DY MAX MIN AVG DEP HDD CDD  WTR  SNW DPTH SPD SPD DIR MIN PSBL S-S WX    SPD DR
================================================================================

 1  83  49  66  -5   0   1 0.00  0.0    0  1.7  7 110   M    M   0         M  M
 2  85  56  71   0   0   6 0.00  0.0    0  2.3 10 120   M    M   0         M  M
 3  86  57  72   1   0   7 0.00  0.0    0  3.5  9 130   M    M   3         M  M
 4  87  60  74   3   0   9 0.00  0.0    0  4.3 12 180   M    M   4        17 180
 5  86  58  72   1   0   7 0.00  0.0    0  2.0  9 220   M    M   4 12      M  M
 6  86  61  74   3   0   9 0.00  0.0    0  4.6 12 170   M    M   4        18 150
 7  90  65  78   7   0  13 0.00  0.0    0 10.8 21 210   M    M   6        28 210
 8  90  63  77   5   0  12 0.57  0.0    0  9.6 16 220   M    M   9 1      21 270
 9  72  54  63  -9   2   0 0.10  0.0    0  6.6 14 320   M    M   4        21 300
10  81  59  70  -2   0   5 0.00  0.0    0  8.9127 110   M    M   2        16 110
11  83  56  70  -2   0   5 0.00  0.0    0  6.2 15 100   M    M   5         M  M
12  83  61  72   0   0   7 0.00  0.0    0  7.7 14  90   M    M   5        17  60
13  84  61  73   1   0   8 0.00  0.0    0  8.5 16  70   M    M   7        21  90
14  88  68  78   6   0  13 0.00  0.0    0  6.4 13 180   M    M   7        21 280
15  87  66  77   4   0  12 0.15  0.0    0  8.6 18 210   M    M   6        32 250
16  80  50  65  -8   0   0 0.00  0.0    0 13.0 20  50   M    M   6        24  50
17  78  60  69  -4   0   4 0.00  0.0    0 12.7 21  60   M    M   8        28  60
18  81  67  74   1   0   9 0.22  0.0    0  8.6 15 130   M    M   8        21 170
19  74  65  70  -3   0   5 0.11  0.0    0  8.5 14 290   M    M   8        21 290
20  74  60  67  -7   0   2 0.00  0.0    0  7.3 15 360   M    M  10 1      16 360
================================================================================
SM 1658 1196         2 134  1.15     0.0 141.8          M      106
================================================================================
AV 82.9 59.8                               7.1 FASTST   M    M   5    MAX(MPH)
                                 MISC ---->   127   M                 32    M
================================================================================
NOTES:
# LAST OF SEVERAL OCCURRENCES

COLUMN 17 PEAK WIND IN M.P.H.

PRELIMINARY LOCAL CLIMATOLOGICAL DATA (WS FORM: F-6) , PAGE 2

                                          STATION:  Lakeland Linder
                                          MONTH:    APRIL
                                          YEAR:     2014
                                          LATITUDE:   28  0 N
                                          LONGITUDE:  82  3 W

[TEMPERATURE DATA]      [PRECIPITATION DATA]       SYMBOLS USED IN COLUMN 16

AVERAGE MONTHLY: 71.3   TOTAL FOR MONTH:   1.15    1 = FOG OR MIST
DPTR FM NORMAL:  -0.7   DPTR FM NORMAL:   -0.73    2 = FOG REDUCING VISIBILITY
HIGHEST:    90 ON  8, 7 GRTST 24HR  0.57 ON  8- 8      TO 1/4 MILE OR LESS
LOWEST:     49 ON  1                               3 = THUNDER
                        SNOW, ICE PELLETS, HAIL    4 = ICE PELLETS
                        TOTAL MONTH:   0.0 INCH    5 = HAIL
                        GRTST 24HR     0.0         6 = FREEZING RAIN OR DRIZZLE
                        GRTST DEPTH:   0           7 = DUSTSTORM OR SANDSTORM:
                                                       VSBY 1/2 MILE OR LESS
                                                   8 = SMOKE OR HAZE
[NO. OF DAYS WITH]      [WEATHER - DAYS WITH]      9 = BLOWING SNOW
                                                   X = TORNADO
MAX 32 OR BELOW:   0    0.01 INCH OR MORE:   5
MAX 90 OR ABOVE:   2    0.10 INCH OR MORE:   5
MIN 32 OR BELOW:   0    0.50 INCH OR MORE:   1
MIN  0 OR BELOW:   0    1.00 INCH OR MORE:   0

[HDD (BASE 65) ]
TOTAL THIS MO.     2    CLEAR  (SCALE 0-3)   4
DPTR FM NORMAL     2    PTCLDY (SCALE 4-7)  12
TOTAL FM JUL 1   412    CLOUDY (SCALE 8-10)  4
DPTR FM NORMAL   -28

[CDD (BASE 65) ]
TOTAL THIS MO.   134
DPTR FM NORMAL    -9    [PRESSURE DATA]
TOTAL FM JAN 1   353    HIGHEST SLP M ON M
DPTR FM NORMAL   -71    LOWEST  SLP M ON M

[REMARKS]
