000
CXUS55 KTBW 201000
CF6LAL
PRELIMINARY LOCAL CLIMATOLOGICAL DATA (WS FORM: F-6)

                                          STATION:   Lakeland Linder
                                          MONTH:     OCTOBER
                                          YEAR:      2017
                                          LATITUDE:   28  0 N
                                          LONGITUDE:  82  3 W

  TEMPERATURE IN F:       :PCPN:    SNOW:  WIND      :SUNSHINE: SKY     :PK WND
================================================================================
1   2   3   4   5  6A  6B    7    8   9   10  11  12  13   14  15   16   17  18
                                     12Z  AVG MX 2MIN
DY MAX MIN AVG DEP HDD CDD  WTR  SNW DPTH SPD SPD DIR MIN PSBL S-S WX    SPD DR
================================================================================

 1  89  74  82   2   0  17 0.50  0.0    0  7.1 16  70   M    M   5 3      16 100
 2  87  76  82   3   0  17 0.11  0.0    0 13.7 20  70   M    M   7        25  80
 3  84  75  80   1   0  15 0.10  0.0    0 16.7 25  70   M    M   9        33  70
 4  86  74  80   1   0  15 0.00  0.0    0 14.0 24  70   M    M   5        31  70
 5  82  73  78  -1   0  13 0.10  0.0    0 12.1 18  50   M    M   8        25  50
 6  91  74  83   4   0  18 0.04  0.0    0  8.3 13 120   M    M   6        18 120
 7  93  78  86   8   0  21 0.01  0.0    0  8.7 14 150   M    M   6        22 150
 8  90  76  83   5   0  18 0.37  0.0    0  7.3 13 170   M    M   5 3      17 170
 9  92  77  85   7   0  20 0.12  0.0    0  5.2  9 100   M    M   4         M  M
10  91  76  84   6   0  19 0.00  0.0    0  6.3 14  90   M    M   3        16  80
11  91  74  83   5   0  18 0.00  0.0    0  6.6 12  40   M    M   3        20  80
12  90  69  80   3   0  15 0.01  0.0    0  9.1 13  40   M    M   3        18  40
13  88  74  81   4   0  16 0.16  0.0    0 10.5 17  60   M    M   5        23  60
14  87  75  81   4   0  16 0.15  0.0    0  9.4 17  70   M    M   5        21  70
15  90  71  81   4   0  16 0.04  0.0    0  5.3 15  70   M    M   3        22  70
16  90  71  81   5   0  16 0.00  0.0    0  1.6 10  60   M    M   4 12      M  M
17  89  70  80   4   0  15 0.34  0.0    0  9.2 15  40   M    M   7        22  40
18  84  69  77   1   0  12 0.00  0.0    0 10.6 20  60   M    M   6        25  70
19  84  68  76   0   0  11 0.00  0.0    0  9.4 14  60   M    M   4        20  70
================================================================================
SM 1678 1394         0 308  2.05     0.0 171.1          M       98
================================================================================
AV 88.3 73.4                               9.0 FASTST   M    M   5    MAX(MPH)
                                 MISC ---->  # 25  70               # 33   70
================================================================================
NOTES:
# LAST OF SEVERAL OCCURRENCES

COLUMN 17 PEAK WIND IN M.P.H.

PRELIMINARY LOCAL CLIMATOLOGICAL DATA (WS FORM: F-6) , PAGE 2

                                          STATION:  Lakeland Linder
                                          MONTH:    OCTOBER
                                          YEAR:     2017
                                          LATITUDE:   28  0 N
                                          LONGITUDE:  82  3 W

[TEMPERATURE DATA]      [PRECIPITATION DATA]       SYMBOLS USED IN COLUMN 16

AVERAGE MONTHLY: 80.8   TOTAL FOR MONTH:   2.05    1 = FOG OR MIST
DPTR FM NORMAL:   3.1   DPTR FM NORMAL:    0.09    2 = FOG REDUCING VISIBILITY
HIGHEST:    93 ON  7    GRTST 24HR  0.50 ON  1- 1      TO 1/4 MILE OR LESS
LOWEST:     68 ON 19                               3 = THUNDER
                        SNOW, ICE PELLETS, HAIL    4 = ICE PELLETS
                        TOTAL MONTH:   0.0 INCH    5 = HAIL
                        GRTST 24HR     0.0         6 = FREEZING RAIN OR DRIZZLE
                        GRTST DEPTH:   0           7 = DUSTSTORM OR SANDSTORM:
                                                       VSBY 1/2 MILE OR LESS
                                                   8 = SMOKE OR HAZE
[NO. OF DAYS WITH]      [WEATHER - DAYS WITH]      9 = BLOWING SNOW
                                                   X = TORNADO
MAX 32 OR BELOW:   0    0.01 INCH OR MORE:  13
MAX 90 OR ABOVE:   9    0.10 INCH OR MORE:   9
MIN 32 OR BELOW:   0    0.50 INCH OR MORE:   1
MIN  0 OR BELOW:   0    1.00 INCH OR MORE:   0

[HDD (BASE 65) ]
TOTAL THIS MO.     0    CLEAR  (SCALE 0-3)   4
DPTR FM NORMAL     0    PTCLDY (SCALE 4-7)  13
TOTAL FM JUL 1     0    CLOUDY (SCALE 8-10)  2
DPTR FM NORMAL     0

[CDD (BASE 65) ]
TOTAL THIS MO.   308
DPTR FM NORMAL    66    [PRESSURE DATA]
TOTAL FM JAN 1  3694    HIGHEST SLP M ON M
DPTR FM NORMAL   331    LOWEST  SLP M ON M

[REMARKS]
