000
CXUS55 KVEF 010940
CF6LAS
PRELIMINARY LOCAL CLIMATOLOGICAL DATA (WS FORM: F-6)

                                          STATION:   LAS VEGAS NV
                                          MONTH:     AUGUST
                                          YEAR:      2015
                                          LATITUDE:   36  4 N
                                          LONGITUDE: 115 10 W

  TEMPERATURE IN F:       :PCPN:    SNOW:  WIND      :SUNSHINE: SKY     :PK WND
================================================================================
1   2   3   4   5  6A  6B    7    8   9   10  11  12  13   14  15   16   17  18
                                     12Z  AVG MX 2MIN
DY MAX MIN AVG DEP HDD CDD  WTR  SNW DPTH SPD SPD DIR MIN PSBL S-S WX    SPD DR
================================================================================

 1  93  80  87  -5   0  22 0.05  0.0    0  7.7 23 330   M    M   9        31 180
 2 103  77  90  -2   0  25 0.00  0.0    0  4.6 13 330   M    M   3        16  60
 3 106  84  95   3   0  30 0.00  0.0    0  7.8 20 230   M    M   2        30 210
 4 106  83  95   3   0  30 0.00  0.0    0  9.2 18 220   M    M   3        26 230
 5 107  87  97   5   0  32 0.00  0.0    0  9.6 24 270   M    M   5        32 220
 6 107  79  93   1   0  28 0.01  0.0    0 10.7 37 260   M    M   7 3      44 260
 7  98  73  86  -6   0  21 0.05  0.0    0  8.2 20  70   M    M   5 3      24  80
 8 100  76  88  -4   0  23 0.00  0.0    0  5.6 15 230   M    M   1        19 230
 9 103  74  89  -3   0  24 0.00  0.0    0  5.4 15  90   M    M   2        20  80
10 104  80  92   0   0  27 0.00  0.0    0  6.3 17  90   M    M   2        27 130
11 103  83  93   1   0  28 0.00  0.0    0 10.5 36  60   M    M   6        38  60
12 101  82  92   1   0  27 0.00  0.0    0  8.2 16  60   M    M   6        25  10
13 103  77  90  -1   0  25 0.57  0.0    0  6.8 23 120   M    M   5 13     32 140
14 101  79  90  -1   0  25    T  0.0    0  4.7 21 180   M    M   5 3      31 190
15 109  79  94   3   0  29 0.00  0.0    0  5.4 16 260   M    M   3        22 170
16 110  86  98   7   0  33 0.00  0.0    0  7.4 17 170   M    M   1        24 170
17 110  89 100   9   0  35 0.00  0.0    0  9.0 16 190   M    M   2        22 160
18 109  86  98   7   0  33 0.00  0.0    0  5.4 13 210   M    M   3        16 210
19 108  83  96   6   0  31 0.00  0.0    0  6.1 14  70   M    M   3        17  40
20 108  84  96   6   0  31 0.00  0.0    0  8.4 16 220   M    M   0        23 220
21 105  85  95   5   0  30 0.00  0.0    0  9.9 18 150   M    M   2        30 140
22 105  84  95   5   0  30 0.00  0.0    0  6.9 15 230   M    M   2        22 170
23 107  81  94   4   0  29 0.00  0.0    0  5.8 15 160   M    M   1        22 150
24 107  82  95   5   0  30 0.00  0.0    0  4.8 16  80   M    M   2        22  10
25  97  87  92   3   0  27    T  0.0    0  5.1 20 150   M    M   9        28 150
26  96  83  90   1   0  25 0.00  0.0    0  8.2 18  20   M    M   6        22  30
27 102  81  92   3   0  27 0.00  0.0    0  4.5 15  40   M    M   4        19  30
28 105  82  94   5   0  29 0.00  0.0    0  4.4 10  90   M    M   3        17  90
29 107  87  97   9   0  32 0.00  0.0    0  9.2 21 230   M    M   3        29 250
30 101  85  93   5   0  28 0.00  0.0    0 10.3 23 230   M    M   5        31 220
31 103  80  92   4   0  27 0.00  0.0    0  5.4 16 200   M    M   3        24 210
================================================================================
SM 3224 2538         0 873  0.68     0.0 221.5          M      113
================================================================================
AV104.0 81.9                               7.1 FASTST   M    M   4    MAX(MPH)
                                 MISC ---->  # 37 260               # 44  260
================================================================================
NOTES:
# LAST OF SEVERAL OCCURRENCES

COLUMN 17 PEAK WIND IN M.P.H.

PRELIMINARY LOCAL CLIMATOLOGICAL DATA (WS FORM: F-6) , PAGE 2

                                          STATION:  LAS VEGAS NV
                                          MONTH:    AUGUST
                                          YEAR:     2015
                                          LATITUDE:   36  4 N
                                          LONGITUDE: 115 10 W

[TEMPERATURE DATA]      [PRECIPITATION DATA]       SYMBOLS USED IN COLUMN 16

AVERAGE MONTHLY: 92.9   TOTAL FOR MONTH:   0.68    1 = FOG OR MIST
DPTR FM NORMAL:   2.3   DPTR FM NORMAL:    0.35    2 = FOG REDUCING VISIBILITY
HIGHEST:   110 ON 17,16 GRTST 24HR  0.57 ON 13-13      TO 1/4 MILE OR LESS
LOWEST:     73 ON  7                               3 = THUNDER
                        SNOW, ICE PELLETS, HAIL    4 = ICE PELLETS
                        TOTAL MONTH:   0.0 INCH    5 = HAIL
                        GRTST 24HR     0.0         6 = FREEZING RAIN OR DRIZZLE
                        GRTST DEPTH:   0           7 = DUSTSTORM OR SANDSTORM:
                                                       VSBY 1/2 MILE OR LESS
                                                   8 = SMOKE OR HAZE
[NO. OF DAYS WITH]      [WEATHER - DAYS WITH]      9 = BLOWING SNOW
                                                   X = TORNADO
MAX 32 OR BELOW:   0    0.01 INCH OR MORE:   4
MAX 90 OR ABOVE:  31    0.10 INCH OR MORE:   1
MIN 32 OR BELOW:   0    0.50 INCH OR MORE:   1
MIN  0 OR BELOW:   0    1.00 INCH OR MORE:   0

[HDD (BASE 65) ]
TOTAL THIS MO.     0    CLEAR  (SCALE 0-3)  15
DPTR FM NORMAL     0    PTCLDY (SCALE 4-7)  14
TOTAL FM JUL 1     0    CLOUDY (SCALE 8-10)  2
DPTR FM NORMAL     0

[CDD (BASE 65) ]
TOTAL THIS MO.   873
DPTR FM NORMAL    78    [PRESSURE DATA]
TOTAL FM JAN 1  3092    HIGHEST SLP M ON M
DPTR FM NORMAL   243    LOWEST  SLP 27.70 ON 27

[REMARKS]
#FINAL-08-15#
