000
CXUS55 KVEF 010940
CF6LAS
PRELIMINARY LOCAL CLIMATOLOGICAL DATA (WS FORM: F-6)

                                          STATION:   LAS VEGAS NV
                                          MONTH:     JULY
                                          YEAR:      2015
                                          LATITUDE:   36  4 N
                                          LONGITUDE: 115 10 W

  TEMPERATURE IN F:       :PCPN:    SNOW:  WIND      :SUNSHINE: SKY     :PK WND
================================================================================
1   2   3   4   5  6A  6B    7    8   9   10  11  12  13   14  15   16   17  18
                                     12Z  AVG MX 2MIN
DY MAX MIN AVG DEP HDD CDD  WTR  SNW DPTH SPD SPD DIR MIN PSBL S-S WX    SPD DR
================================================================================

 1 107  85  96   5   0  31    T  0.0    0 12.9 32 220   M    M   6 378    42 210
 2 105  79  92   1   0  27 0.13  0.0    0  9.6 23 220   M    M   6 3      31 210
 3 109  88  99   8   0  34 0.00  0.0    0 11.7 20 250   M    M   7        24 240
 4 102  91  97   5   0  32    T  0.0    0  8.9 21 250   M    M   7        25 250
 5 101  85  93   1   0  28    T  0.0    0 10.5 22 180   M    M   6 3      30 200
 6  98  77  88  -4   0  23 0.05  0.0    0  9.4 38 320   M    M   8 3      46 320
 7 100  78  89  -3   0  24    T  0.0    0  6.9 25 170   M    M   6 3      34 170
 8 101  80  91  -1   0  26    T  0.0    0 13.3 29 180   M    M   3        38 180
 9  94  76  85  -7   0  20 0.00  0.0    0 14.3 24 160   M    M   3 3      36 150
10  93  74  84  -8   0  19 0.00  0.0    0 12.0 22 180   M    M   2        32 180
11  96  75  86  -7   0  21 0.00  0.0    0 11.6 24 170   M    M   4        32 180
12 101  76  89  -4   0  24 0.00  0.0    0  7.3 18 220   M    M   6        23 220
13 104  80  92  -1   0  27 0.00  0.0    0 12.1 26 210   M    M   2        39 210
14 105  82  94   1   0  29 0.00  0.0    0 14.2 30 220   M    M   1        40 220
15 103  80  92  -1   0  27 0.00  0.0    0 12.7 24 190   M    M   0        31 200
16 106  79  93   0   0  28 0.00  0.0    0 11.7 23 210   M    M   0        31 200
17 105  84  95   2   0  30 0.00  0.0    0 15.9 26 210   M    M   2 3      39 200
18  93  77  85  -8   0  20    T  0.0    0 16.6 38 220   M    M   7 8      52 210
19  95  74  85  -8   0  20    T  0.0    0  6.8 24 190   M    M   6 3      34 190
20  89  75  82 -11   0  17 0.01  0.0    0  6.3 21 320   M    M   8        28 330
21  98  76  87  -6   0  22 0.00  0.0    0  5.4 18 170   M    M   3        26 170
22 101  80  91  -2   0  26 0.00  0.0    0  8.2 21 180   M    M   2        30 180
23 101  77  89  -4   0  24 0.00  0.0    0  9.9 21 180   M    M   0        29 210
24 101  80  91  -2   0  26 0.00  0.0    0 10.4 20 230   M    M   0        28 210
25 103  79  91  -2   0  26 0.00  0.0    0  8.0 17 230   M    M   0        22 240
26 104  79  92  -1   0  27 0.00  0.0    0 10.2 21 220   M    M   0        29 200
27 103  81  92  -1   0  27 0.00  0.0    0  7.6 17 190   M    M   0        26 180
28 103  79  91  -2   0  26 0.00  0.0    0  4.7 14  70   M    M   0        17 100
29 104  80  92  -1   0  27 0.00  0.0    0  7.8 16 220   M    M   5        22 190
30 106  87  97   4   0  32 0.00  0.0    0  6.9 22 170   M    M   8        32 180
31 105  88  97   4   0  32 0.00  0.0    0  5.7 21 360   M    M   7 3      27 360
================================================================================
SM 3136 2481         0 802  0.19     0.0 309.5          M      115
================================================================================
AV101.2 80.0                              10.0 FASTST   M    M   4    MAX(MPH)
                                 MISC ---->  # 38 320               # 52  210
================================================================================
NOTES:
# LAST OF SEVERAL OCCURRENCES

COLUMN 17 PEAK WIND IN M.P.H.

PRELIMINARY LOCAL CLIMATOLOGICAL DATA (WS FORM: F-6) , PAGE 2

                                          STATION:  LAS VEGAS NV
                                          MONTH:    JULY
                                          YEAR:     2015
                                          LATITUDE:   36  4 N
                                          LONGITUDE: 115 10 W

[TEMPERATURE DATA]      [PRECIPITATION DATA]       SYMBOLS USED IN COLUMN 16

AVERAGE MONTHLY: 90.6   TOTAL FOR MONTH:   0.19    1 = FOG OR MIST
DPTR FM NORMAL:  -1.9   DPTR FM NORMAL:   -0.21    2 = FOG REDUCING VISIBILITY
HIGHEST:   109 ON  3    GRTST 24HR  0.13 ON  2- 2      TO 1/4 MILE OR LESS
LOWEST:     74 ON 19,10                            3 = THUNDER
                        SNOW, ICE PELLETS, HAIL    4 = ICE PELLETS
                        TOTAL MONTH:   0.0 INCH    5 = HAIL
                        GRTST 24HR     0.0         6 = FREEZING RAIN OR DRIZZLE
                        GRTST DEPTH:   0           7 = DUSTSTORM OR SANDSTORM:
                                                       VSBY 1/2 MILE OR LESS
                                                   8 = SMOKE OR HAZE
[NO. OF DAYS WITH]      [WEATHER - DAYS WITH]      9 = BLOWING SNOW
                                                   X = TORNADO
MAX 32 OR BELOW:   0    0.01 INCH OR MORE:   3
MAX 90 OR ABOVE:  30    0.10 INCH OR MORE:   1
MIN 32 OR BELOW:   0    0.50 INCH OR MORE:   0
MIN  0 OR BELOW:   0    1.00 INCH OR MORE:   0

[HDD (BASE 65) ]
TOTAL THIS MO.     0    CLEAR  (SCALE 0-3)  15
DPTR FM NORMAL     0    PTCLDY (SCALE 4-7)  16
TOTAL FM JUL 1     0    CLOUDY (SCALE 8-10)  0
DPTR FM NORMAL     0

[CDD (BASE 65) ]
TOTAL THIS MO.   802
DPTR FM NORMAL   -52    [PRESSURE DATA]
TOTAL FM JAN 1  2219    HIGHEST SLP 30.10 ON 19
DPTR FM NORMAL   165    LOWEST  SLP 29.49 ON  8

[REMARKS]
#FINAL-07-15#
