000
CXUS54 KOUN 210700
CF6LAW
PRELIMINARY LOCAL CLIMATOLOGICAL DATA (WS FORM: F-6)

                                          STATION:   LAWTON MUNICIPAL
                                          MONTH:     FEBRUARY
                                          YEAR:      2017
                                          LATITUDE:   34 34 N
                                          LONGITUDE:  98 25 W

  TEMPERATURE IN F:       :PCPN:    SNOW:  WIND      :SUNSHINE: SKY     :PK WND
================================================================================
1   2   3   4   5  6A  6B    7    8   9   10  11  12  13   14  15   16   17  18
                                     12Z  AVG MX 2MIN
DY MAX MIN AVG DEP HDD CDD  WTR  SNW DPTH SPD SPD DIR MIN PSBL S-S WX    SPD DR
================================================================================

 1  60  33  47   5  18   0 0.00  0.0    0 16.6 28  10   M    M   0        35  20
 2  41  29  35  -8  30   0 0.00  0.0    0 17.6 31  10   M    M   5        44  20
 3  49  28  39  -4  26   0 0.00  0.0    0 10.7 21  40   M    M   3        25  50
 4  59  34  47   4  18   0 0.00  0.0    0 10.6 23 190   M    M   6 1      31 190
 5  70  30  50   7  15   0 0.00  0.0    0  6.1 15 180   M    M   5 128    18 170
 6  80  40  60  17   5   0 0.00  0.0    0  9.3 23 200   M    M   4 128    33 190
 7  75  40  58  14   7   0 0.00  0.0    0  5.6 13 170   M    M   0 8      16 170
 8  53  32  43  -1  22   0 0.00  0.0    0 14.5 32 360   M    M   0        40 360
 9  57  26  42  -2  23   0 0.00  0.0    0  7.8 17 170   M    M   0        22 170
10  82  31  57  13   8   0 0.00  0.0    0 10.8 23 190   M    M   0        30 200
11  91  47  69  25   0   4 0.00  0.0    0  6.9 15 180   M    M   0        22 190
12  64  47  56  12   9   0 0.00  0.0    0 22.8 37  30   M    M   0        48  20
13  55  41  48   3  17   0 1.09  0.0    0 11.9 20  40   M    M  10 18     24  20
14  42  36  39  -6  26   0 0.33  0.0    0 12.0 24 350   M    M   9 1      31 360
15  57  31  44  -1  21   0 0.00  0.0    0  6.9 21  20   M    M   0        24  10
16  68  30  49   4  16   0 0.00  0.0    0  6.3 17 200   M    M   0        24 200
17  72  33  53   7  12   0 0.00  0.0    0  8.1 18 170   M    M   0        23 140
18  73  47  60  14   5   0 0.00  0.0    0  6.8 15 110   M    M   4 18     20 100
19  76  49  63  17   2   0 1.34    M    0  9.6 33 180   M    M   6 138    45 170
20  69  50  60  14   5   0 0.09  0.0    0  6.6 16 140   M    M   2 1      20 160
================================================================================
SM 1293  734       285   4  2.85     0.0 207.5          M       54
================================================================================
AV 64.7 36.7                              10.4 FASTST   M    M   3    MAX(MPH)
                                 MISC ---->  # 37  30               # 48   20
================================================================================
NOTES:
# LAST OF SEVERAL OCCURRENCES

COLUMN 17 PEAK WIND IN M.P.H.

PRELIMINARY LOCAL CLIMATOLOGICAL DATA (WS FORM: F-6) , PAGE 2

                                          STATION:  LAWTON MUNICIPAL
                                          MONTH:    FEBRUARY
                                          YEAR:     2017
                                          LATITUDE:   34 34 N
                                          LONGITUDE:  98 25 W

[TEMPERATURE DATA]      [PRECIPITATION DATA]       SYMBOLS USED IN COLUMN 16

AVERAGE MONTHLY: 50.7   TOTAL FOR MONTH:   2.85    1 = FOG OR MIST
DPTR FM NORMAL:   6.4   DPTR FM NORMAL:    1.84    2 = FOG REDUCING VISIBILITY
HIGHEST:    91 ON 11    GRTST 24HR  1.43 ON 19-20      TO 1/4 MILE OR LESS
LOWEST:     26 ON  9                               3 = THUNDER
                        SNOW, ICE PELLETS, HAIL    4 = ICE PELLETS
                        TOTAL MONTH:   0.0 INCH    5 = HAIL
                        GRTST 24HR     0.0         6 = FREEZING RAIN OR DRIZZLE
                        GRTST DEPTH:   0           7 = DUSTSTORM OR SANDSTORM:
                                                       VSBY 1/2 MILE OR LESS
                                                   8 = SMOKE OR HAZE
[NO. OF DAYS WITH]      [WEATHER - DAYS WITH]      9 = BLOWING SNOW
                                                   X = TORNADO
MAX 32 OR BELOW:   0    0.01 INCH OR MORE:   4
MAX 90 OR ABOVE:   1    0.10 INCH OR MORE:   3
MIN 32 OR BELOW:   8    0.50 INCH OR MORE:   2
MIN  0 OR BELOW:   0    1.00 INCH OR MORE:   2

[HDD (BASE 65) ]
TOTAL THIS MO.   285    CLEAR  (SCALE 0-3)  12
DPTR FM NORMAL  -131    PTCLDY (SCALE 4-7)   6
TOTAL FM JUL 1  2017    CLOUDY (SCALE 8-10)  2
DPTR FM NORMAL  -460

[CDD (BASE 65) ]
TOTAL THIS MO.     4
DPTR FM NORMAL     4    [PRESSURE DATA]
TOTAL FM JAN 1     4    HIGHEST SLP M ON M
DPTR FM NORMAL     4    LOWEST  SLP 29.51 ON  7

[REMARKS]
