350
CXUS55 KLBF 231200
CF6LBF
PRELIMINARY LOCAL CLIMATOLOGICAL DATA (WS FORM: F-6)

                                          STATION:   NORTH PLATTE
                                          MONTH:     FEBRUARY
                                          YEAR:      2018
                                          LATITUDE:   41  7 N
                                          LONGITUDE: 100 41 W

  TEMPERATURE IN F:       :PCPN:    SNOW:  WIND      :SUNSHINE: SKY     :PK WND
================================================================================
1   2   3   4   5  6A  6B    7    8   9   10  11  12  13   14  15   16   17  18
                                     12Z  AVG MX 2MIN
DY MAX MIN AVG DEP HDD CDD  WTR  SNW DPTH SPD SPD DIR MIN PSBL S-S WX    SPD DR
================================================================================

 1  33  17  25  -1  40   0 0.00  0.0    3  5.9 16  40   M    M  10        19  40
 2  40  22  31   5  34   0 0.00  0.0    3  5.8 12 210   M    M   6        15 190
 3  53  20  37  11  28   0    T    T    2  7.7 29  20   M    M   4        35  20
 4  20   3  12 -14  53   0 0.28  4.5    4 11.4 23  10   M    M   6 8      28 360
 5  29   1  15 -12  50   0 0.04    T    5  9.7 30 360   M    M   5 6      37 340
 6  18   7  13 -14  52   0    T    T    4  8.2 18 180   M    M   7        21 180
 7  26  11  19  -8  46   0 0.00  0.0    3  7.4 20 210   M    M   8        24 210
 8  36  12  24  -3  41   0 0.00  0.0    3  5.8 18  40   M    M   1 18     24  40
 9  25   5  15 -12  50   0 0.14  2.9    2 12.4 28  30   M    M  10 18     33  20
10  11  -7   2 -26  63   0 0.01  0.1    5  3.9 12 350   M    M   5 8      15 360
11  30  -5  13 -15  52   0 0.00  0.0    5  5.9 13  50   M    M   0 18     16  40
12  18   8  13 -15  52   0 0.00  0.0    4 18.1 29 110   M    M   2 8      33 110
13  36   8  22  -6  43   0 0.00  0.0    4  5.9 14 120   M    M   0 1      18 120
14  52  16  34   5  31   0 0.00  0.0    3  2.9 10 360   M    M   1 18     16 360
15  42  17  30   1  35   0    T    T    2 10.1 29 360   M    M   6        39 360
16  36   9  23  -6  42   0    T    T    1  9.9 22 200   M    M   1        27 190
17  50  20  35   6  30   0 0.00  0.0    1  9.0 23 310   M    M   0        32 180
18  56  19  38   8  27   0    T    T    0 16.7 33  20   M    M   2        43  10
19  20   7  14 -16  51   0 0.10  1.2    T 14.7 28 360   M    M  10 128    35 360
20  15  -8   4 -26  61   0 0.06  1.2    2 11.1 22 320   M    M   3        25 320
21  24  -9   8 -23  57   0 0.01    T    2  5.2 12 100   M    M   4 1      15 190
22  24   9  17 -14  48   0 0.06  0.9    2  5.8 14 120   M    M   9 128    19 130
================================================================================
SM  694  182       986   0  0.70    10.8 193.5          M      100
================================================================================
AV 31.6  8.3                               8.8 FASTST   M    M   5    MAX(MPH)
                                 MISC ---->  # 33  20               # 43   10
================================================================================
NOTES:
# LAST OF SEVERAL OCCURRENCES

COLUMN 17 PEAK WIND IN M.P.H.

PRELIMINARY LOCAL CLIMATOLOGICAL DATA (WS FORM: F-6) , PAGE 2

                                          STATION:  NORTH PLATTE
                                          MONTH:    FEBRUARY
                                          YEAR:     2018
                                          LATITUDE:   41  7 N
                                          LONGITUDE: 100 41 W

[TEMPERATURE DATA]      [PRECIPITATION DATA]       SYMBOLS USED IN COLUMN 16

AVERAGE MONTHLY: 19.9   TOTAL FOR MONTH:   0.70    1 = FOG OR MIST
DPTR FM NORMAL:  -8.2   DPTR FM NORMAL:    0.35    2 = FOG REDUCING VISIBILITY
HIGHEST:    56 ON 18    GRTST 24HR  0.28 ON  4- 4      TO 1/4 MILE OR LESS
LOWEST:     -9 ON 21                               3 = THUNDER
                        SNOW, ICE PELLETS, HAIL    4 = ICE PELLETS
                        TOTAL MONTH:  10.8 INCHES  5 = HAIL
                        GRTST 24HR   4.5 ON  4- 4  6 = FREEZING RAIN OR DRIZZLE
                        GRTST DEPTH:   5 ON 11,10  7 = DUSTSTORM OR SANDSTORM:
                                                       VSBY 1/2 MILE OR LESS
                                                   8 = SMOKE OR HAZE
[NO. OF DAYS WITH]      [WEATHER - DAYS WITH]      9 = BLOWING SNOW
                                                   X = TORNADO
MAX 32 OR BELOW:  12    0.01 INCH OR MORE:   8
MAX 90 OR ABOVE:   0    0.10 INCH OR MORE:   3
MIN 32 OR BELOW:  22    0.50 INCH OR MORE:   0
MIN  0 OR BELOW:   4    1.00 INCH OR MORE:   0

[HDD (BASE 65) ]
TOTAL THIS MO.   986    CLEAR  (SCALE 0-3)   9
DPTR FM NORMAL   176    PTCLDY (SCALE 4-7)   9
TOTAL FM JUL 1  4798    CLOUDY (SCALE 8-10)  4
DPTR FM NORMAL   -32

[CDD (BASE 65) ]
TOTAL THIS MO.     0
DPTR FM NORMAL     0    [PRESSURE DATA]
TOTAL FM JAN 1     0    HIGHEST SLP M ON M
DPTR FM NORMAL     0    LOWEST  SLP 29.45 ON 18

[REMARKS]
