000
CXUS55 KLBF 280945
CF6LBF
PRELIMINARY LOCAL CLIMATOLOGICAL DATA (WS FORM: F-6)

                                          STATION:   NORTH PLATTE NE
                                          MONTH:     JULY
                                          YEAR:      2015
                                          LATITUDE:   41  7 N
                                          LONGITUDE: 100 41 W

  TEMPERATURE IN F:       :PCPN:    SNOW:  WIND      :SUNSHINE: SKY     :PK WND
================================================================================
1   2   3   4   5  6A  6B    7    8   9   10  11  12  13   14  15   16   17  18
                                     12Z  AVG MX 2MIN
DY MAX MIN AVG DEP HDD CDD  WTR  SNW DPTH SPD SPD DIR MIN PSBL S-S WX    SPD DR
================================================================================

 1  95  61  78   5   0  13 0.00  0.0    0  9.5 18  20   M    M   1 13     28  20
 2  86  61  74   1   0   9 0.12  0.0    0  9.0 25 340   M    M   4 3      36 340
 3  85  56  71  -2   0   6 0.00  0.0    0  3.6  9 160   M    M   1        14 120
 4  91  61  76   3   0  11 0.00  0.0    0 10.1 20 160   M    M   0        26 170
 5  97  70  84  10   0  19 0.02  0.0    0 10.9 26 250   M    M   0 3      39 250
 6  77  57  67  -7   0   2 0.04  0.0    0 13.8 31  20   M    M   5 8      40  20
 7  77  49  63 -11   2   0 0.00  0.0    0  5.4 15 130   M    M   3 1      19 120
 8  64  58  61 -13   4   0 0.15  0.0    0  5.3 12 340   M    M  10        14 340
 9  80  59  70  -4   0   5 0.01  0.0    0  3.5 10 160   M    M   7 1      15 160
10  87  62  75   1   0  10 0.00  0.0    0  9.6 18 110   M    M   3        24 130
11  93  62  78   4   0  13    T  0.0    0  5.3 13 120   M    M   0 8      15 120
12  98  62  80   6   0  15 0.00  0.0    0  6.9 21 290   M    M   1 12     26 300
13  97  61  79   5   0  14 0.00  0.0    0  5.6 15  10   M    M   0        17  10
14  98  64  81   6   0  16    T  0.0    0  6.0 26  50   M    M   1 13     37  50
15  84  65  75   0   0  10 1.80  0.0    0  6.1 28 120   M    M   4 13     39 130
16  89  64  77   2   0  12 0.00  0.0    0  6.9 17 290   M    M   1        23 300
17  98  60  79   4   0  14 0.03  0.0    0  7.2 31  40   M    M   2 3      38  40
18  89  59  74  -1   0   9 0.08  0.0    0  8.6 28 330   M    M   1 3      39 320
19  87  62  75   0   0  10    T  0.0    0  5.0 16 120   M    M   1        19 120
20  85  61  73  -2   0   8 0.00  0.0    0  6.1 10  30   M    M   0        22  60
21  84  55  70  -5   0   5 0.00  0.0    0  7.2 16 200   M    M   0        21 170
22  83  63  73  -2   0   8 0.11  0.0    0  9.8 17 120   M    M   6        22 120
23  89  63  76   1   0  11 0.00  0.0    0  8.8 20 250   M    M   0 13     27 200
24  89  64  77   2   0  12    T  0.0    0  7.2 21 170   M    M   0 3      26 190
25  89  65  77   2   0  12 0.00  0.0    0  6.0 15 160   M    M   0        19 160
26  93  64  79   4   0  14 0.19  0.0    0  6.5 37 300   M    M   3 12     49 300
27  91  62  77   2   0  12 0.00  0.0    0  9.9 24 170   M    M   0        33 160
================================================================================
SM 2375 1650         6 270  2.55     0.0 199.8          M       54
================================================================================
AV 88.0 61.1                               7.4 FASTST   M    M   2    MAX(MPH)
                                 MISC ---->  # 37 300               # 49  300
================================================================================
NOTES:
# LAST OF SEVERAL OCCURRENCES

COLUMN 17 PEAK WIND IN M.P.H.

PRELIMINARY LOCAL CLIMATOLOGICAL DATA (WS FORM: F-6) , PAGE 2

                                          STATION:  NORTH PLATTE NE
                                          MONTH:    JULY
                                          YEAR:     2015
                                          LATITUDE:   41  7 N
                                          LONGITUDE: 100 41 W

[TEMPERATURE DATA]      [PRECIPITATION DATA]       SYMBOLS USED IN COLUMN 16

AVERAGE MONTHLY: 74.5   TOTAL FOR MONTH:   2.55    1 = FOG OR MIST
DPTR FM NORMAL:   0.2   DPTR FM NORMAL:   -0.11    2 = FOG REDUCING VISIBILITY
HIGHEST:    98 ON 17,14 GRTST 24HR  1.80 ON 15-15      TO 1/4 MILE OR LESS
LOWEST:     49 ON  7                               3 = THUNDER
                        SNOW, ICE PELLETS, HAIL    4 = ICE PELLETS
                        TOTAL MONTH:   0.0 INCH    5 = HAIL
                        GRTST 24HR     0.0         6 = FREEZING RAIN OR DRIZZLE
                        GRTST DEPTH:   0           7 = DUSTSTORM OR SANDSTORM:
                                                       VSBY 1/2 MILE OR LESS
                                                   8 = SMOKE OR HAZE
[NO. OF DAYS WITH]      [WEATHER - DAYS WITH]      9 = BLOWING SNOW
                                                   X = TORNADO
MAX 32 OR BELOW:   0    0.01 INCH OR MORE:  10
MAX 90 OR ABOVE:  10    0.10 INCH OR MORE:   5
MIN 32 OR BELOW:   0    0.50 INCH OR MORE:   1
MIN  0 OR BELOW:   0    1.00 INCH OR MORE:   1

[HDD (BASE 65) ]
TOTAL THIS MO.     6    CLEAR  (SCALE 0-3)  20
DPTR FM NORMAL     6    PTCLDY (SCALE 4-7)   6
TOTAL FM JUL 1     6    CLOUDY (SCALE 8-10)  1
DPTR FM NORMAL     6

[CDD (BASE 65) ]
TOTAL THIS MO.   270
DPTR FM NORMAL    14    [PRESSURE DATA]
TOTAL FM JAN 1   450    HIGHEST SLP M ON M
DPTR FM NORMAL    28    LOWEST  SLP 29.59 ON M

[REMARKS]
