000
CXUS52 KILM 301000
CF6LBT
PRELIMINARY LOCAL CLIMATOLOGICAL DATA (WS FORM: F-6)

                                          STATION:   LUMBERTON NORTH CAROLINA
                                          MONTH:     JULY
                                          YEAR:      2016
                                          LATITUDE:   34 35 N
                                          LONGITUDE:  79  4 W

  TEMPERATURE IN F:       :PCPN:    SNOW:  WIND      :SUNSHINE: SKY     :PK WND
================================================================================
1   2   3   4   5  6A  6B    7    8   9   10  11  12  13   14  15   16   17  18
                                     12Z  AVG MX 2MIN
DY MAX MIN AVG DEP HDD CDD  WTR  SNW DPTH SPD SPD DIR MIN PSBL S-S WX    SPD DR
================================================================================

 1  92  73  83   2   0  18    T    M    M  6.9 15 240   M    M   3 1      21 240
 2  91  73  82   1   0  17 3.74    M    M  5.0 32 330   M    M   4 13     40 330
 3  93  75  84   3   0  19 0.11    M    M  5.5 16 330   M    M   4 13     24 320
 4  93  74  84   3   0  19 0.43    M    M  4.7 30 290   M    M   5 13     36 300
 5  94  75  85   4   0  20 0.14    M    M 10.4 32 290   M    M   0 13     41 300
 6  93  73  83   2   0  18 0.03    M    M  9.8 33 240   M    M   2 3      42 240
 7  95  72  84   3   0  19 0.00    M    M  9.8 28 230   M    M   1 3      38 230
 8  94  71  83   2   0  18 0.03    M    M  9.1 32 320   M    M   1 13     41 340
 9  92  72  82   1   0  17 0.01    M    M  6.7 15 250   M    M   1 3      20 240
10  92  73  83   2   0  18 0.00    M    M  3.2 18 190   M    M   0 1      24 190
11  91  71  81   0   0  16 1.00    M    M  3.4 39 240   M    M   2 13     53 240
12  91  71  81   0   0  16 0.00    M    M  3.6 13 260   M    M   5        16 250
13  93  75  84   3   0  19 0.00    M    M  3.0 12 230   M    M   2 12     14 230
14  95  76  86   5   0  21 0.00    M    M  6.6 17 250   M    M   0        22 250
15  95  73  84   3   0  19 0.27    M    M  7.2 35 290   M    M   1 13     43 300
16  87  71  79  -2   0  14 0.46    M    M  4.3 23 320   M    M   3 13     33 330
17  90  70  80  -1   0  15 0.00    M    M  4.3 17 210   M    M   2 3      26 200
18  92  71  82   1   0  17 0.00    M    M  5.0 12 190   M    M   1        15 160
19  92  68  80  -1   0  15 0.83    M    M  7.0 32  70   M    M   2 13     46  90
20  89  70  80  -1   0  15 0.07    M    M  3.2 20 250   M    M   2 1      24 250
21  92  72  82   1   0  17 0.00    M    M  2.3 10 150   M    M   1 1      14 150
22  91  71  81   0   0  16 0.39    M    M  4.0 22 220   M    M   0 138    27 220
23  94  74  84   3   0  19    T    M    M  4.9 16 150   M    M   2 38     22 200
24  95  74  85   4   0  20 0.00    M    M  3.3 12 160   M    M   0 1      14 170
25  94  76  85   4   0  20 0.00    M    M  5.7 13 190   M    M   1 1      18 190
26  96  75  86   5   0  21 0.00    M    M  6.6 13 200   M    M   1        17 240
27  97  77  87   6   0  22 0.00    M    M  7.0 14 240   M    M   0        20 240
28  96  77  87   6   0  22 0.00    M    M  8.6 17 220   M    M   0        23 210
29  94  77  86   5   0  21 0.00    M    M  6.9 16 230   M    M   2        20 230
================================================================================
SM 2693 2120         0 528  7.51    M    168.0          M       48
================================================================================
AV 92.9 73.1                               5.8 FASTST   M    M   2    MAX(MPH)
                                 MISC ---->  # 39 240               # 53  240
================================================================================
NOTES:
# LAST OF SEVERAL OCCURRENCES

COLUMN 17 PEAK WIND IN M.P.H.

PRELIMINARY LOCAL CLIMATOLOGICAL DATA (WS FORM: F-6) , PAGE 2

                                          STATION:  LUMBERTON NORTH CAROLINA
                                          MONTH:    JULY
                                          YEAR:     2016
                                          LATITUDE:   34 35 N
                                          LONGITUDE:  79  4 W

[TEMPERATURE DATA]      [PRECIPITATION DATA]       SYMBOLS USED IN COLUMN 16

AVERAGE MONTHLY: 83.0   TOTAL FOR MONTH:   7.51    1 = FOG OR MIST
DPTR FM NORMAL:   2.0   DPTR FM NORMAL:    2.43    2 = FOG REDUCING VISIBILITY
HIGHEST:    97 ON 27    GRTST 24HR  3.85 ON  2- 3      TO 1/4 MILE OR LESS
LOWEST:     68 ON 19                               3 = THUNDER
                        SNOW, ICE PELLETS, HAIL    4 = ICE PELLETS
                        TOTAL MONTH:    M          5 = HAIL
                        GRTST 24HR    M  ON   M    6 = FREEZING RAIN OR DRIZZLE
                        GRTST DEPTH:  M  ON   M    7 = DUSTSTORM OR SANDSTORM:
                                                       VSBY 1/2 MILE OR LESS
                                                   8 = SMOKE OR HAZE
[NO. OF DAYS WITH]      [WEATHER - DAYS WITH]      9 = BLOWING SNOW
                                                   X = TORNADO
MAX 32 OR BELOW:   0    0.01 INCH OR MORE:  13
MAX 90 OR ABOVE:  27    0.10 INCH OR MORE:   9
MIN 32 OR BELOW:   0    0.50 INCH OR MORE:   3
MIN  0 OR BELOW:   0    1.00 INCH OR MORE:   2

[HDD (BASE 65) ]
TOTAL THIS MO.     0    CLEAR  (SCALE 0-3)  24
DPTR FM NORMAL     0    PTCLDY (SCALE 4-7)   5
TOTAL FM JUL 1     0    CLOUDY (SCALE 8-10)  0
DPTR FM NORMAL     0

[CDD (BASE 65) ]
TOTAL THIS MO.   528
DPTR FM NORMAL    64    [PRESSURE DATA]
TOTAL FM JAN 1  1322    HIGHEST SLP M ON M
DPTR FM NORMAL   220    LOWEST  SLP 29.87 ON M

[REMARKS]
