000
CXUS54 KHGX 261415
CF6LBX
PRELIMINARY LOCAL CLIMATOLOGICAL DATA (WS FORM: F-6)

                                          STATION:   ANGLETON/LAKE_JACKS
                                          MONTH:     JUNE
                                          YEAR:      2017
                                          LATITUDE:   29  6 N
                                          LONGITUDE:  95 28 W

  TEMPERATURE IN F:       :PCPN:    SNOW:  WIND      :SUNSHINE: SKY     :PK WND
================================================================================
1   2   3   4   5  6A  6B    7    8   9   10  11  12  13   14  15   16   17  18
                                     12Z  AVG MX 2MIN
DY MAX MIN AVG DEP HDD CDD  WTR  SNW DPTH SPD SPD DIR MIN PSBL S-S WX    SPD DR
================================================================================

 1  87  75  81   2   0  16 0.04  0.0    0  6.1 17 100   M    M   5 1      22 100
 2  88  74  81   2   0  16 0.31  0.0    0  4.0 14  10   M    M   6 123    18 130
 3  91  74  83   4   0  18 0.03  0.0    0  3.8 14 170   M    M   4 1      17 170
 4  89  72  81   1   0  16 0.95  0.0    0  4.2 22 340   M    M   2 13     35 340
 5  87  72  80   0   0  15 0.23  0.0    0  4.2 17 170   M    M   4 13     23 210
 6  90  73  82   2   0  17 0.00  0.0    0  6.3 13 330   M    M   3 1      22 340
 7  94  72  83   3   0  18 0.00  0.0    0  6.5 18 360   M    M   2        26 360
 8  92  70  81   1   0  16 0.00  0.0    0  4.4 13 150   M    M   3        15 160
 9  87  67  77  -3   0  12 0.00  0.0    0  4.6 14 140   M    M   2 1      18 140
10  89  69  79  -2   0  14 0.00  0.0    0  8.2 17 150   M    M   2        24 160
11  91  72  82   1   0  17 0.00  0.0    0  6.4 15 130   M    M   2        19 130
12  91  76  84   3   0  19    T  0.0    0  8.1 18 130   M    M   3 1      23 140
13  90  78  84   3   0  19 0.05  0.0    0 12.2 23 160   M    M   8 1      30 160
14  91  79  85   4   0  20 0.00  0.0    0  9.9 18 180   M    M   2        24 180
15  92  75  84   3   0  19 0.00  0.0    0  9.1 18 170   M    M   2 1      23 170
16  91  75  83   1   0  18 0.00  0.0    0 10.1 20 190   M    M   2 18     24 180
17  91  77  84   2   0  19 0.00  0.0    0 12.6 22 190   M    M   3        30 180
18  92  78  85   3   0  20 0.00  0.0    0 11.3 21 180   M    M   3        27 180
19  95  76  86   4   0  21 0.00  0.0    0  3.2 15 140   M    M   2 3      18 130
20  95  75  85   3   0  20 0.00  0.0    0  9.2 18  50   M    M   2        24 360
21  86  76  81  -1   0  16    T  0.0    0 13.0 23 350   M    M   5        30  10
22  91  76  84   2   0  19 0.46  0.0    0  9.8 22 190   M    M   6 1      27 170
23  92  80  86   4   0  21 0.00  0.0    0 11.3 22 190   M    M   3 18     27 180
24  89  78  84   2   0  19 0.22  0.0    0  6.7 17 170   M    M   6 138    21 340
25  89  75  82   0   0  17 0.22  0.0    0  5.7 17 130   M    M   3 13     22 130
================================================================================
SM 2260 1864         0 442  2.51     0.0 190.9          M       85
================================================================================
AV 90.4 74.6                               7.6 FASTST   M    M   3    MAX(MPH)
                                 MISC ---->  # 23 160               # 35  340
================================================================================
NOTES:
# LAST OF SEVERAL OCCURRENCES

COLUMN 17 PEAK WIND IN M.P.H.

PRELIMINARY LOCAL CLIMATOLOGICAL DATA (WS FORM: F-6) , PAGE 2

                                          STATION:  ANGLETON/LAKE_JACKS
                                          MONTH:    JUNE
                                          YEAR:     2017
                                          LATITUDE:   29  6 N
                                          LONGITUDE:  95 28 W

[TEMPERATURE DATA]      [PRECIPITATION DATA]       SYMBOLS USED IN COLUMN 16

AVERAGE MONTHLY: 82.5   TOTAL FOR MONTH:   2.51    1 = FOG OR MIST
DPTR FM NORMAL:   1.6   DPTR FM NORMAL:   -2.10    2 = FOG REDUCING VISIBILITY
HIGHEST:    95 ON 20,19 GRTST 24HR  0.95 ON  4- 4      TO 1/4 MILE OR LESS
LOWEST:     67 ON  9                               3 = THUNDER
                        SNOW, ICE PELLETS, HAIL    4 = ICE PELLETS
                        TOTAL MONTH:   0.0 INCH    5 = HAIL
                        GRTST 24HR     0.0         6 = FREEZING RAIN OR DRIZZLE
                        GRTST DEPTH:   0           7 = DUSTSTORM OR SANDSTORM:
                                                       VSBY 1/2 MILE OR LESS
                                                   8 = SMOKE OR HAZE
[NO. OF DAYS WITH]      [WEATHER - DAYS WITH]      9 = BLOWING SNOW
                                                   X = TORNADO
MAX 32 OR BELOW:   0    0.01 INCH OR MORE:   9
MAX 90 OR ABOVE:  16    0.10 INCH OR MORE:   6
MIN 32 OR BELOW:   0    0.50 INCH OR MORE:   1
MIN  0 OR BELOW:   0    1.00 INCH OR MORE:   0

[HDD (BASE 65) ]
TOTAL THIS MO.     0    CLEAR  (SCALE 0-3)  16
DPTR FM NORMAL     0    PTCLDY (SCALE 4-7)   9
TOTAL FM JUL 1   542    CLOUDY (SCALE 8-10)  0
DPTR FM NORMAL  -772

[CDD (BASE 65) ]
TOTAL THIS MO.   442
DPTR FM NORMAL    44    [PRESSURE DATA]
TOTAL FM JAN 1  1415    HIGHEST SLP M ON M
DPTR FM NORMAL   449    LOWEST  SLP 29.57 ON 22

[REMARKS]
