000
CXUS54 KHGX 011415
CF6LBX
PRELIMINARY LOCAL CLIMATOLOGICAL DATA (WS FORM: F-6)

                                          STATION:   ANGLETON/LAKE_JACKS
                                          MONTH:     AUGUST
                                          YEAR:      2015
                                          LATITUDE:   29  6 N
                                          LONGITUDE:  95 28 W

  TEMPERATURE IN F:       :PCPN:    SNOW:  WIND      :SUNSHINE: SKY     :PK WND
================================================================================
1   2   3   4   5  6A  6B    7    8   9   10  11  12  13   14  15   16   17  18
                                     12Z  AVG MX 2MIN
DY MAX MIN AVG DEP HDD CDD  WTR  SNW DPTH SPD SPD DIR MIN PSBL S-S WX    SPD DR
================================================================================

 1  98  74  86   3   0  21 0.00  0.0    0  4.9 15  60   M    M   0 1      20  60
 2  98  72  85   2   0  20 0.00  0.0    0  5.0 17 150   M    M   0        22 160
 3  96  73  85   2   0  20 0.00  0.0    0  5.0 18 180   M    M   1 13     22 180
 4  96  76  86   3   0  21 0.00  0.0    0  7.0 18 180   M    M   1        23 180
 5  96  77  87   4   0  22 0.00  0.0    0  9.1 20 180   M    M   1        29 160
 6  97  76  87   4   0  22 0.00  0.0    0  9.0 21 170   M    M   1        27 180
 7  96  76  86   3   0  21 0.00  0.0    0  7.6 20 170   M    M   2        25 180
 8  97  77  87   4   0  22 0.00  0.0    0  7.8 17 180   M    M   2        22 170
 9  98  75  87   4   0  22 0.00  0.0    0  6.5 18 170   M    M   0        23 160
10 102  75  89   6   0  24 0.00  0.0    0  4.6 16 140   M    M   1 1      22 150
11 102  75  89   6   0  24    T  0.0    0  5.0 28  10   M    M   0 13     36 360
12 101  77  89   6   0  24 0.00  0.0    0  5.8 15 160   M    M   1        19 160
13 100  81  91   8   0  26 0.00  0.0    0  5.2 17 160   M    M   4        21 160
14  96  74  85   2   0  20 0.00  0.0    0  2.8 15 150   M    M   4 1      21 140
15  99  73  86   3   0  21 0.00  0.0    0  5.6 18  50   M    M   1 13     25  80
16  95  75  85   2   0  20 0.00  0.0    0  6.1 20 140   M    M   2 13     24 140
17  95  73  84   1   0  19 0.00  0.0    0  6.0 17 160   M    M   2        22 160
18  96  76  86   3   0  21 0.00  0.0    0 10.2 24 170   M    M   2        31 170
19  96  80  88   5   0  23    T  0.0    0 10.2 29 160   M    M   2 3      36 160
20  83  72  78  -5   0  13 4.21  0.0    0  4.4 20 130   M    M   5 13     24 130
21  91  75  83   0   0  18 0.13  0.0    0  4.9 16 140   M    M   2 13     20 140
22  92  77  85   2   0  20 0.09  0.0    0  8.0 20 170   M    M   2 13     23 180
23  93  77  85   2   0  20 0.00  0.0    0  4.4 15 140   M    M   1 13     18 150
24  97  74  86   4   0  21 0.00  0.0    0  2.9 13 170   M    M   1 13     16 160
25  95  73  84   2   0  19 0.27  0.0    0  3.9 24  20   M    M   2 138    33  30
26  90  68  79  -3   0  14 0.00  0.0    0  6.0 14  60   M    M   2 1      21 110
27  91  65  78  -4   0  13 0.00  0.0    0  3.3 13  10   M    M   0        16  10
28  91  68  80  -2   0  15 0.00  0.0    0  2.9 14 150   M    M   1 1      16 150
29  90  65  78  -4   0  13 0.00  0.0    0  2.7 14 150   M    M   2 1      17 160
30  90  69  80  -2   0  15 0.00  0.0    0  3.4 14 140   M    M   2 1      17 160
31  86  70  78  -4   0  13 0.05  0.0    0  3.1 14 200   M    M   1 138    18 210
================================================================================
SM 2943 2288         0 607  4.75     0.0 173.3          M       48
================================================================================
AV 94.9 73.8                               5.6 FASTST   M    M   2    MAX(MPH)
                                 MISC ---->  # 29 160               # 36  360
================================================================================
NOTES:
# LAST OF SEVERAL OCCURRENCES

COLUMN 17 PEAK WIND IN M.P.H.

PRELIMINARY LOCAL CLIMATOLOGICAL DATA (WS FORM: F-6) , PAGE 2

                                          STATION:  ANGLETON/LAKE_JACKS
                                          MONTH:    AUGUST
                                          YEAR:     2015
                                          LATITUDE:   29  6 N
                                          LONGITUDE:  95 28 W

[TEMPERATURE DATA]      [PRECIPITATION DATA]       SYMBOLS USED IN COLUMN 16

AVERAGE MONTHLY: 84.4   TOTAL FOR MONTH:   4.75    1 = FOG OR MIST
DPTR FM NORMAL:   1.8   DPTR FM NORMAL:    1.12    2 = FOG REDUCING VISIBILITY
HIGHEST:   102 ON 11,10 GRTST 24HR  4.21 ON 20-20      TO 1/4 MILE OR LESS
LOWEST:     65 ON 29,27                            3 = THUNDER
                        SNOW, ICE PELLETS, HAIL    4 = ICE PELLETS
                        TOTAL MONTH:   0.0 INCH    5 = HAIL
                        GRTST 24HR     0.0         6 = FREEZING RAIN OR DRIZZLE
                        GRTST DEPTH:   0           7 = DUSTSTORM OR SANDSTORM:
                                                       VSBY 1/2 MILE OR LESS
                                                   8 = SMOKE OR HAZE
[NO. OF DAYS WITH]      [WEATHER - DAYS WITH]      9 = BLOWING SNOW
                                                   X = TORNADO
MAX 32 OR BELOW:   0    0.01 INCH OR MORE:   5
MAX 90 OR ABOVE:  29    0.10 INCH OR MORE:   3
MIN 32 OR BELOW:   0    0.50 INCH OR MORE:   1
MIN  0 OR BELOW:   0    1.00 INCH OR MORE:   1

[HDD (BASE 65) ]
TOTAL THIS MO.     0    CLEAR  (SCALE 0-3)  28
DPTR FM NORMAL     0    PTCLDY (SCALE 4-7)   3
TOTAL FM JUL 1     0    CLOUDY (SCALE 8-10)  0
DPTR FM NORMAL     0

[CDD (BASE 65) ]
TOTAL THIS MO.   607
DPTR FM NORMAL    62    [PRESSURE DATA]
TOTAL FM JAN 1  2292    HIGHEST SLP 30.12 ON 26
DPTR FM NORMAL   157    LOWEST  SLP 29.76 ON 19

[REMARKS]
#FINAL-08-15#
