000
CXUS54 KHGX 291452
CF6LBX
PRELIMINARY LOCAL CLIMATOLOGICAL DATA (WS FORM: F-6)

                                          STATION:   ANGLETON/LAKE_JACKS
                                          MONTH:     JANUARY
                                          YEAR:      2015
                                          LATITUDE:   29  6 N
                                          LONGITUDE:  95 28 W

  TEMPERATURE IN F:       :PCPN:    SNOW:  WIND      :SUNSHINE: SKY     :PK WND
================================================================================
1   2   3   4   5  6A  6B    7    8   9   10  11  12  13   14  15   16   17  18
                                     12Z  AVG MX 2MIN
DY MAX MIN AVG DEP HDD CDD  WTR  SNW DPTH SPD SPD DIR MIN PSBL S-S WX    SPD DR
================================================================================

 1  46  42  44 -10  21   0 0.06    M    0 11.0 20  20   M    M  10 1      25  40
 2  54  45  50  -4  15   0 0.14  0.0    0  6.1 13  30   M    M  10 123    17  30
 3  52  38  45  -9  20   0 0.52  0.0    0  3.3 13 310   M    M   7 13     21 320
 4  55  37  46  -7  19   0 0.00  0.0    0  9.6 23 360   M    M   0 1      27 360
 5  53  30  42 -11  23   0 0.00  0.0    0  7.1 17  50   M    M   0        20  50
 6  65  33  49  -4  16   0 0.00  0.0    0  2.0  9 140   M    M   0 1      11 120
 7  60  39  50  -3  15   0 0.00  0.0    0  8.5 24  20   M    M   6 1      33  20
 8  41  30  36 -17  29   0 0.00  0.0    0  7.2 17  20   M    M   1        24  20
 9  43  36  40 -13  25   0 0.01  0.0    0 11.6 20  20   M    M  10 1      24  40
10  41  37  39 -14  26   0 0.37    M    0 12.3 20  60   M    M  10 1      26  30
11  50  40  45  -8  20   0 0.87    M    0  5.8 15  40   M    M  10 13     20 260
12  48  42  45  -8  20   0 0.00  0.0    0  9.7 20  10   M    M  10 1      25  10
13  45  43  44  -9  21   0    T  0.0    0  9.9 22  30   M    M  10        27  30
14  45  41  43 -10  22   0 0.01  0.0    0  8.8 13  10   M    M  10        16  20
15  53  38  46  -7  19   0 0.05  0.0    0  7.3 17 360   M    M   6        22  20
16  58  30  44  -9  21   0 0.00  0.0    0  1.7 10 140   M    M   0 1      13 140
17  66  35  51  -3  14   0 0.00  0.0    0  3.4 14 210   M    M   2 1      21 220
18  65  36  51  -3  14   0 0.00  0.0    0  4.6 12  90   M    M   0 1      19  90
19  70  33  52  -2  13   0 0.00  0.0    0  3.5 17 180   M    M   1 12     21 170
20  74  45  60   6   5   0 0.00  0.0    0  3.5 15 180   M    M   5 12     17 180
21  63  54  59   5   6   0    T  0.0    0  7.6 17  80   M    M  10 12     25  80
22  63  45  54   0  11   0 3.67    M    0 15.3 32  20   M    M  10 1      39  10
23  45  40  43 -11  22   0 0.01    M    0 10.1 24 360   M    M   8 1      29 340
24  59  35  47  -7  18   0 0.00  0.0    0  4.4 13 210   M    M   0 1      17 210
25  66  37  52  -2  13   0 0.00  0.0    0  5.7 14 310   M    M   0 1      21 260
26  68  39  54   0  11   0 0.00  0.0    0  4.5 10 350   M    M   0        15 340
27  77  45  61   7   4   0 0.00  0.0    0  4.2 12 270   M    M   0        17 270
28  76  44  60   6   5   0 0.00  0.0    0  3.9 18 170   M    M   1 12     21 170
================================================================================
SM 1601 1089       468   0  5.71     0.0 192.6          M      137
================================================================================
AV 57.2 38.9                               6.9 FASTST   M    M   5    MAX(MPH)
                                 MISC ---->  # 32  20               # 39   10
================================================================================
NOTES:
# LAST OF SEVERAL OCCURRENCES

COLUMN 17 PEAK WIND IN M.P.H.

PRELIMINARY LOCAL CLIMATOLOGICAL DATA (WS FORM: F-6) , PAGE 2

                                          STATION:  ANGLETON/LAKE_JACKS
                                          MONTH:    JANUARY
                                          YEAR:     2015
                                          LATITUDE:   29  6 N
                                          LONGITUDE:  95 28 W

[TEMPERATURE DATA]      [PRECIPITATION DATA]       SYMBOLS USED IN COLUMN 16

AVERAGE MONTHLY: 48.0   TOTAL FOR MONTH:   5.71    1 = FOG OR MIST
DPTR FM NORMAL:  -5.5   DPTR FM NORMAL:    1.60    2 = FOG REDUCING VISIBILITY
HIGHEST:    77 ON 27    GRTST 24HR  3.68 ON 22-23      TO 1/4 MILE OR LESS
LOWEST:     30 ON 16, 8                            3 = THUNDER
                        SNOW, ICE PELLETS, HAIL    4 = ICE PELLETS
                        TOTAL MONTH:   0.0 INCH    5 = HAIL
                        GRTST 24HR     0.0         6 = FREEZING RAIN OR DRIZZLE
                        GRTST DEPTH:   0           7 = DUSTSTORM OR SANDSTORM:
                                                       VSBY 1/2 MILE OR LESS
                                                   8 = SMOKE OR HAZE
[NO. OF DAYS WITH]      [WEATHER - DAYS WITH]      9 = BLOWING SNOW
                                                   X = TORNADO
MAX 32 OR BELOW:   0    0.01 INCH OR MORE:  10
MAX 90 OR ABOVE:   0    0.10 INCH OR MORE:   5
MIN 32 OR BELOW:   3    0.50 INCH OR MORE:   3
MIN  0 OR BELOW:   0    1.00 INCH OR MORE:   1

[HDD (BASE 65) ]
TOTAL THIS MO.   468    CLEAR  (SCALE 0-3)  13
DPTR FM NORMAL   137    PTCLDY (SCALE 4-7)   5
TOTAL FM JUL 1   975    CLOUDY (SCALE 8-10) 10
DPTR FM NORMAL   141

[CDD (BASE 65) ]
TOTAL THIS MO.     0
DPTR FM NORMAL    -9    [PRESSURE DATA]
TOTAL FM JAN 1     0    HIGHEST SLP M ON M
DPTR FM NORMAL    -9    LOWEST  SLP 29.88 ON  3

[REMARKS]
