000
CXUS55 KLOX 311155
CF6LGB
PRELIMINARY LOCAL CLIMATOLOGICAL DATA (WS FORM: F-6)

                                          STATION:   LONG BEACH AIRPORT CA
                                          MONTH:     AUGUST
                                          YEAR:      2015
                                          LATITUDE:   33 49 N
                                          LONGITUDE: 118  9 W

  TEMPERATURE IN F:       :PCPN:    SNOW:  WIND      :SUNSHINE: SKY     :PK WND
================================================================================
1   2   3   4   5  6A  6B    7    8   9   10  11  12  13   14  15   16   17  18
                                     12Z  AVG MX 2MIN
DY MAX MIN AVG DEP HDD CDD  WTR  SNW DPTH SPD SPD DIR MIN PSBL S-S WX    SPD DR
================================================================================

 1  84  69  77   3   0  12 0.00  0.0    0  4.9 13 300   M    M   4 18     15 190
 2  83  69  76   2   0  11 0.00  0.0    0  5.1 14 300   M    M   3        17 200
 3  86  70  78   4   0  13 0.00  0.0    0  5.4 15 300   M    M   3        19 300
 4  90  68  79   5   0  14 0.00  0.0    0  7.6 20 300   M    M   0        23 310
 5  93  69  81   7   0  16 0.00  0.0    0  5.8 17 290   M    M   0        20 290
 6  85  67  76   2   0  11 0.00  0.0    0  4.8 13 300   M    M   1        15 190
 7  78  69  74   0   0   9 0.00  0.0    0  7.1 14 150   M    M   7        18 150
 8  81  67  74   0   0   9 0.00  0.0    0  6.4 16 300   M    M   4        22 290
 9  78  65  72  -2   0   7 0.00  0.0    0  5.4 14 300   M    M   3        19 210
10  80  67  74   0   0   9 0.00  0.0    0  6.4 16 290   M    M   5        20 300
11  81  65  73  -1   0   8 0.00  0.0    0  5.3 15 310   M    M   3         M  M
12  88  65  77   3   0  12 0.00  0.0    0  5.8 18 290   M    M   0        22 310
13  93  69  81   7   0  16 0.00  0.0    0  5.6 20 290   M    M   0        24 300
14  94  69  82   8   0  17 0.00  0.0    0  6.1 17 300   M    M   0        20 300
15  99  69  84  10   0  19 0.00  0.0    0  6.1 16 310   M    M   0 8      19 320
16  96  69  83   9   0  18 0.00  0.0    0  5.0 16 290   M    M   0        19 280
17  80  71  76   2   0  11 0.00  0.0    0  6.9 16 160   M    M   6        23 150
18  80  69  75   1   0  10 0.00  0.0    0  6.9 13 190   M    M   4        18 180
19  80  69  75   1   0  10 0.00  0.0    0  5.3 12 300   M    M   4 8      16 170
20  80  70  75   1   0  10 0.00  0.0    0  6.2 14 300   M    M   5        17 170
21  79  70  75   1   0  10 0.00  0.0    0  4.9 14 210   M    M   6        17 210
22  82  69  76   2   0  11 0.00  0.0    0  5.8 14 300   M    M   5        18 290
23  84  68  76   2   0  11 0.00  0.0    0  4.5 14 180   M    M   3 8      17 180
24  88  70  79   5   0  14 0.00  0.0    0  4.7 12 310   M    M   3 8      18 310
25  85  71  78   4   0  13    T  0.0    0  5.7 14 180   M    M   3        19 180
26  91  73  82   8   0  17 0.00  0.0    0  5.2 15 300   M    M   0 18     21 300
27  94  71  83   9   0  18 0.00  0.0    0  4.4 13 310   M    M   0        16 300
28  96  73  85  11   0  20 0.00  0.0    0  4.5 16 310   M    M   0        20 290
29  95  72  84  10   0  19 0.00  0.0    0  5.6 17 300   M    M   0        22 280
30  87  71  79   5   0  14 0.00  0.0    0  6.2 13 310   M    M   0        17 160
================================================================================
SM 2590 2073         0 389    T      0.0 169.6          M       72
================================================================================
AV 86.3 69.1                               5.7 FASTST   M    M   2    MAX(MPH)
                                 MISC ---->  # 20 300               # 24  300
================================================================================
NOTES:
# LAST OF SEVERAL OCCURRENCES

COLUMN 17 PEAK WIND IN M.P.H.

PRELIMINARY LOCAL CLIMATOLOGICAL DATA (WS FORM: F-6) , PAGE 2

                                          STATION:  LONG BEACH AIRPORT CA
                                          MONTH:    AUGUST
                                          YEAR:     2015
                                          LATITUDE:   33 49 N
                                          LONGITUDE: 118  9 W

[TEMPERATURE DATA]      [PRECIPITATION DATA]       SYMBOLS USED IN COLUMN 16

AVERAGE MONTHLY: 77.7   TOTAL FOR MONTH:      T    1 = FOG OR MIST
DPTR FM NORMAL:   3.7   DPTR FM NORMAL:   -0.03    2 = FOG REDUCING VISIBILITY
HIGHEST:    99 ON 15    GRTST 24HR    T  ON 25-25      TO 1/4 MILE OR LESS
LOWEST:     65 ON 12,11                            3 = THUNDER
                        SNOW, ICE PELLETS, HAIL    4 = ICE PELLETS
                        TOTAL MONTH:   0.0 INCH    5 = HAIL
                        GRTST 24HR     0.0         6 = FREEZING RAIN OR DRIZZLE
                        GRTST DEPTH:   0           7 = DUSTSTORM OR SANDSTORM:
                                                       VSBY 1/2 MILE OR LESS
                                                   8 = SMOKE OR HAZE
[NO. OF DAYS WITH]      [WEATHER - DAYS WITH]      9 = BLOWING SNOW
                                                   X = TORNADO
MAX 32 OR BELOW:   0    0.01 INCH OR MORE:   0
MAX 90 OR ABOVE:  10    0.10 INCH OR MORE:   0
MIN 32 OR BELOW:   0    0.50 INCH OR MORE:   0
MIN  0 OR BELOW:   0    1.00 INCH OR MORE:   0

[HDD (BASE 65) ]
TOTAL THIS MO.     0    CLEAR  (SCALE 0-3)  19
DPTR FM NORMAL     0    PTCLDY (SCALE 4-7)  11
TOTAL FM JUL 1     0    CLOUDY (SCALE 8-10)  0
DPTR FM NORMAL     0

[CDD (BASE 65) ]
TOTAL THIS MO.   389
DPTR FM NORMAL   119    [PRESSURE DATA]
TOTAL FM JAN 1  1187    HIGHEST SLP M ON M
DPTR FM NORMAL   439    LOWEST  SLP 29.75 ON 16

[REMARKS]
